{"id":164,"date":"2019-05-24T08:58:14","date_gmt":"2019-05-24T11:58:14","guid":{"rendered":"https:\/\/exatas.ufpr.br\/teeg\/?page_id=164"},"modified":"2019-06-18T09:52:25","modified_gmt":"2019-06-18T12:52:25","slug":"eventos-de-extensao","status":"publish","type":"page","link":"https:\/\/exatas.ufpr.br\/teeg\/eventos-de-extensao\/","title":{"rendered":"Eventos de Extens\u00e3o"},"content":{"rendered":"<p>&nbsp;<\/p>\n<h4>Cria\u00e7\u00e3o de Identidade Visual para o Projeto de Extens\u00e3o &#8220;Tecnologias e Ensino em Express\u00e3o Gr\u00e1fica&#8221;<\/h4>\n<p>Este evento consiste de um concurso cultural que tem por objetivo propor\u00a0 a cria\u00e7\u00e3o de uma identidade visual para o projeto de extens\u00e3o &#8220;Tecnologias e Ensino em Express\u00e3o Gr\u00e1fica&#8221;<\/p>\n<p><strong>Per\u00edodo do Evento:<\/strong><\/p>\n<p>24 de junho de 2019 &#8211; Sess\u00e3o de abertura<br \/>\n02 e 04 de julho de 2019 &#8211; Desenvolvimento da Proposta<br \/>\n09 de agosto &#8211; Sess\u00e3o de Avalia\u00e7\u00e3o e divulga\u00e7\u00e3o dos resultados<\/p>\n<p><strong>Inscri\u00e7\u00f5es:<\/strong><\/p>\n<p>17 a 23\u00a0de junho de 2019\u00a0Inscreva-se aqui<br \/>\nInscreva-se <a href=\"https:\/\/docs.google.com\/forms\/d\/e\/1FAIpQLSeVqhQBnKeEPmfNuzYA5geApeIBA5F7KgaVO4BqzCUq06mQIw\/viewform?vc=0&amp;c=0&amp;w=1\">aqui<\/a><\/p>\n","protected":false},"excerpt":{"rendered":"<p>&nbsp; Cria\u00e7\u00e3o de Identidade Visual para o Projeto de Extens\u00e3o &#8220;Tecnologias e Ensino em Express\u00e3o Gr\u00e1fica&#8221; Este evento consiste de um concurso cultural que tem por objetivo propor\u00a0 a cria\u00e7\u00e3o de uma identidade visual para o projeto de extens\u00e3o &#8220;Tecnologias&hellip; <\/p>\n","protected":false},"author":3991,"featured_media":0,"parent":0,"menu_order":0,"comment_status":"closed","ping_status":"closed","template":"","meta":{"footnotes":""},"class_list":["post-164","page","type-page","status-publish","hentry"],"_links":{"self":[{"href":"https:\/\/exatas.ufpr.br\/teeg\/wp-json\/wp\/v2\/pages\/164","targetHints":{"allow":["GET"]}}],"collection":[{"href":"https:\/\/exatas.ufpr.br\/teeg\/wp-json\/wp\/v2\/pages"}],"about":[{"href":"https:\/\/exatas.ufpr.br\/teeg\/wp-json\/wp\/v2\/types\/page"}],"author":[{"embeddable":true,"href":"https:\/\/exatas.ufpr.br\/teeg\/wp-json\/wp\/v2\/users\/3991"}],"replies":[{"embeddable":true,"href":"https:\/\/exatas.ufpr.br\/teeg\/wp-json\/wp\/v2\/comments?post=164"}],"version-history":[{"count":9,"href":"https:\/\/exatas.ufpr.br\/teeg\/wp-json\/wp\/v2\/pages\/164\/revisions"}],"predecessor-version":[{"id":177,"href":"https:\/\/exatas.ufpr.br\/teeg\/wp-json\/wp\/v2\/pages\/164\/revisions\/177"}],"wp:attachment":[{"href":"https:\/\/exatas.ufpr.br\/teeg\/wp-json\/wp\/v2\/media?parent=164"}],"curies":[{"name":"wp","href":"https:\/\/api.w.org\/{rel}","templated":true}]}}