{"id":735,"date":"2017-09-01T19:54:56","date_gmt":"2017-09-01T19:54:56","guid":{"rendered":"https:\/\/exatas.ufpr.br\/ppgecm\/?page_id=735"},"modified":"2024-09-04T00:54:39","modified_gmt":"2024-09-04T00:54:39","slug":"maria-das-gracas-cleophas-porto","status":"publish","type":"page","link":"https:\/\/exatas.ufpr.br\/ppgecm\/maria-das-gracas-cleophas-porto\/","title":{"rendered":"MARIA DAS GRA\u00c7AS CLEOPHAS"},"content":{"rendered":"<div class=\"wp-block-image\">\n<figure class=\"alignleft size-large is-resized\"><a href=\"https:\/\/exatas.ufpr.br\/ppgecm\/wp-content\/uploads\/sites\/27\/2019\/06\/MdasGra\u00e7as.jpg\"><img loading=\"lazy\" decoding=\"async\" width=\"577\" height=\"1024\" src=\"https:\/\/exatas.ufpr.br\/ppgecm\/wp-content\/uploads\/sites\/27\/2019\/06\/MdasGra\u00e7as-577x1024.jpg\" alt=\"\" class=\"wp-image-1339\" style=\"width:182px;height:auto\" srcset=\"https:\/\/exatas.ufpr.br\/ppgecm\/wp-content\/uploads\/sites\/27\/2019\/06\/MdasGra\u00e7as-577x1024.jpg 577w, https:\/\/exatas.ufpr.br\/ppgecm\/wp-content\/uploads\/sites\/27\/2019\/06\/MdasGra\u00e7as-169x300.jpg 169w, https:\/\/exatas.ufpr.br\/ppgecm\/wp-content\/uploads\/sites\/27\/2019\/06\/MdasGra\u00e7as.jpg 721w\" sizes=\"auto, (max-width: 577px) 100vw, 577px\" \/><\/a><\/figure><\/div>\n\n\n<p class=\"has-black-color has-text-color has-link-color has-medium-font-size wp-elements-6ccdb6393584e4b67375b327debf6eb6\" style=\"font-style:normal;font-weight:400\">Curr\u00edculo Lattes: <a href=\"http:\/\/lattes.cnpq.br\/3907615898011202\"><mark style=\"background-color:#ffffff;color:#3ea4bb\" class=\"has-inline-color\">http:\/\/lattes.cnpq.br\/3907615898011202<\/mark><\/a><br \/>Contato: <a href=\"mailto:mgcp76@gmail.com\"><mark style=\"background-color:#ffffff;color:#3ea4bb\" class=\"has-inline-color\">mgcp76@gmail.com<\/mark><\/a><\/p>\n\n\n\n<hr class=\"wp-block-separator has-alpha-channel-opacity\" \/>\n\n\n\n<p class=\"has-black-color has-text-color has-link-color has-medium-font-size wp-elements-860c88243ef45269a3a9c52e345ee56d\" style=\"font-style:normal;font-weight:400\">Licenciada em Qu\u00edmica e mestre em F\u00edsico-qu\u00edmica pela Universidade Federal da Para\u00edba (UFPB). Doutora em Ensino das Ci\u00eancias, com \u00eanfase no ensino de Qu\u00edmica, pela UFRPE. Foi coordenadora do Programa de Inicia\u00e7\u00e3o \u00e0 Doc\u00eancia &#8211; PIBID e contribuiu administrativamente atuando como vice coordenadora do curso de Licenciatura em Ci\u00eancias da Natureza na Universidade Federal do Vale do S\u00e3o Francisco (UNIVASF). Atualmente \u00e9 professora da Universidade Federal da Integra\u00e7\u00e3o Latino-Americana (UNILA). Tem experi\u00eancia no ensino de Qu\u00edmica, atuando principalmente nas seguintes linhas de pesquisa: Desenvolvimento de atividades l\u00fadicas para o ensino e aprendizagem das Ci\u00eancias Naturais; Hist\u00f3ria da Qu\u00edmica; Tecnologias da Informa\u00e7\u00e3o e Comunica\u00e7\u00e3o (TIC) no ensino de Ci\u00eancias; Uso de m-learning como estrat\u00e9gia de ensino da Qu\u00edmica; Forma\u00e7\u00e3o de Professores de Ci\u00eancias e Estrat\u00e9gias Metacognitivas. \u00c9 Membro da Rede Latino-Americana de Pesquisa em Educa\u00e7\u00e3o Qu\u00edmica ReLAPEQ, editora da revista Educa\u00e7\u00e3o Qu\u00edmica en Punto de Vista e da Revista Eletr\u00f4nica Ludus Scientiae (RELuS).<\/p>\n\n\n\n<hr class=\"wp-block-separator has-alpha-channel-opacity\" \/>\n\n\n\n<p class=\"has-black-color has-text-color has-link-color wp-elements-f22da74e97815740a78d0b16dc0784c1\" style=\"font-size:25px\"><strong>Linhas de pesquisa<\/strong><\/p>\n\n\n\n<p class=\"has-black-color has-text-color has-link-color has-medium-font-size wp-elements-a27496b3199b9d13b9b499f121659ff2\" style=\"font-style:normal;font-weight:300\"><strong>3<\/strong> &#8211; Transversalidade na Educa\u00e7\u00e3o em Ci\u00eancias e em Matem\u00e1tica<\/p>\n\n\n\n<hr class=\"wp-block-separator has-alpha-channel-opacity\" \/>\n\n\n\n<p class=\"has-black-color has-text-color has-link-color wp-elements-c96c07d331437713421fe83040d19293\" style=\"font-size:25px\"><strong>Interesses de pesquisa<\/strong><\/p>\n\n\n\n<p class=\"has-black-color has-text-color has-link-color has-medium-font-size wp-elements-6f592125fa13c792f407de64e1e1b4b1\" style=\"font-style:normal;font-weight:300\">&#8211; Didatiza\u00e7\u00e3o l\u00fadica no ensino de Ci\u00eancias\/Qu\u00edmica (aspectos te\u00f3rico-epistemol\u00f3gicos);<br \/>&#8211; Constru\u00e7\u00e3o de materiais l\u00fadico-did\u00e1ticos para o ensino de Ci\u00eancias\/Qu\u00edmica;<br \/>&#8211;\u00a0Metacogni\u00e7\u00e3o no ensino e aprendizagem das ci\u00eancias\/Qu\u00edmica;<br \/>&#8211;\u00a0Metodologias ativas e ensino de ci\u00eancias na Educa\u00e7\u00e3o B\u00e1sica e no Ensino Superior;<br \/>&#8211;\u00a0Uso de tecnologias na Educa\u00e7\u00e3o (Aprendizagem m\u00f3vel; Fundamentos te\u00f3ricos e epistemol\u00f3gicos de integra\u00e7\u00e3o de tecnologias digitais na educa\u00e7\u00e3o em Ci\u00eancias; Constru\u00e7\u00e3o de ferramentas digitais para o ensino de Qu\u00edmica).<br \/>&#8211;\u00a0Educa\u00e7\u00e3o cient\u00edfica para crian\u00e7as;<br \/>&#8211;\u00a0Abordagem STEAM (Ci\u00eancia, Tecnologia, Engenharia, Artes e Matem\u00e1tica).<\/p>\n\n\n\n<hr class=\"wp-block-separator has-alpha-channel-opacity\" \/>\n\n\n\n<p class=\"has-black-color has-text-color has-link-color wp-elements-8fe486efb2386860956181d9c5a33a63\" style=\"font-size:25px\"><strong>Projetos de Pesquisa<\/strong><\/p>\n\n\n\n<p class=\"has-black-color has-text-color has-link-color has-medium-font-size wp-elements-7ce8a57e242709271fad7e302c8e37df\" style=\"text-transform:uppercase\"><strong>1. Barragem L\u00fadica<\/strong><\/p>\n\n\n\n<p class=\"has-black-color has-text-color has-link-color has-medium-font-size wp-elements-4704a45f14406b8fde50e6c5eb7ec425\" style=\"font-style:normal;font-weight:300\">Descri\u00e7\u00e3o: Este projeto consiste em elaborar materiais l\u00fadico-did\u00e1ticos com base na metodologia STEAM (Ci\u00eancia, Tecnologia, Engenharia, Arte e Matem\u00e1tica). A ideia central consiste em produzir diferentes estrat\u00e9gias l\u00fadicas, tais como jogos, \u00e1lbum de figurinhas, aplicativos, etc., que possam ser utilizados na Educa\u00e7\u00e3o B\u00e1sica, tanto por professores quanto por alunos. Os materiais produzidos atuar\u00e3o como estrat\u00e9gias pedag\u00f3gicas que servir\u00e3o de ferramentas facilitadoras para o processo de apropria\u00e7\u00e3o de conhecimentos sobre a tem\u00e1tica cient\u00edfica, em especial, sobre temas relacionados \u00e0 \u00e1gua e energia, de forma interdisciplinar e transversal, contribuindo assim, com a melhoria da qualidade da Educa\u00e7\u00e3o da regi\u00e3o de Foz do Igua\u00e7u e outros munic\u00edpios.<\/p>\n\n\n\n<div style=\"height:50px\" aria-hidden=\"true\" class=\"wp-block-spacer\"><\/div>\n\n\n\n<p class=\"has-black-color has-text-color has-link-color has-medium-font-size wp-elements-744b4b502622076656c21613d57b2e6d\" style=\"font-style:normal;font-weight:300\"><strong><br \/>2. CONSTRU\u00c7\u00c3O DE MATERIAIS L\u00daDICO-DID\u00c1TICOS PARA O ENSINO DE CI\u00caNCIAS<\/strong><\/p>\n\n\n\n<p class=\"has-black-color has-text-color has-link-color has-medium-font-size wp-elements-f80cb15f5f0995cd22a04137921c1f01\" style=\"font-style:normal;font-weight:300\">Descri\u00e7\u00e3o: Este projeto de pesquisa visa desenvolver materiais did\u00e1ticos com caracter\u00edsticas l\u00fadico-educativas que possam ser utilizados como recursos metodol\u00f3gicos perante o ensino de Qu\u00edmica.<\/p>\n","protected":false},"excerpt":{"rendered":"<p>Curr\u00edculo Lattes: http:\/\/lattes.cnpq.br\/3907615898011202Contato: mgcp76@gmail.com Licenciada em Qu\u00edmica e mestre em F\u00edsico-qu\u00edmica pela Universidade Federal da Para\u00edba (UFPB). Doutora em Ensino das Ci\u00eancias, com \u00eanfase no ensino de Qu\u00edmica, pela UFRPE. Foi coordenadora do Programa de Inicia\u00e7\u00e3o \u00e0 Doc\u00eancia &#8211; PIBID&hellip; <\/p>\n","protected":false},"author":13,"featured_media":0,"parent":0,"menu_order":0,"comment_status":"closed","ping_status":"closed","template":"","meta":{"footnotes":""},"class_list":["post-735","page","type-page","status-publish","hentry"],"_links":{"self":[{"href":"https:\/\/exatas.ufpr.br\/ppgecm\/wp-json\/wp\/v2\/pages\/735","targetHints":{"allow":["GET"]}}],"collection":[{"href":"https:\/\/exatas.ufpr.br\/ppgecm\/wp-json\/wp\/v2\/pages"}],"about":[{"href":"https:\/\/exatas.ufpr.br\/ppgecm\/wp-json\/wp\/v2\/types\/page"}],"author":[{"embeddable":true,"href":"https:\/\/exatas.ufpr.br\/ppgecm\/wp-json\/wp\/v2\/users\/13"}],"replies":[{"embeddable":true,"href":"https:\/\/exatas.ufpr.br\/ppgecm\/wp-json\/wp\/v2\/comments?post=735"}],"version-history":[{"count":12,"href":"https:\/\/exatas.ufpr.br\/ppgecm\/wp-json\/wp\/v2\/pages\/735\/revisions"}],"predecessor-version":[{"id":3561,"href":"https:\/\/exatas.ufpr.br\/ppgecm\/wp-json\/wp\/v2\/pages\/735\/revisions\/3561"}],"wp:attachment":[{"href":"https:\/\/exatas.ufpr.br\/ppgecm\/wp-json\/wp\/v2\/media?parent=735"}],"curies":[{"name":"wp","href":"https:\/\/api.w.org\/{rel}","templated":true}]}}