{"id":4279,"date":"2025-08-01T14:32:35","date_gmt":"2025-08-01T14:32:35","guid":{"rendered":"https:\/\/exatas.ufpr.br\/ppgecm\/?page_id=4279"},"modified":"2025-08-13T18:28:16","modified_gmt":"2025-08-13T18:28:16","slug":"mara-fernanda-parisoto","status":"publish","type":"page","link":"https:\/\/exatas.ufpr.br\/ppgecm\/mara-fernanda-parisoto\/","title":{"rendered":"MARA FERNANDA PARISOTO"},"content":{"rendered":"\n<figure class=\"wp-block-image size-full is-resized\"><a href=\"https:\/\/exatas.ufpr.br\/ppgecm\/wp-content\/uploads\/sites\/27\/2025\/08\/Mara-1.jpg\"><img loading=\"lazy\" decoding=\"async\" width=\"640\" height=\"469\" src=\"https:\/\/exatas.ufpr.br\/ppgecm\/wp-content\/uploads\/sites\/27\/2025\/08\/Mara-1.jpg\" alt=\"\" class=\"wp-image-4432\" style=\"width:371px;height:auto\" srcset=\"https:\/\/exatas.ufpr.br\/ppgecm\/wp-content\/uploads\/sites\/27\/2025\/08\/Mara-1.jpg 640w, https:\/\/exatas.ufpr.br\/ppgecm\/wp-content\/uploads\/sites\/27\/2025\/08\/Mara-1-300x220.jpg 300w\" sizes=\"auto, (max-width: 640px) 100vw, 640px\" \/><\/a><\/figure>\n\n\n\n<p class=\"has-black-color has-text-color has-link-color has-medium-font-size wp-elements-e062f0783129ee755b494ef365f4d15c\">Curr\u00edculo Lattes:&nbsp;<a href=\"http:\/\/lattes.cnpq.br\/0244205065497051\">http:\/\/lattes.cnpq.br\/0244205065497051<\/a><\/p>\n\n\n\n<p class=\"has-black-color has-text-color has-link-color has-medium-font-size wp-elements-534c90f1d399a12dd6a25256e6fb79a6\">Contato:&nbsp;mara.parisoto@ufpr.br<\/p>\n\n\n\n<hr class=\"wp-block-separator has-alpha-channel-opacity\" \/>\n\n\n\n<p class=\"has-text-align-left has-black-color has-text-color has-link-color has-medium-font-size wp-elements-ee7e59e3badb903936d75e868e1121d1\" style=\"font-style:normal;font-weight:400\">Licenciada em F\u00edsica pela Universidade Comunit\u00e1ria de Chapec\u00f3, Mestrado e Doutorado em Ensino de F\u00edsica pela Universidade Federal do Rio Grande do Sul. Atualmente professora Adjunta da Universidade Federal do Paran\u00e1- Campus Palotina, na qual atuo na gradua\u00e7\u00e3o e no Mestrado Acad\u00eamico em Ensino de Ci\u00eancias. Atuo tamb\u00e9m no Mestrado Profissional em Ensino de F\u00edsica em Medianeira. Trabalho na forma\u00e7\u00e3o inicial e continuada de professores, divulga\u00e7\u00e3o cient\u00edfica e tecnol\u00f3gica, ensino n\u00e3o formal, redu\u00e7\u00e3o de evas\u00e3o e reten\u00e7\u00e3o nos cursos de Ci\u00eancias Exatas e aumento da procura por esses cursos, especialmente por mulheres. Pesquiso e ministro cursos com foco em metodologias ativas, principalmente utilizando estudos da neuroci\u00eancia aplicada a educa\u00e7\u00e3o.<\/p>\n\n\n\n<hr class=\"wp-block-separator has-alpha-channel-opacity\" \/>\n\n\n\n<p class=\"has-black-color has-text-color has-link-color wp-elements-06c8dae62e943c48006a8bec47ea5d6e\" style=\"font-size:25px\"><strong>Linhas de Pesquisa<\/strong><\/p>\n\n\n\n<p class=\"has-black-color has-text-color has-link-color has-medium-font-size wp-elements-b2c3b7c2f10014f288af8b58b1f8d13b\" style=\"font-style:normal;font-weight:300\"><strong>2<\/strong> &#8211; Ensino e Aprendizagem de Ci\u00eancias e Matem\u00e1tica<\/p>\n\n\n\n<hr class=\"wp-block-separator has-alpha-channel-opacity\" \/>\n\n\n\n<p class=\"has-black-color has-text-color has-link-color wp-elements-c96c07d331437713421fe83040d19293\" style=\"font-size:25px\"><strong>Interesses de pesquisa<\/strong><\/p>\n\n\n\n<ul class=\"wp-block-list\">\n<li class=\"has-medium-font-size\">Mulheres nas Ci\u00eancias<\/li>\n\n\n\n<li class=\"has-medium-font-size\">Metodologias Ativas<\/li>\n\n\n\n<li class=\"has-medium-font-size\">Ensino e aprendizagem de F\u00edsica<\/li>\n\n\n\n<li class=\"has-medium-font-size\">ensino n\u00e3o formal<\/li>\n\n\n\n<li class=\"has-medium-font-size\">artes e ci\u00eancias<\/li>\n\n\n\n<li class=\"has-medium-font-size\">evas\u00e3o<\/li>\n\n\n\n<li class=\"has-medium-font-size\">neuroci\u00eancia aplicada a educa\u00e7\u00e3o<\/li>\n\n\n\n<li class=\"has-medium-font-size\">emo\u00e7\u00e3o e ensino<\/li>\n\n\n\n<li class=\"has-medium-font-size\">divulga\u00e7\u00e3o cientifica<\/li>\n\n\n\n<li class=\"has-medium-font-size\">ensino de astronomia<\/li>\n\n\n\n<li class=\"has-medium-font-size\">minifoguetes<\/li>\n\n\n\n<li class=\"has-medium-font-size\">ensino de ci\u00eancias em penitenci\u00e1rias<\/li>\n\n\n\n<li class=\"has-medium-font-size\">cursinho pr\u00e9-vestibular<\/li>\n\n\n\n<li class=\"has-medium-font-size\">Universidade Aberta\u00a0da\u00a0Maturidade.<\/li>\n<\/ul>\n\n\n\n<hr class=\"wp-block-separator has-alpha-channel-opacity\" \/>\n\n\n\n<p class=\"has-black-color has-text-color has-link-color wp-elements-f9b797611deffb7efb8f82a4c5ef47f2\" style=\"font-size:25px\"><strong>Projetos de pesquisa<\/strong><\/p>\n\n\n\n<ol class=\"wp-block-list\">\n<li class=\"has-medium-font-size\">An\u00e1lise e Desenvolvimento de Metodologias e Ferramentas para reduzir as taxas de evas\u00e3o e reten\u00e7\u00e3o e aumento de alunos nos cursos na \u00e1rea das Ci\u00eancias Exatas;<\/li>\n\n\n\n<li class=\"has-medium-font-size\">Abordagens Te\u00f3rico-Metodol\u00f3gicas de Pr\u00e1tica e Pesquisa na Educa\u00e7\u00e3o em Ci\u00eancias e Educa\u00e7\u00e3o Matem\u00e1tica;<\/li>\n\n\n\n<li class=\"has-medium-font-size\">Evas\u00e3o, ensino, aprendizagem e a\u00e7\u00f5es institucionais decorrentes da pandemia de Covid-19: um estudo comparativo em cursos de forma\u00e7\u00e3o de professores de ci\u00eancias da natureza e matem\u00e1tica;<\/li>\n\n\n\n<li class=\"has-medium-font-size\">Rocket Girls: meninas na Astronomia e na Astron\u00e1utica.<\/li>\n<\/ol>\n","protected":false},"excerpt":{"rendered":"<p>Curr\u00edculo Lattes:&nbsp;http:\/\/lattes.cnpq.br\/0244205065497051 Contato:&nbsp;mara.parisoto@ufpr.br Licenciada em F\u00edsica pela Universidade Comunit\u00e1ria de Chapec\u00f3, Mestrado e Doutorado em Ensino de F\u00edsica pela Universidade Federal do Rio Grande do Sul. Atualmente professora Adjunta da Universidade Federal do Paran\u00e1- Campus Palotina, na qual atuo na&hellip; <\/p>\n","protected":false},"author":3978,"featured_media":0,"parent":0,"menu_order":0,"comment_status":"closed","ping_status":"closed","template":"","meta":{"footnotes":""},"class_list":["post-4279","page","type-page","status-publish","hentry"],"_links":{"self":[{"href":"https:\/\/exatas.ufpr.br\/ppgecm\/wp-json\/wp\/v2\/pages\/4279","targetHints":{"allow":["GET"]}}],"collection":[{"href":"https:\/\/exatas.ufpr.br\/ppgecm\/wp-json\/wp\/v2\/pages"}],"about":[{"href":"https:\/\/exatas.ufpr.br\/ppgecm\/wp-json\/wp\/v2\/types\/page"}],"author":[{"embeddable":true,"href":"https:\/\/exatas.ufpr.br\/ppgecm\/wp-json\/wp\/v2\/users\/3978"}],"replies":[{"embeddable":true,"href":"https:\/\/exatas.ufpr.br\/ppgecm\/wp-json\/wp\/v2\/comments?post=4279"}],"version-history":[{"count":4,"href":"https:\/\/exatas.ufpr.br\/ppgecm\/wp-json\/wp\/v2\/pages\/4279\/revisions"}],"predecessor-version":[{"id":4433,"href":"https:\/\/exatas.ufpr.br\/ppgecm\/wp-json\/wp\/v2\/pages\/4279\/revisions\/4433"}],"wp:attachment":[{"href":"https:\/\/exatas.ufpr.br\/ppgecm\/wp-json\/wp\/v2\/media?parent=4279"}],"curies":[{"name":"wp","href":"https:\/\/api.w.org\/{rel}","templated":true}]}}