{"id":4270,"date":"2025-08-01T14:31:34","date_gmt":"2025-08-01T14:31:34","guid":{"rendered":"https:\/\/exatas.ufpr.br\/ppgecm\/?page_id=4270"},"modified":"2025-08-13T18:18:10","modified_gmt":"2025-08-13T18:18:10","slug":"danilene-gullich-donin-berticelli","status":"publish","type":"page","link":"https:\/\/exatas.ufpr.br\/ppgecm\/danilene-gullich-donin-berticelli\/","title":{"rendered":"DANILENE GULLICH DONIN BERTICELLI"},"content":{"rendered":"\n<figure class=\"wp-block-image size-full is-resized\"><a href=\"https:\/\/exatas.ufpr.br\/ppgecm\/wp-content\/uploads\/sites\/27\/2025\/08\/Danilene-1.jpg\"><img loading=\"lazy\" decoding=\"async\" width=\"1158\" height=\"1600\" src=\"https:\/\/exatas.ufpr.br\/ppgecm\/wp-content\/uploads\/sites\/27\/2025\/08\/Danilene-1.jpg\" alt=\"\" class=\"wp-image-4416\" style=\"width:229px;height:auto\" srcset=\"https:\/\/exatas.ufpr.br\/ppgecm\/wp-content\/uploads\/sites\/27\/2025\/08\/Danilene-1.jpg 1158w, https:\/\/exatas.ufpr.br\/ppgecm\/wp-content\/uploads\/sites\/27\/2025\/08\/Danilene-1-217x300.jpg 217w, https:\/\/exatas.ufpr.br\/ppgecm\/wp-content\/uploads\/sites\/27\/2025\/08\/Danilene-1-741x1024.jpg 741w, https:\/\/exatas.ufpr.br\/ppgecm\/wp-content\/uploads\/sites\/27\/2025\/08\/Danilene-1-768x1061.jpg 768w, https:\/\/exatas.ufpr.br\/ppgecm\/wp-content\/uploads\/sites\/27\/2025\/08\/Danilene-1-1112x1536.jpg 1112w\" sizes=\"auto, (max-width: 1158px) 100vw, 1158px\" \/><\/a><\/figure>\n\n\n\n<p class=\"has-black-color has-text-color has-link-color has-medium-font-size wp-elements-6258f0f1698a592a7c2cf7e54527ffc1\">Curr\u00edculo Lattes:&nbsp;<a href=\"http:\/\/lattes.cnpq.br\/4202253939821084\">http:\/\/lattes.cnpq.br\/4202253939821084<\/a><\/p>\n\n\n\n<p class=\"has-black-color has-text-color has-link-color has-medium-font-size wp-elements-da291fd4279e2ce9d1b8098d469d3ac8\">Contato: danilene@ufpr.br&nbsp;<\/p>\n\n\n\n<hr class=\"wp-block-separator has-alpha-channel-opacity\" \/>\n\n\n\n<p class=\"has-text-align-left has-black-color has-text-color has-link-color has-medium-font-size wp-elements-6a2a3c9b93a37023d79ce00802aa7cf5\" style=\"font-style:normal;font-weight:400\">Docente no curso de Licenciatura em Ci\u00eancias Exatas e no Programa de P\u00f3s-gradua\u00e7\u00e3o em Educa\u00e7\u00e3o em Ci\u00eancias, Educa\u00e7\u00e3o Matem\u00e1tica e Tecnologias Educativas da Universidade Federal do Paran\u00e1 &#8211; Setor Palotina. \u00c9 Doutora em Educa\u00e7\u00e3o pelo Programa de P\u00f3s-Gradua\u00e7\u00e3o em Educa\u00e7\u00e3o Stricto Sensu da PUC-PR (2017). P\u00f3s-doutora pela Universidade Federal de S\u00e3o Paulo, com parte dos estudos realizados no Teachers College &#8211; Columiba University em Nova York (2022). Possui mestrado em Educa\u00e7\u00e3o pelo Programa de P\u00f3s-Gradua\u00e7\u00e3o em Educa\u00e7\u00e3o Stricto Sensu da PUC-PR (2012). Possui gradua\u00e7\u00e3o em Ci\u00eancias &#8211; Licenciatura Plena em Matem\u00e1tica pela Universidade Paranaense (2000). Realiza pesquisas e cursos de forma\u00e7\u00e3o de professores sobre a Hist\u00f3ria da educa\u00e7\u00e3o matem\u00e1tica, com foco no ensino de c\u00e1lculo mental.<\/p>\n\n\n\n<p><\/p>\n\n\n\n<hr class=\"wp-block-separator has-alpha-channel-opacity\" \/>\n\n\n\n<p class=\"has-black-color has-text-color has-link-color wp-elements-06c8dae62e943c48006a8bec47ea5d6e\" style=\"font-size:25px\"><strong>Linhas de Pesquisa<\/strong><\/p>\n\n\n\n<p class=\"has-black-color has-text-color has-link-color has-medium-font-size wp-elements-b2c3b7c2f10014f288af8b58b1f8d13b\" style=\"font-style:normal;font-weight:300\"><strong>2<\/strong> &#8211; Ensino e Aprendizagem de Ci\u00eancias e Matem\u00e1tica<\/p>\n\n\n\n<hr class=\"wp-block-separator has-alpha-channel-opacity\" \/>\n\n\n\n<p class=\"has-black-color has-text-color has-link-color wp-elements-c96c07d331437713421fe83040d19293\" style=\"font-size:25px\"><strong>Interesses de pesquisa<\/strong><\/p>\n\n\n\n<p class=\"has-black-color has-text-color has-link-color has-medium-font-size wp-elements-cb1bf1cd7fa130559ac2c01f9d1a3ca3\" style=\"font-style:normal;font-weight:300\">&#8211; Ensino e aprendizagem de c\u00e1lculo mental, <\/p>\n\n\n\n<p class=\"has-black-color has-text-color has-link-color has-medium-font-size wp-elements-b61423360d99ad49064a273ba9d3015b\" style=\"font-style:normal;font-weight:300\">&#8211; Forma\u00e7\u00e3o de professores que ensinam&nbsp;matem\u00e1tica.<\/p>\n\n\n\n<hr class=\"wp-block-separator has-alpha-channel-opacity\" \/>\n\n\n\n<p class=\"has-black-color has-text-color has-link-color wp-elements-f9b797611deffb7efb8f82a4c5ef47f2\" style=\"font-size:25px\"><strong>Projetos de pesquisa<\/strong><\/p>\n\n\n\n<ol class=\"wp-block-list\">\n<li class=\"has-medium-font-size\">Aprimorando o C\u00e1lculo Mental no Ensino Fundamental I<\/li>\n\n\n\n<li class=\"has-medium-font-size\">Investiga\u00e7\u00f5es hist\u00f3ricas, filos\u00f3ficas e sociol\u00f3gicas da Educa\u00e7\u00e3o e Ci\u00eancias e da Educa\u00e7\u00e3o Matem\u00e1tica<\/li>\n\n\n\n<li class=\"has-medium-font-size\">O c\u00e1lculo mental em fontes documentais &#8211; 1971-2010<\/li>\n\n\n\n<li class=\"has-medium-font-size\">Transfer\u00eancia de Tecnologias e M\u00e9todos Ensino Educacionais em Ci\u00eancias e Matem\u00e1tica<\/li>\n<\/ol>\n\n\n\n<p><\/p>\n","protected":false},"excerpt":{"rendered":"<p>Curr\u00edculo Lattes:&nbsp;http:\/\/lattes.cnpq.br\/4202253939821084 Contato: danilene@ufpr.br&nbsp; Docente no curso de Licenciatura em Ci\u00eancias Exatas e no Programa de P\u00f3s-gradua\u00e7\u00e3o em Educa\u00e7\u00e3o em Ci\u00eancias, Educa\u00e7\u00e3o Matem\u00e1tica e Tecnologias Educativas da Universidade Federal do Paran\u00e1 &#8211; Setor Palotina. \u00c9 Doutora em Educa\u00e7\u00e3o pelo Programa&hellip; <\/p>\n","protected":false},"author":3978,"featured_media":0,"parent":0,"menu_order":0,"comment_status":"closed","ping_status":"closed","template":"","meta":{"footnotes":""},"class_list":["post-4270","page","type-page","status-publish","hentry"],"_links":{"self":[{"href":"https:\/\/exatas.ufpr.br\/ppgecm\/wp-json\/wp\/v2\/pages\/4270","targetHints":{"allow":["GET"]}}],"collection":[{"href":"https:\/\/exatas.ufpr.br\/ppgecm\/wp-json\/wp\/v2\/pages"}],"about":[{"href":"https:\/\/exatas.ufpr.br\/ppgecm\/wp-json\/wp\/v2\/types\/page"}],"author":[{"embeddable":true,"href":"https:\/\/exatas.ufpr.br\/ppgecm\/wp-json\/wp\/v2\/users\/3978"}],"replies":[{"embeddable":true,"href":"https:\/\/exatas.ufpr.br\/ppgecm\/wp-json\/wp\/v2\/comments?post=4270"}],"version-history":[{"count":5,"href":"https:\/\/exatas.ufpr.br\/ppgecm\/wp-json\/wp\/v2\/pages\/4270\/revisions"}],"predecessor-version":[{"id":4418,"href":"https:\/\/exatas.ufpr.br\/ppgecm\/wp-json\/wp\/v2\/pages\/4270\/revisions\/4418"}],"wp:attachment":[{"href":"https:\/\/exatas.ufpr.br\/ppgecm\/wp-json\/wp\/v2\/media?parent=4270"}],"curies":[{"name":"wp","href":"https:\/\/api.w.org\/{rel}","templated":true}]}}

<figure class="wp-block-image size-full is-resized"><a href="https://exatas.ufpr.br/ppgecm/wp-content/uploads/sites/27/2025/08/Danilene-1.jpg"><img loading="lazy" decoding="async" width="1158" height="1600" src="https://exatas.ufpr.br/ppgecm/wp-content/uploads/sites/27/2025/08/Danilene-1.jpg" alt="" class="wp-image-4416" style="width:229px;height:auto" srcset="https://exatas.ufpr.br/ppgecm/wp-content/uploads/sites/27/2025/08/Danilene-1.jpg 1158w, https://exatas.ufpr.br/ppgecm/wp-content/uploads/sites/27/2025/08/Danilene-1-217x300.jpg 217w, https://exatas.ufpr.br/ppgecm/wp-content/uploads/sites/27/2025/08/Danilene-1-741x1024.jpg 741w, https://exatas.ufpr.br/ppgecm/wp-content/uploads/sites/27/2025/08/Danilene-1-768x1061.jpg 768w, https://exatas.ufpr.br/ppgecm/wp-content/uploads/sites/27/2025/08/Danilene-1-1112x1536.jpg 1112w" sizes="auto, (max-width: 1158px) 100vw, 1158px" /></a></figure>



<p class="has-black-color has-text-color has-link-color has-medium-font-size wp-elements-6258f0f1698a592a7c2cf7e54527ffc1">Currículo Lattes:&nbsp;<a href="http://lattes.cnpq.br/4202253939821084">http://lattes.cnpq.br/4202253939821084</a></p>



<p class="has-black-color has-text-color has-link-color has-medium-font-size wp-elements-da291fd4279e2ce9d1b8098d469d3ac8">Contato: danilene@ufpr.br&nbsp;</p>



<hr class="wp-block-separator has-alpha-channel-opacity" />



<p class="has-text-align-left has-black-color has-text-color has-link-color has-medium-font-size wp-elements-6a2a3c9b93a37023d79ce00802aa7cf5" style="font-style:normal;font-weight:400">Docente no curso de Licenciatura em Ciências Exatas e no Programa de Pós-graduação em Educação em Ciências, Educação Matemática e Tecnologias Educativas da Universidade Federal do Paraná &#8211; Setor Palotina. É Doutora em Educação pelo Programa de Pós-Graduação em Educação Stricto Sensu da PUC-PR (2017). Pós-doutora pela Universidade Federal de São Paulo, com parte dos estudos realizados no Teachers College &#8211; Columiba University em Nova York (2022). Possui mestrado em Educação pelo Programa de Pós-Graduação em Educação Stricto Sensu da PUC-PR (2012). Possui graduação em Ciências &#8211; Licenciatura Plena em Matemática pela Universidade Paranaense (2000). Realiza pesquisas e cursos de formação de professores sobre a História da educação matemática, com foco no ensino de cálculo mental.</p>



<p></p>



<hr class="wp-block-separator has-alpha-channel-opacity" />



<p class="has-black-color has-text-color has-link-color wp-elements-06c8dae62e943c48006a8bec47ea5d6e" style="font-size:25px"><strong>Linhas de Pesquisa</strong></p>



<p class="has-black-color has-text-color has-link-color has-medium-font-size wp-elements-b2c3b7c2f10014f288af8b58b1f8d13b" style="font-style:normal;font-weight:300"><strong>2</strong> &#8211; Ensino e Aprendizagem de Ciências e Matemática</p>



<hr class="wp-block-separator has-alpha-channel-opacity" />



<p class="has-black-color has-text-color has-link-color wp-elements-c96c07d331437713421fe83040d19293" style="font-size:25px"><strong>Interesses de pesquisa</strong></p>



<p class="has-black-color has-text-color has-link-color has-medium-font-size wp-elements-cb1bf1cd7fa130559ac2c01f9d1a3ca3" style="font-style:normal;font-weight:300">&#8211; Ensino e aprendizagem de cálculo mental, </p>



<p class="has-black-color has-text-color has-link-color has-medium-font-size wp-elements-b61423360d99ad49064a273ba9d3015b" style="font-style:normal;font-weight:300">&#8211; Formação de professores que ensinam&nbsp;matemática.</p>



<hr class="wp-block-separator has-alpha-channel-opacity" />



<p class="has-black-color has-text-color has-link-color wp-elements-f9b797611deffb7efb8f82a4c5ef47f2" style="font-size:25px"><strong>Projetos de pesquisa</strong></p>



<ol class="wp-block-list">
<li class="has-medium-font-size">Aprimorando o Cálculo Mental no Ensino Fundamental I</li>



<li class="has-medium-font-size">Investigações históricas, filosóficas e sociológicas da Educação e Ciências e da Educação Matemática</li>



<li class="has-medium-font-size">O cálculo mental em fontes documentais &#8211; 1971-2010</li>



<li class="has-medium-font-size">Transferência de Tecnologias e Métodos Ensino Educacionais em Ciências e Matemática</li>
</ol>



<p></p>

<p>Currículo Lattes:&nbsp;http://lattes.cnpq.br/4202253939821084 Contato: danilene@ufpr.br&nbsp; Docente no curso de Licenciatura em Ciências Exatas e no Programa de Pós-graduação em Educação em Ciências, Educação Matemática e Tecnologias Educativas da Universidade Federal do Paraná &#8211; Setor Palotina. É Doutora em Educação pelo Programa&hellip; </p>
