{"id":3488,"date":"2024-08-29T18:08:13","date_gmt":"2024-08-29T18:08:13","guid":{"rendered":"https:\/\/exatas.ufpr.br\/ppgecm\/?page_id=3488"},"modified":"2024-09-05T23:13:40","modified_gmt":"2024-09-05T23:13:40","slug":"roberta-chiesa-bartelmebs","status":"publish","type":"page","link":"https:\/\/exatas.ufpr.br\/ppgecm\/roberta-chiesa-bartelmebs\/","title":{"rendered":"ROBERTA CHIESA BARTELMEBS"},"content":{"rendered":"<div class=\"wp-block-image\">\n<figure class=\"alignleft size-full is-resized\"><a href=\"https:\/\/exatas.ufpr.br\/ppgecm\/wp-content\/uploads\/sites\/27\/2024\/08\/image-2.png\"><img loading=\"lazy\" decoding=\"async\" width=\"286\" height=\"261\" src=\"https:\/\/exatas.ufpr.br\/ppgecm\/wp-content\/uploads\/sites\/27\/2024\/08\/image-2.png\" alt=\"\" class=\"wp-image-3489\" style=\"width:287px;height:auto\" \/><\/a><\/figure><\/div>\n\n\n<p class=\"has-black-color has-text-color has-link-color has-medium-font-size wp-elements-59df6702f7f5d4ba75430c82c563c161\" style=\"font-style:normal;font-weight:300\">Curr\u00edculo Lattes: <a href=\"http:\/\/lattes.cnpq.br\/9317595909137662\"><mark style=\"background-color:#ffffff;color:#3ea4bb\" class=\"has-inline-color\">http:\/\/lattes.cnpq.br\/9317595909137662<\/mark><\/a><br \/>Contato: <a href=\"mailto:roberta.bartelmebs@ufpr.br\"><mark style=\"background-color:#ffffff;color:#3ea4bb\" class=\"has-inline-color\">roberta.bartelmebs@ufpr.br<\/mark><\/a><\/p>\n\n\n\n<hr class=\"wp-block-separator has-alpha-channel-opacity\" \/>\n\n\n\n<p class=\"has-black-color has-text-color has-link-color has-medium-font-size wp-elements-07b6ca4bc1133948c919e002b057c5c7\" style=\"font-style:normal;font-weight:300\">Licenciada em Pedagogia pela Universidade de Passo Fundo, Mestre em Educa\u00e7\u00e3o em Ci\u00eancias pela Universidade Federal do Rio Grande e Doutora em Educa\u00e7\u00e3o em Ci\u00eancias e Matem\u00e1tica pela Pont\u00edf\u00edcia Universidade Cat\u00f3lica do Rio Grande do Sul.<\/p>\n\n\n\n<hr class=\"wp-block-separator has-alpha-channel-opacity\" \/>\n\n\n\n<p class=\"has-black-color has-text-color has-link-color wp-elements-f22da74e97815740a78d0b16dc0784c1\" style=\"font-size:25px\"><strong>Linhas de pesquisa<\/strong><\/p>\n\n\n\n<p class=\"has-black-color has-text-color has-link-color has-medium-font-size wp-elements-be710a57b25e67192c0d25a9e7d0994f\" style=\"font-style:normal;font-weight:300\"><strong>2<\/strong> &#8211; Ensino e Aprendizagem em Ci\u00eancias e Matem\u00e1tica<\/p>\n\n\n\n<hr class=\"wp-block-separator has-alpha-channel-opacity\" \/>\n\n\n\n<p class=\"has-black-color has-text-color has-link-color wp-elements-c96c07d331437713421fe83040d19293\" style=\"font-size:25px\"><strong>Interesses de pesquisa<\/strong><\/p>\n\n\n\n<p class=\"has-black-color has-text-color has-link-color has-medium-font-size wp-elements-798a3a56ee8d2d199053957b009657b6\" style=\"font-style:normal;font-weight:300\">&#8211; Educa\u00e7\u00e3o em Astronomia <br \/>&#8211; Filosofia da Ci\u00eancia <br \/>&#8211; Hist\u00f3ria da Ci\u00eancia <br \/>&#8211; Epistemologia e estudos sobre a Natureza da Ci\u00eancia<\/p>\n\n\n\n<hr class=\"wp-block-separator has-alpha-channel-opacity\" \/>\n\n\n\n<p class=\"has-black-color has-text-color has-link-color wp-elements-f9b797611deffb7efb8f82a4c5ef47f2\" style=\"font-size:25px\"><strong>Projetos de pesquisa<\/strong><\/p>\n\n\n\n<p class=\"has-black-color has-text-color has-link-color has-medium-font-size wp-elements-2eb0afc01ff6a1c06898338be4537d48\" style=\"text-transform:uppercase\"><strong>1. Ensino de Astronomia B\u00e1sica para o Ensino Fundamental<\/strong><\/p>\n\n\n\n<p class=\"has-black-color has-text-color has-link-color has-medium-font-size wp-elements-80ca5487d37777216ba1d463c3c53c5a\" style=\"font-style:normal;font-weight:300\">Descri\u00e7\u00e3o: Este projeto visa compreender o ensino e a aprendizagem de temas de Astronomia no Ensino Fundamental, a partir de uma investiga\u00e7\u00e3o sobre as concep\u00e7\u00f5es alternativas dos professores e alunos.\u00a0<\/p>\n","protected":false},"excerpt":{"rendered":"<p>Curr\u00edculo Lattes: http:\/\/lattes.cnpq.br\/9317595909137662Contato: roberta.bartelmebs@ufpr.br Licenciada em Pedagogia pela Universidade de Passo Fundo, Mestre em Educa\u00e7\u00e3o em Ci\u00eancias pela Universidade Federal do Rio Grande e Doutora em Educa\u00e7\u00e3o em Ci\u00eancias e Matem\u00e1tica pela Pont\u00edf\u00edcia Universidade Cat\u00f3lica do Rio Grande do Sul.&hellip; <\/p>\n","protected":false},"author":3978,"featured_media":0,"parent":0,"menu_order":0,"comment_status":"closed","ping_status":"closed","template":"","meta":{"footnotes":""},"class_list":["post-3488","page","type-page","status-publish","hentry"],"_links":{"self":[{"href":"https:\/\/exatas.ufpr.br\/ppgecm\/wp-json\/wp\/v2\/pages\/3488","targetHints":{"allow":["GET"]}}],"collection":[{"href":"https:\/\/exatas.ufpr.br\/ppgecm\/wp-json\/wp\/v2\/pages"}],"about":[{"href":"https:\/\/exatas.ufpr.br\/ppgecm\/wp-json\/wp\/v2\/types\/page"}],"author":[{"embeddable":true,"href":"https:\/\/exatas.ufpr.br\/ppgecm\/wp-json\/wp\/v2\/users\/3978"}],"replies":[{"embeddable":true,"href":"https:\/\/exatas.ufpr.br\/ppgecm\/wp-json\/wp\/v2\/comments?post=3488"}],"version-history":[{"count":2,"href":"https:\/\/exatas.ufpr.br\/ppgecm\/wp-json\/wp\/v2\/pages\/3488\/revisions"}],"predecessor-version":[{"id":3583,"href":"https:\/\/exatas.ufpr.br\/ppgecm\/wp-json\/wp\/v2\/pages\/3488\/revisions\/3583"}],"wp:attachment":[{"href":"https:\/\/exatas.ufpr.br\/ppgecm\/wp-json\/wp\/v2\/media?parent=3488"}],"curies":[{"name":"wp","href":"https:\/\/api.w.org\/{rel}","templated":true}]}}