{"id":3468,"date":"2024-08-29T17:15:45","date_gmt":"2024-08-29T17:15:45","guid":{"rendered":"https:\/\/exatas.ufpr.br\/ppgecm\/?page_id=3468"},"modified":"2025-02-12T13:35:02","modified_gmt":"2025-02-12T13:35:02","slug":"contato","status":"publish","type":"page","link":"https:\/\/exatas.ufpr.br\/ppgecm\/contato\/","title":{"rendered":"Contato"},"content":{"rendered":"\n<p class=\"has-black-color has-text-color has-link-color has-medium-font-size wp-elements-188c14f47fe907aabb30da781ecb6c7b\">&#x1f4e9; Centro Polit\u00e9cnico<br \/>Edif\u00edcio da Administra\u00e7\u00e3o &#8211; 4<sup>o<\/sup>&nbsp;Andar &#8211; Jardim das Am\u00e9ricas<br \/>Curitiba &#8211; PR, CEP 81.531-970 Caixa Postal 19081<\/p>\n\n\n\n<p class=\"has-black-color has-text-color has-link-color has-medium-font-size wp-elements-146e0d64868baf36f0c8490bad171f5c\">Hor\u00e1rio de atendimento ao p\u00fablico pela Secretaria:<br \/>Segundas, quartas e sextas-feiras &#8211; das <strong>08h00<\/strong> \u00e0s <strong>12h00<\/strong> e das <strong>13h00<\/strong> \u00e0s <strong>17h00<\/strong> (presencial)<br \/>Ter\u00e7as e quintas-feiras &#8211; das <strong>08h00<\/strong> \u00e0s <strong>12h00<\/strong> e das <strong>13h00<\/strong> \u00e0s <strong>17h00<\/strong> (remoto)<\/p>\n\n\n\n<p class=\"has-black-color has-text-color has-link-color has-medium-font-size wp-elements-792dc168ec60692c533ee84d25be300e\">Secret\u00e1ria: Antonyhella Santini<\/p>\n\n\n\n<p class=\"has-black-color has-text-color has-link-color has-medium-font-size wp-elements-bd08935718dc76f0a58c0be3e347d8ba\"><strong>Email:<\/strong> ppgecm@ufpr.br<br \/><strong>Whatsapp:<\/strong> (41) 3361-3696<\/p>\n","protected":false},"excerpt":{"rendered":"<p>&#x1f4e9; Centro Polit\u00e9cnicoEdif\u00edcio da Administra\u00e7\u00e3o &#8211; 4o&nbsp;Andar &#8211; Jardim das Am\u00e9ricasCuritiba &#8211; PR, CEP 81.531-970 Caixa Postal 19081 Hor\u00e1rio de atendimento ao p\u00fablico pela Secretaria:Segundas, quartas e sextas-feiras &#8211; das 08h00 \u00e0s 12h00 e das 13h00 \u00e0s 17h00 (presencial)Ter\u00e7as e&hellip; <\/p>\n","protected":false},"author":3978,"featured_media":0,"parent":0,"menu_order":0,"comment_status":"closed","ping_status":"closed","template":"","meta":{"footnotes":""},"class_list":["post-3468","page","type-page","status-publish","hentry"],"_links":{"self":[{"href":"https:\/\/exatas.ufpr.br\/ppgecm\/wp-json\/wp\/v2\/pages\/3468","targetHints":{"allow":["GET"]}}],"collection":[{"href":"https:\/\/exatas.ufpr.br\/ppgecm\/wp-json\/wp\/v2\/pages"}],"about":[{"href":"https:\/\/exatas.ufpr.br\/ppgecm\/wp-json\/wp\/v2\/types\/page"}],"author":[{"embeddable":true,"href":"https:\/\/exatas.ufpr.br\/ppgecm\/wp-json\/wp\/v2\/users\/3978"}],"replies":[{"embeddable":true,"href":"https:\/\/exatas.ufpr.br\/ppgecm\/wp-json\/wp\/v2\/comments?post=3468"}],"version-history":[{"count":5,"href":"https:\/\/exatas.ufpr.br\/ppgecm\/wp-json\/wp\/v2\/pages\/3468\/revisions"}],"predecessor-version":[{"id":3934,"href":"https:\/\/exatas.ufpr.br\/ppgecm\/wp-json\/wp\/v2\/pages\/3468\/revisions\/3934"}],"wp:attachment":[{"href":"https:\/\/exatas.ufpr.br\/ppgecm\/wp-json\/wp\/v2\/media?parent=3468"}],"curies":[{"name":"wp","href":"https:\/\/api.w.org\/{rel}","templated":true}]}}