{"id":2920,"date":"2023-07-06T18:25:31","date_gmt":"2023-07-06T18:25:31","guid":{"rendered":"https:\/\/exatas.ufpr.br\/ppgecm\/?page_id=2920"},"modified":"2023-07-31T22:27:36","modified_gmt":"2023-07-31T22:27:36","slug":"disciplinas-ofertadas-ppgecm-2o-semestre-2023","status":"publish","type":"page","link":"https:\/\/exatas.ufpr.br\/ppgecm\/disciplinas-ofertadas-ppgecm-2o-semestre-2023\/","title":{"rendered":"Disciplinas ofertadas PPGECM \u2013 2\u00ba semestre \/ 2023"},"content":{"rendered":"<h3 style=\"text-align: center\" align=\"center\"><u><span style=\"font-family: 'Georgia','serif';color: #333333\">Disciplinas ofertadas PPGECM \u2013 2\u00ba semestre \/ 2023<\/span><\/u><\/h3>\n<h3 style=\"text-align: center\"><\/h3>\n<h3 style=\"text-align: center\">* Per\u00edodo de matr\u00edcula para\u00a0<strong>alunos regulares<\/strong>:\u00a0<span style=\"color: #3366ff\">de 10 a 20\/07\/2023<\/span><\/h3>\n<h3 style=\"text-align: center\"><\/h3>\n<h3 style=\"text-align: center\">* Per\u00edodo de matr\u00edcula para\u00a0<strong>alunos externos\u00a0<\/strong><span style=\"color: #993366\">(outro PPG) de 20 a 25\/07\/2023<\/span><\/h3>\n<h4 style=\"text-align: center\">Os interessados devem enviar e-mail para\u00a0 \u00a0<span style=\"color: #ff0000\">\u00a0<strong>ppgecm@ufpr.br\u00a0 \u00a0<\/strong>\u00a0<\/span>solicitando<\/h4>\n<h4 style=\"text-align: center\">a matr\u00edcula, anexando c\u00f3pia de RG, CPF e Declara\u00e7\u00e3o de Matr\u00edcula.<\/h4>\n<h3 style=\"text-align: center\"><\/h3>\n<h3 style=\"text-align: center\">* Per\u00edodo de\u00a0inscri\u00e7\u00e3o para\u00a0<strong>alunos de\u00a0<span style=\"color: #339966\">disciplina isolada: 22<\/span><\/strong><span style=\"color: #339966\">\u00a0a 28\/07\/2023<\/span><\/h3>\n<h1><img loading=\"lazy\" decoding=\"async\" class=\"wp-image-2682 aligncenter\" src=\"https:\/\/exatas.ufpr.br\/ppgecm\/wp-content\/uploads\/sites\/27\/2016\/08\/Novo-300x158.png\" alt=\"\" width=\"163\" height=\"86\" srcset=\"https:\/\/exatas.ufpr.br\/ppgecm\/wp-content\/uploads\/sites\/27\/2016\/08\/Novo-300x158.png 300w, https:\/\/exatas.ufpr.br\/ppgecm\/wp-content\/uploads\/sites\/27\/2016\/08\/Novo.png 309w\" sizes=\"auto, (max-width: 163px) 100vw, 163px\" \/><\/h1>\n<h2 style=\"text-align: center\"><span style=\"color: #008000\"><a style=\"color: #008000\" href=\"https:\/\/exatas.ufpr.br\/ppgecm\/wp-content\/uploads\/sites\/27\/2023\/07\/Resultado_DisciplinasIsoladas_02-2023.pdf\">Resultado &#8211; Selecionados para vagas em Disciplinas Isoladas<\/a><\/span><\/h2>\n<h2 style=\"text-align: center\">&#8211; Per\u00edodo de matr\u00edcula para\u00a0Disciplina Isolada: <span style=\"color: #339966\">01 a 04\/08\/2023<\/span><\/h2>\n<p style=\"text-align: center\"><a href=\"https:\/\/exatas.ufpr.br\/ppgecm\/wp-content\/uploads\/sites\/27\/2023\/07\/Procedimentos-para-Inscri\u00e7\u00e3o-em-Disciplinas-Isoladas-02-2023-1.pdf\"><span style=\"color: #008000\">PROCEDIMENTOS PARA INSCRI\u00c7\u00c3O EM DISCIPLINAS ISOLADAS<\/span><\/a><\/p>\n<table style=\"height: 1680px\" width=\"1270\">\n<tbody>\n<tr>\n<td width=\"227\">\n<p style=\"text-align: center\">Disciplinas<\/p>\n<\/td>\n<td width=\"95\">\n<p style=\"text-align: center\">Docentes<\/p>\n<\/td>\n<td width=\"99\">\n<p style=\"text-align: center\">Dia\/hor\u00e1rio<\/p>\n<\/td>\n<td width=\"95\">\n<p style=\"text-align: center\">Vagas<\/p>\n<\/td>\n<td width=\"68\">\n<p style=\"text-align: center\">C.H. \/ Cr\u00e9ditos<\/p>\n<\/td>\n<td width=\"85\">\n<p style=\"text-align: center\">observa\u00e7\u00f5es<\/p>\n<\/td>\n<\/tr>\n<tr>\n<td width=\"227\">\n<p style=\"text-align: center\">EDCM-7051 &#8211; T\u00d3PICOS EM EDUCA\u00c7\u00c3O EM CI\u00caNCIAS E EM MATEM\u00c1TICA III \u2013 <em>Assunto: Fundamentos e Pr\u00e1ticas da Educa\u00e7\u00e3o Especial e Inclusiva<\/em><\/p>\n<\/td>\n<td width=\"95\">\n<p style=\"text-align: center\">Anderson Roges Teixeira G\u00f3es e Priscila Kabbaz Alves da Costa<\/p>\n<\/td>\n<td width=\"99\">\n<p style=\"text-align: center\">2\u00aa feira<\/p>\n<p style=\"text-align: center\">14h \u00e0s 17h<\/p>\n<\/td>\n<td width=\"95\">\n<p style=\"text-align: center\">12 eletivas<\/p>\n<p style=\"text-align: center\">At\u00e9 7 isoladas<\/p>\n<\/td>\n<td width=\"68\">\n<p style=\"text-align: center\">45 h \/ 3<\/p>\n<\/td>\n<td width=\"85\">\n<p style=\"text-align: center\">Espelho PPGE:TPEn<\/p>\n<p style=\"text-align: center\">Sala 401 \u2013 Bloco PA &#8211; Setor Exatas Polit\u00e9cnico<\/p>\n<\/td>\n<\/tr>\n<tr>\n<td width=\"227\">\n<p style=\"text-align: center\">EDCM-7041 &#8211; FORMA\u00c7\u00c3O DE PROFESSORES EM EDUCA\u00c7\u00c3O EM CI\u00caNCIAS E EM MATEM\u00c1TICA<\/p>\n<\/td>\n<td width=\"95\">\n<p style=\"text-align: center\">S\u00e9rgio Camargo e Tania T. Bruns Zimer<\/p>\n<\/td>\n<td width=\"99\">\n<p style=\"text-align: center\">3\u00aa feira<\/p>\n<p style=\"text-align: center\">8h30 \u00e0s 12h30<\/p>\n<\/td>\n<td width=\"95\">\n<p style=\"text-align: center\">10 eletivas<\/p>\n<p style=\"text-align: center\">At\u00e9 3 isoladas<\/p>\n<\/td>\n<td width=\"68\">\n<p style=\"text-align: center\">60 h \/ 4<\/p>\n<\/td>\n<td width=\"85\">\n<p style=\"text-align: center\">Espelho PPGE:TPEn<\/p>\n<p style=\"text-align: center\">Sala 7 \u2013 Campus<\/p>\n<p style=\"text-align: center\">Rebou\u00e7as<\/p>\n<\/td>\n<\/tr>\n<tr>\n<td width=\"227\">\n<p style=\"text-align: center\"><del>EDCM-7050 &#8211; TEORIA DOS CAMPOS CONCEITUAIS<\/del><\/p>\n<p style=\"text-align: center\"><span style=\"color: #ff0000\">Disciplina Cancelada<\/span><\/p>\n<\/td>\n<td width=\"95\"><del>Neila Tonin Agranionih e Tha\u00eds Rafaela Hilger<\/del><\/td>\n<td width=\"99\">\n<p style=\"text-align: center\"><del>3\u00aa feira<\/del><\/p>\n<p style=\"text-align: center\"><del>09h \u00e0s 13h<\/del><\/p>\n<\/td>\n<td width=\"95\">\n<p style=\"text-align: center\"><del>15 eletivas<\/del><\/p>\n<p style=\"text-align: center\"><del>At\u00e9 5 isoladas<\/del><\/p>\n<\/td>\n<td width=\"68\">\n<p style=\"text-align: center\"><del>60 h \/ 4<\/del><\/p>\n<\/td>\n<td width=\"85\">\n<p style=\"text-align: center\"><del>Espelho PPGE:TPEn<\/del><\/p>\n<p style=\"text-align: center\"><del>Sala \u00e0 definir<\/del><\/p>\n<p style=\"text-align: center\"><del>Campus Rebou\u00e7as<\/del><\/p>\n<\/td>\n<\/tr>\n<tr>\n<td width=\"227\">\n<p style=\"text-align: center\">EDCM-7046 &#8211; PERSPECTIVAS DA DIFEREN\u00c7A E A EDUCA\u00c7\u00c3O<\/p>\n<\/td>\n<td width=\"95\">\n<p style=\"text-align: center\">K\u00e1tia Maria Kasper<\/p>\n<\/td>\n<td width=\"99\">\n<p style=\"text-align: center\">3\u00aa feira<\/p>\n<p style=\"text-align: center\">14h \u00e0s 18h<\/p>\n<\/td>\n<td width=\"95\">\n<p style=\"text-align: center\">20 eletivas<\/p>\n<p style=\"text-align: center\">At\u00e9 2 isoladas<\/p>\n<\/td>\n<td width=\"68\">\n<p style=\"text-align: center\">60 h \/ 4<\/p>\n<\/td>\n<td width=\"85\">\n<p style=\"text-align: center\">Sala 217 \u2013 L2<\/p>\n<p style=\"text-align: center\">Campus Rebou\u00e7as<\/p>\n<\/td>\n<\/tr>\n<tr>\n<td width=\"227\">\n<p style=\"text-align: center\">EDCM-7038 &#8211; T\u00d3PICOS EM EDUCA\u00c7\u00c3O EM CI\u00caNCIAS E EM MATEM\u00c1TICA II \u2013 <em>Assunto: Educa\u00e7\u00e3o Financeira<\/em><\/p>\n<\/td>\n<td width=\"95\">\n<p style=\"text-align: center\">Ruth Margareth Hofmann<\/p>\n<\/td>\n<td width=\"99\">\n<p style=\"text-align: center\">4\u00aa feira<\/p>\n<p style=\"text-align: center\">07h30 \u00e0s 11h30<\/p>\n<\/td>\n<td width=\"95\">\n<p style=\"text-align: center\">10 eletivas<\/p>\n<p style=\"text-align: center\">At\u00e9 2 isoladas<\/p>\n<\/td>\n<td width=\"68\">\n<p style=\"text-align: center\">60 h \/ 4<\/p>\n<\/td>\n<td style=\"text-align: center\" width=\"85\">Sala PA-03<\/p>\n<p>Setor de Exatas -Polit\u00e9cnico<\/td>\n<\/tr>\n<tr>\n<td width=\"227\">\n<p style=\"text-align: center\">EDCM-7038 &#8211; T\u00d3PICOS EM EDUCA\u00c7\u00c3O EM CI\u00caNCIAS E EM MATEM\u00c1TICA II \u2013 <em>Assunto: Avalia\u00e7\u00e3o da Aprendizagem Escolar<\/em><\/p>\n<\/td>\n<td width=\"95\">\n<p style=\"text-align: center\">Gabriel dos Santos e Silva<\/p>\n<\/td>\n<td width=\"99\">\n<p style=\"text-align: center\">4\u00aa feira<\/p>\n<p style=\"text-align: center\">8h00 \u00e0s 12h00<\/p>\n<\/td>\n<td width=\"95\">\n<p style=\"text-align: center\">10 eletivas<\/p>\n<p style=\"text-align: center\">At\u00e9 3 isoladas<\/p>\n<\/td>\n<td width=\"68\">\n<p style=\"text-align: center\">60 h \/ 4<\/p>\n<\/td>\n<td width=\"85\">\n<p style=\"text-align: center\">Anfi A<\/p>\n<p style=\"text-align: center\">Setor de Exatas -Polit\u00e9cnico<\/p>\n<\/td>\n<\/tr>\n<tr>\n<td width=\"227\">\n<p style=\"text-align: center\">EDCM-7033 &#8211; SEMIN\u00c1RIOS DE PESQUISA II<\/p>\n<\/td>\n<td width=\"95\">\n<p style=\"text-align: center\">Emerson Joucoski<\/p>\n<\/td>\n<td width=\"99\">\n<p style=\"text-align: center\">4\u00aa feira<\/p>\n<p style=\"text-align: center\">14h \u00e0s 18h<\/p>\n<\/td>\n<td width=\"95\">\n<p style=\"text-align: center\">15 eletivas<\/p>\n<\/td>\n<td width=\"68\">\n<p style=\"text-align: center\">60 h \/ 4<\/p>\n<\/td>\n<td width=\"85\">\n<p style=\"text-align: center\">Anfi B<\/p>\n<p style=\"text-align: center\">Setor de Exatas -Polit\u00e9cnico<\/p>\n<\/td>\n<\/tr>\n<tr>\n<td width=\"227\">\n<p style=\"text-align: center\">EDCM-7038 &#8211; T\u00d3PICOS EM EDUCA\u00c7\u00c3O EM CI\u00caNCIAS E EM MATEM\u00c1TICA II \u2013 <em>Assunto: Estudos avan\u00e7ados sobre jogos digitais e ensino de ci\u00eancias e matem\u00e1ticas<\/em><\/p>\n<\/td>\n<td width=\"95\">\n<p style=\"text-align: center\">Roberto Dalmo Varallo Lima de Oliveira<\/p>\n<\/td>\n<td width=\"99\">\n<p style=\"text-align: center\">5\u00aa feira<\/p>\n<p style=\"text-align: center\">14h \u00e0s 18h<\/p>\n<\/td>\n<td width=\"95\">\n<p style=\"text-align: center\">5 eletivas<\/p>\n<p style=\"text-align: center\">At\u00e9 2 isoladas<\/p>\n<\/td>\n<td width=\"68\">\n<p style=\"text-align: center\">60 h \/ 4<\/p>\n<\/td>\n<td width=\"85\">\n<p style=\"text-align: center\">Anfi A<\/p>\n<p style=\"text-align: center\">Setor de Exatas -Polit\u00e9cnico<\/p>\n<\/td>\n<\/tr>\n<tr>\n<td width=\"227\">\n<p style=\"text-align: center\">EDCM-7038 &#8211; T\u00d3PICOS EM EDUCA\u00c7\u00c3O EM CI\u00caNCIAS E EM MATEM\u00c1TICA II \u2013 <em>Assunto: Metodologias e Tecnologias na Educa\u00e7\u00e3o em Ci\u00eancias e Matem\u00e1tica<\/em><\/p>\n<\/td>\n<td width=\"95\">\n<p style=\"text-align: center\">Everton Bedin<\/p>\n<\/td>\n<td width=\"99\">\n<p style=\"text-align: center\">6\u00aa feira<\/p>\n<p style=\"text-align: center\">8h \u00e0s 12h<\/p>\n<\/td>\n<td width=\"95\">\n<p style=\"text-align: center\">15 eletivas<\/p>\n<p style=\"text-align: center\">At\u00e9 5 isoladas<\/p>\n<\/td>\n<td width=\"68\">\n<p style=\"text-align: center\">60 h \/ 4<\/p>\n<\/td>\n<td width=\"85\">\n<p style=\"text-align: center\">Espelho: PROFQUI<\/p>\n<p style=\"text-align: center\">Sala de Aula PPGECM<\/p>\n<\/td>\n<\/tr>\n<tr>\n<td width=\"227\">\n<p style=\"text-align: center\">EDCM\u20137018 TEND\u00caNCIAS DA PESQUISA EM EDUCA\u00c7\u00c3O EM CI\u00caNCIAS<\/p>\n<\/td>\n<td width=\"95\">Camila Silveira\u00a0\u00a0 da Silva<\/td>\n<td width=\"99\">\n<p style=\"text-align: center\">6\u00aa feira<\/p>\n<p style=\"text-align: center\">14h \u00e0s 18h<\/p>\n<\/td>\n<td width=\"95\">\n<p style=\"text-align: center\">20 eletivas<\/p>\n<p style=\"text-align: center\">At\u00e9 5 isoladas<\/p>\n<\/td>\n<td width=\"68\">\n<p style=\"text-align: center\">60 h \/ 4<\/p>\n<\/td>\n<td width=\"85\">\n<p style=\"text-align: center\">Sala PC-17<\/p>\n<p style=\"text-align: center\">Setor de Exatas -Polit\u00e9cnico<\/p>\n<p style=\"text-align: center\">\n<\/td>\n<\/tr>\n<tr>\n<td width=\"227\">\n<p style=\"text-align: center\">EDCM\u20137048 &#8211; TECNOLOGIAS DIGITAIS EM EDUCA\u00c7\u00c3O EM CI\u00caNCIAS E EM MATEM\u00c1TICA<\/p>\n<\/td>\n<td width=\"95\">\n<p style=\"text-align: center\">Marcelo Souza Motta<\/p>\n<\/td>\n<td width=\"99\">\n<p style=\"text-align: center\">6\u00aa feira<\/p>\n<p style=\"text-align: center\">14h \u00e0s 18h<\/p>\n<\/td>\n<td width=\"95\">\n<p style=\"text-align: center\">20 eletivas<\/p>\n<\/td>\n<td width=\"68\">\n<p style=\"text-align: center\">60 h \/ 4<\/p>\n<\/td>\n<td width=\"85\">\n<p style=\"text-align: center\">Espelho: PGFCET\u00a0\u00a0\u00a0 remoto<\/p>\n<\/td>\n<\/tr>\n<\/tbody>\n<\/table>\n<p>&nbsp;<\/p>\n","protected":false},"excerpt":{"rendered":"<p>Disciplinas ofertadas PPGECM \u2013 2\u00ba semestre \/ 2023 * Per\u00edodo de matr\u00edcula para\u00a0alunos regulares:\u00a0de 10 a 20\/07\/2023 * Per\u00edodo de matr\u00edcula para\u00a0alunos externos\u00a0(outro PPG) de 20 a 25\/07\/2023 Os interessados devem enviar e-mail para\u00a0 \u00a0\u00a0ppgecm@ufpr.br\u00a0 \u00a0\u00a0solicitando a matr\u00edcula, anexando c\u00f3pia&hellip; <\/p>\n","protected":false},"author":3978,"featured_media":0,"parent":0,"menu_order":0,"comment_status":"closed","ping_status":"closed","template":"","meta":{"footnotes":""},"class_list":["post-2920","page","type-page","status-publish","hentry"],"_links":{"self":[{"href":"https:\/\/exatas.ufpr.br\/ppgecm\/wp-json\/wp\/v2\/pages\/2920","targetHints":{"allow":["GET"]}}],"collection":[{"href":"https:\/\/exatas.ufpr.br\/ppgecm\/wp-json\/wp\/v2\/pages"}],"about":[{"href":"https:\/\/exatas.ufpr.br\/ppgecm\/wp-json\/wp\/v2\/types\/page"}],"author":[{"embeddable":true,"href":"https:\/\/exatas.ufpr.br\/ppgecm\/wp-json\/wp\/v2\/users\/3978"}],"replies":[{"embeddable":true,"href":"https:\/\/exatas.ufpr.br\/ppgecm\/wp-json\/wp\/v2\/comments?post=2920"}],"version-history":[{"count":14,"href":"https:\/\/exatas.ufpr.br\/ppgecm\/wp-json\/wp\/v2\/pages\/2920\/revisions"}],"predecessor-version":[{"id":2951,"href":"https:\/\/exatas.ufpr.br\/ppgecm\/wp-json\/wp\/v2\/pages\/2920\/revisions\/2951"}],"wp:attachment":[{"href":"https:\/\/exatas.ufpr.br\/ppgecm\/wp-json\/wp\/v2\/media?parent=2920"}],"curies":[{"name":"wp","href":"https:\/\/api.w.org\/{rel}","templated":true}]}}