{"id":2807,"date":"2022-12-14T13:31:33","date_gmt":"2022-12-14T13:31:33","guid":{"rendered":"https:\/\/exatas.ufpr.br\/ppgecm\/?page_id=2807"},"modified":"2023-03-08T17:51:45","modified_gmt":"2023-03-08T17:51:45","slug":"disciplinas-ofertadas-ppgecm-1o-semestre-2023","status":"publish","type":"page","link":"https:\/\/exatas.ufpr.br\/ppgecm\/disciplinas-ofertadas-ppgecm-1o-semestre-2023\/","title":{"rendered":"Disciplinas ofertadas PPGECM \u2013 1\u00ba semestre \/ 2023"},"content":{"rendered":"<h3 style=\"text-align: center\"><strong><u>Disciplinas ofertadas PPGECM \u2013 1\u00ba semestre \/ 2023<\/u><\/strong><\/h3>\n<h3 style=\"text-align: center\"><\/h3>\n<h3 style=\"text-align: center\">Per\u00edodo de matr\u00edcula para\u00a0<strong>alunos regulares<\/strong>: <span style=\"color: #3366ff\">de 01 a 12\/02\/2023<\/span><\/h3>\n<h3 style=\"text-align: center\"><\/h3>\n<h3 style=\"text-align: center\">Per\u00edodo de matr\u00edcula para\u00a0<strong>alunos externos <\/strong><span style=\"color: #993366\">(outro PPG) de\u00a013 a 22\/02\/2023<\/span><\/h3>\n<h5 style=\"text-align: center\">Os interessados devem enviar e-mail para\u00a0 \u00a0 <span style=\"color: #ff0000\">\u00a0<strong>ppgecm@ufpr.br\u00a0 \u00a0\u00a0<\/strong> <\/span>solicitando<\/h5>\n<h5 style=\"text-align: center\">a matr\u00edcula, anexando c\u00f3pia de RG, CPF e Declara\u00e7\u00e3o de Matr\u00edcula.<\/h5>\n<h3 style=\"text-align: center\"><\/h3>\n<h3 style=\"text-align: center\">Per\u00edodo de\u00a0inscri\u00e7\u00e3o para\u00a0<strong>alunos de <span style=\"color: #339966\">disciplina isolada:\u00a0<\/span><\/strong><span style=\"color: #339966\">14 a 22\/02\/2023<\/span><\/h3>\n<h5 style=\"text-align: center\">&#8211; Per\u00edodo de matr\u00edcula para\u00a0Disciplina Isolada: 28\/02 a 03\/03\/2023<\/h5>\n<h4 style=\"text-align: center\"><\/h4>\n<h2 style=\"text-align: center\"><span style=\"color: #00ccff\"><strong>IN\u00cdCIO DAS AULAS: 20\/03\/2023<\/strong><\/span><\/h2>\n<table style=\"height: 805px\" width=\"1039\">\n<tbody>\n<tr>\n<td width=\"303\">\n<p style=\"text-align: center\">DISCIPLINA<\/p>\n<\/td>\n<td width=\"159\">\n<p style=\"text-align: center\">DOCENTES<\/p>\n<\/td>\n<td width=\"158\">\n<p style=\"text-align: center\">DIA\/HOR\u00c1RIO<\/p>\n<\/td>\n<td width=\"190\">\n<p style=\"text-align: center\">Local<\/p>\n<\/td>\n<\/tr>\n<tr>\n<td width=\"303\">\n<p style=\"text-align: center\">EDCM-7032 &#8211; Semin\u00e1rios de Pesquisa I<\/p>\n<\/td>\n<td width=\"159\">\n<p style=\"text-align: center\">Marcelo Val\u00e9rio<\/p>\n<\/td>\n<td width=\"158\">\n<p style=\"text-align: center\">2\u00aa FEIRA<\/p>\n<p style=\"text-align: center\">14H \u00c0S 17H<\/p>\n<\/td>\n<td width=\"190\">\n<p style=\"text-align: center\">Modalidade Remota<\/p>\n<\/td>\n<\/tr>\n<tr>\n<td width=\"303\">EDCM-7039 CTS e ACT na Educa\u00e7\u00e3o em Ci\u00eancias e em Matem\u00e1tica<\/td>\n<td width=\"159\">\n<p style=\"text-align: center\">Leonir Lorenzetti<\/p>\n<\/td>\n<td width=\"158\">\n<p style=\"text-align: center\">3\u00aa FEIRA<\/p>\n<p style=\"text-align: center\">13H30 \u00c0S 17H30<\/p>\n<\/td>\n<td width=\"190\">\n<p style=\"text-align: center\">Sala de Aula PPGECM &#8211; 4\u00ba Andar &#8211; Ed. de Administra\u00e7\u00e3o &#8211; Centro Polit\u00e9cnico &#8211; Curitiba &#8211; PR<\/p>\n<\/td>\n<\/tr>\n<tr>\n<td width=\"303\">EDCM7034 &#8211; Teorias da Aprendizagem<\/td>\n<td width=\"159\">\n<p style=\"text-align: center\">Emerson Rolkouski \u00a0Elisangela de Campos\u00a0\u00a0\u00a0 Eloisa Rossoti Navarro<\/p>\n<\/td>\n<td width=\"158\">\n<p style=\"text-align: center\">4\u00aa FEIRA<\/p>\n<p style=\"text-align: center\">9H \u00c0S 12H<\/p>\n<\/td>\n<td width=\"190\">\n<p style=\"text-align: center\">Sala de Aula PPGECM &#8211; 4\u00ba Andar &#8211; Ed. de Administra\u00e7\u00e3o &#8211; Centro Polit\u00e9cnico &#8211; Curitiba &#8211; PR<\/p>\n<\/td>\n<\/tr>\n<tr>\n<td width=\"303\">EDCM 7042 &#8211; Fundamentos Epistemol\u00f3gicos para Educa\u00e7\u00e3o em Ci\u00eancias e em Matem\u00e1tica<\/td>\n<td width=\"159\">\n<p style=\"text-align: center\">Joanez Aparecida Aires<\/p>\n<\/td>\n<td width=\"158\">\n<p style=\"text-align: center\">5\u00aa FEIRA<\/p>\n<p style=\"text-align: center\">14H \u00c0S 18H<\/p>\n<\/td>\n<td width=\"190\">\n<p style=\"text-align: center\">Sala de Aula PPGECM &#8211; 4\u00ba Andar &#8211; Ed. de Administra\u00e7\u00e3o &#8211; Centro Polit\u00e9cnico &#8211; Curitiba &#8211; PR<\/p>\n<\/td>\n<\/tr>\n<tr>\n<td width=\"303\">EDCM-7038 &#8211; T\u00f3picos em educa\u00e7\u00e3o em ci\u00eancias e em matem\u00e1tica II \u2013 <em>Estudos Culturais da Ci\u00eancia e Tecnologia<\/em><\/td>\n<td width=\"159\">\n<p style=\"text-align: center\">Roberto Dalmo Varallo Lima de Oliveira<\/p>\n<\/td>\n<td width=\"158\">\n<p style=\"text-align: center\">6\u00aa FEIRA<\/p>\n<p style=\"text-align: center\">14H \u00c0S 18H<\/p>\n<\/td>\n<td width=\"190\">\n<p style=\"text-align: center\">Sala de Aula PPGECM &#8211; 4\u00ba Andar &#8211; Ed. de Administra\u00e7\u00e3o &#8211; Centro Polit\u00e9cnico &#8211; Curitiba &#8211; PR<\/p>\n<\/td>\n<\/tr>\n<tr>\n<td width=\"303\">EDCM 7008 &#8211; O Pensamento Matem\u00e1tico na Educa\u00e7\u00e3o Matem\u00e1tica<\/td>\n<td width=\"159\">\n<p style=\"text-align: center\">Jos\u00e9 Carlos Cifuentes<\/p>\n<\/td>\n<td width=\"158\">\n<p style=\"text-align: center\">6\u00aa FEIRA<\/p>\n<p style=\"text-align: center\">14H \u00c0S 18H<\/p>\n<\/td>\n<td width=\"190\">\n<p style=\"text-align: center\">Sala 300 de Semin\u00e1rios &#8211; 3\u00ba Andar &#8211; Pr\u00e9dio de Exatas &#8211; Centro Polit\u00e9cnico &#8211; Curitiba &#8211; PR<\/p>\n<\/td>\n<\/tr>\n<\/tbody>\n<\/table>\n<p>&nbsp;<\/p>\n<p>&nbsp;<\/p>\n","protected":false},"excerpt":{"rendered":"<p>Disciplinas ofertadas PPGECM \u2013 1\u00ba semestre \/ 2023 Per\u00edodo de matr\u00edcula para\u00a0alunos regulares: de 01 a 12\/02\/2023 Per\u00edodo de matr\u00edcula para\u00a0alunos externos (outro PPG) de\u00a013 a 22\/02\/2023 Os interessados devem enviar e-mail para\u00a0 \u00a0 \u00a0ppgecm@ufpr.br\u00a0 \u00a0\u00a0 solicitando a matr\u00edcula, anexando&hellip; <\/p>\n","protected":false},"author":3978,"featured_media":0,"parent":0,"menu_order":0,"comment_status":"closed","ping_status":"closed","template":"","meta":{"footnotes":""},"class_list":["post-2807","page","type-page","status-publish","hentry"],"_links":{"self":[{"href":"https:\/\/exatas.ufpr.br\/ppgecm\/wp-json\/wp\/v2\/pages\/2807","targetHints":{"allow":["GET"]}}],"collection":[{"href":"https:\/\/exatas.ufpr.br\/ppgecm\/wp-json\/wp\/v2\/pages"}],"about":[{"href":"https:\/\/exatas.ufpr.br\/ppgecm\/wp-json\/wp\/v2\/types\/page"}],"author":[{"embeddable":true,"href":"https:\/\/exatas.ufpr.br\/ppgecm\/wp-json\/wp\/v2\/users\/3978"}],"replies":[{"embeddable":true,"href":"https:\/\/exatas.ufpr.br\/ppgecm\/wp-json\/wp\/v2\/comments?post=2807"}],"version-history":[{"count":3,"href":"https:\/\/exatas.ufpr.br\/ppgecm\/wp-json\/wp\/v2\/pages\/2807\/revisions"}],"predecessor-version":[{"id":2855,"href":"https:\/\/exatas.ufpr.br\/ppgecm\/wp-json\/wp\/v2\/pages\/2807\/revisions\/2855"}],"wp:attachment":[{"href":"https:\/\/exatas.ufpr.br\/ppgecm\/wp-json\/wp\/v2\/media?parent=2807"}],"curies":[{"name":"wp","href":"https:\/\/api.w.org\/{rel}","templated":true}]}}