{"id":1859,"date":"2020-08-19T14:17:41","date_gmt":"2020-08-19T14:17:41","guid":{"rendered":"https:\/\/exatas.ufpr.br\/ppgecm\/?page_id=1859"},"modified":"2025-05-19T18:46:09","modified_gmt":"2025-05-19T18:46:09","slug":"anderson-roges-teixeira-goes","status":"publish","type":"page","link":"https:\/\/exatas.ufpr.br\/ppgecm\/anderson-roges-teixeira-goes\/","title":{"rendered":"ANDERSON ROGES TEIXEIRA G\u00d3ES"},"content":{"rendered":"<div class=\"wp-block-image\">\n<figure class=\"alignleft size-large is-resized\"><img loading=\"lazy\" decoding=\"async\" width=\"1024\" height=\"958\" src=\"https:\/\/exatas.ufpr.br\/ppgecm\/wp-content\/uploads\/sites\/27\/2025\/05\/AndersonLattes-1024x958.jpg\" alt=\"\" class=\"wp-image-4052\" style=\"width:319px;height:auto\" srcset=\"https:\/\/exatas.ufpr.br\/ppgecm\/wp-content\/uploads\/sites\/27\/2025\/05\/AndersonLattes-1024x958.jpg 1024w, https:\/\/exatas.ufpr.br\/ppgecm\/wp-content\/uploads\/sites\/27\/2025\/05\/AndersonLattes-300x281.jpg 300w, https:\/\/exatas.ufpr.br\/ppgecm\/wp-content\/uploads\/sites\/27\/2025\/05\/AndersonLattes-768x718.jpg 768w, https:\/\/exatas.ufpr.br\/ppgecm\/wp-content\/uploads\/sites\/27\/2025\/05\/AndersonLattes-1536x1436.jpg 1536w, https:\/\/exatas.ufpr.br\/ppgecm\/wp-content\/uploads\/sites\/27\/2025\/05\/AndersonLattes-2048x1915.jpg 2048w\" sizes=\"auto, (max-width: 1024px) 100vw, 1024px\" \/><\/figure><\/div>\n\n\n<p class=\"has-text-align-left\"><\/p>\n\n\n\n<p class=\"has-black-color has-text-color has-link-color has-medium-font-size wp-elements-405217759415d8f84cb6003fd273664d\">Curr\u00edculo Lattes:&nbsp;<a href=\"http:\/\/lattes.cnpq.br\/2987582237634936\"><mark style=\"background-color:#ffffff;color:#3ea4bb\" class=\"has-inline-color\">http:\/\/lattes.cnpq.br\/2987582237634936<\/mark><\/a><\/p>\n\n\n\n<p class=\"has-black-color has-text-color has-link-color has-medium-font-size wp-elements-a59b393511d4441a3721495c679a2d9d\">Contato:&nbsp;<a href=\"mailto:artgoes@ufpr.br\"><mark style=\"background-color:#ffffff;color:#3ea4bb\" class=\"has-inline-color\">artgoes@ufpr.br<\/mark><\/a><\/p>\n\n\n\n<hr class=\"wp-block-separator has-alpha-channel-opacity\" \/>\n\n\n\n<p class=\"has-text-align-left has-black-color has-text-color has-link-color has-medium-font-size wp-elements-ce7b0371c3a92d502213524681d9c726\" style=\"font-style:normal;font-weight:400\">Bolsista produtividade em desenvolvimento tecnol\u00f3gico e extens\u00e3o inovadora &#8211; CNPQ. Est\u00e1gio de p\u00f3s-doutorado, Universidade Estadual do Paran\u00e1, tem\u00e1tica da pesquisa &#8220;Pr\u00e1ticas pedag\u00f3gicas inovadoras na Educa\u00e7\u00e3o Matem\u00e1tica Inclusiva: o Desenho Universal para Aprendizagem e a Teoria dos Campos Conceituais&#8221;.\u00a0Doutor e mestre em M\u00e9todos Num\u00e9ricos em Engenharia pela Universidade Federal do Paran\u00e1 (2012; 2005), Especialista em Tecnologias em Educa\u00e7\u00e3o pela Pontif\u00edcia Universidade Cat\u00f3lica do Rio de Janeiro (2010), Especialista em Desenho Aplicado ao Ensino da Express\u00e3o Gr\u00e1fica pela Universidade Federal do Paran\u00e1 (2003) e Licenciado em Matem\u00e1tica pela Universidade Federal do Paran\u00e1 (2001). Professor efetivo do Departamento de Express\u00e3o Gr\u00e1fica (DEGRAF) e tamb\u00e9m atua no Programa de P\u00f3s-gradua\u00e7\u00e3o em Educa\u00e7\u00e3o: Teoria e Pr\u00e1tica de Ensino, todos na UFPR. L\u00edder do Grupo de Estudos e Pesquisas em Educa\u00e7\u00e3o, Tecnologias e Linguagens (GEPETeL\/UFPR\/CNPq). Membro gestor do Novos Arranjos de Pesquisa e Inova\u00e7\u00e3o &#8211; Tecnologia Assistiva (NAPI-TA) da Funda\u00e7\u00e3o Arauc\u00e1ria. Idealizador da &#8220;REI &#8211; Rede Educa\u00e7\u00e3o Inclusiva&#8221;. Autor de livros did\u00e1ticos de matem\u00e1tica e desenho geom\u00e9trico, para o ensino superior. Possui experi\u00eancia em Tecnologia Educacional, Tecnologia Assistiva, Educa\u00e7\u00e3o Inclusiva, Desenho Universal, Desenho Universal para Aprendizagem e Express\u00e3o Gr\u00e1fica, todos na Educa\u00e7\u00e3o Matem\u00e1tica.<\/p>\n\n\n\n<hr class=\"wp-block-separator has-alpha-channel-opacity\" \/>\n\n\n\n<p class=\"has-black-color has-text-color has-link-color wp-elements-06c8dae62e943c48006a8bec47ea5d6e\" style=\"font-size:25px\"><strong>Linhas de Pesquisa<\/strong><\/p>\n\n\n\n<p class=\"has-black-color has-text-color has-link-color has-medium-font-size wp-elements-b2c3b7c2f10014f288af8b58b1f8d13b\" style=\"font-style:normal;font-weight:300\"><strong>2<\/strong> &#8211; Ensino e Aprendizagem de Ci\u00eancias e Matem\u00e1tica<\/p>\n\n\n\n<hr class=\"wp-block-separator has-alpha-channel-opacity\" \/>\n\n\n\n<p class=\"has-black-color has-text-color has-link-color wp-elements-c96c07d331437713421fe83040d19293\" style=\"font-size:25px\"><strong>Interesses de pesquisa<\/strong><\/p>\n\n\n\n<p class=\"has-black-color has-text-color has-link-color has-medium-font-size wp-elements-1fbc9201ff978d054a7a73b4e417e6f1\" style=\"font-style:normal;font-weight:300\">&#8211; Educa\u00e7\u00e3o Matem\u00e1tica Inclusiva: processos e recursos did\u00e1ticos na perspectiva do Desenho Universal para Aprendizagem (DUA).<br \/>&#8211; Metodologias ativas na Educa\u00e7\u00e3o Matem\u00e1tica.<br \/>&#8211; Planejamento, desenvolvimento, aplica\u00e7\u00e3o e avalia\u00e7\u00e3o de tecnologias educacionais na Educa\u00e7\u00e3o Matem\u00e1tica.<\/p>\n\n\n\n<hr class=\"wp-block-separator has-alpha-channel-opacity\" \/>\n\n\n\n<p class=\"has-black-color has-text-color has-link-color wp-elements-f9b797611deffb7efb8f82a4c5ef47f2\" style=\"font-size:25px\"><strong>Projetos de pesquisa<\/strong><\/p>\n\n\n\n<p class=\"has-black-color has-text-color has-link-color has-medium-font-size wp-elements-4a4bace5f9453ad74aaf5da477962050\" style=\"text-transform:uppercase\"><strong>1.<\/strong>&nbsp;<strong>RECURSOS E PROCESSOS EDUCACIONAIS PARA EDUCA\u00c7\u00c3O MATEM\u00c1TICA: TECNOLOGIAS EDUCANAIS E EXPRESS\u00c3O GR\u00c1FICA<\/strong><\/p>\n\n\n\n<p class=\"has-black-color has-text-color has-link-color has-medium-font-size wp-elements-6d933f9c5d63d4e6d5f8a4ed6e87f558\" style=\"font-style:normal;font-weight:300\">Descri\u00e7\u00e3o: A presente proposta pretende dar continuidade as pesquisas que v\u00eam sendo desenvolvidas no \u00e2mbito do Departamento de Express\u00e3o Gr\u00e1fica (DEGRAF), Programa de P\u00f3s-gradua\u00e7\u00e3o em Educa\u00e7\u00e3o: Teoria e Pr\u00e1tica de Ensino (PPGE:TPEn) e Programa de P\u00f3s-gradua\u00e7\u00e3o em Educa\u00e7\u00e3o em Ci\u00eancias e em Matem\u00e1tica (PPGECM), com as tem\u00e1ticas Tecnologias Educacionais e\/ou Express\u00e3o Gr\u00e1fica. As Tecnologias, estas interferem no cotidiano, sendo relevante, que a educa\u00e7\u00e3o tamb\u00e9m envolva a democratiza\u00e7\u00e3o do acesso ao conhecimento, \u00e0 produ\u00e7\u00e3o e \u00e0 interpreta\u00e7\u00e3o das tecnologias (BRITO e PURIFICA\u00c7\u00c3O, 2006). O termo tecnologia \u00e9 muito abrangente, visto que \u00e9 &#8220;todo o conjunto de recursos, m\u00e1quinas e equipamentos dispon\u00edveis para uso em qualquer atividade produtiva&#8221; (KALINKE, 1999, p. 101). Ent\u00e3o, neste projeto ser\u00e3o analisadas tecnologias presentes no ambiente escolar, \u00e0s denominadas Tecnologias Educacionais, que v\u00e3o desde o quadro de giz, passando pelos livros did\u00e1ticos, murais \u00e0quelas que s\u00e3o consideradas &#8220;Novas Tecnologias Educacionais, o computador, tablet, celulares, entre outros. Quanto \u00e0 Express\u00e3o Gr\u00e1fica, ela possui seus prim\u00f3rdios nas primeiras tentativas de comunica\u00e7\u00e3o do Homem, onde os registros de linguagem escrita tinham a forma de desenhos, as chamadas pinturas rupestres. Ao longo dos anos houve uma evolu\u00e7\u00e3o no sentido da simplifica\u00e7\u00e3o desses registros at\u00e9 chegarmos \u00e0 escrita atual. No entanto, pode-se perceber que nem por isso o desenho, primeira forma de Express\u00e3o Gr\u00e1fica, perdeu sua import\u00e2ncia como meio de comunica\u00e7\u00e3o, e vem sendo sempre utilizado paralelamente \u00e0 escrita, tanto na escola quanto na sociedade em geral. Com isso, este projeto de pesquisa, de abordagem qualitativa, vinculado ao Grupo de Estudos e Pesquisas em Educa\u00e7\u00e3o, Tecnologias e Linguagens, tem o objetivo de desenvolver, aplicar e analisar recursos e processos educacionais para Educa\u00e7\u00e3o Matem\u00e1tica que contemplem os campos de estudos: Express\u00e3o Gr\u00e1fica, que \u00e9 inata ao ser humano; e\/ou Tecnologia Educacional, que est\u00e1 imersa no cotidiano da humanidade; contribuem para o processo de ensino-aprendizagem de ci\u00eancias e matem\u00e1tica. Onde a Express\u00e3o Gr\u00e1fica tamb\u00e9m \u00e9 entendida como uma Tecnologia Educacional, uma vez que seus elementos facilitam o processo de ensino-aprendizagem e, por outro lado, a Tecnologia Educacional tamb\u00e9m \u00e9 entendida como uma Express\u00e3o Gr\u00e1fica, pois muito utiliza, por exemplo, da visualiza\u00e7\u00e3o. Assim, a Express\u00e3o Gr\u00e1fica e a Tecnologia Educacional s\u00e3o indissoci\u00e1veis neste processo.<\/p>\n\n\n\n<div style=\"height:50px\" aria-hidden=\"true\" class=\"wp-block-spacer\"><\/div>\n\n\n\n<p class=\"has-black-color has-text-color has-link-color has-medium-font-size wp-elements-db32b694f9d2551bd29e87fff8463853\"><strong>2.<\/strong>&nbsp;<strong>O DESENHO UNIVERSAL PARA APRENDIZAGEM NA EDUCA\u00c7\u00c3O MATEM\u00c1TICA INCLUSIVA<\/strong><\/p>\n\n\n\n<p class=\"has-black-color has-text-color has-link-color has-medium-font-size wp-elements-65b41ae99224ae4bcb98512b9a800d63\" style=\"font-style:normal;font-weight:300\">A educa\u00e7\u00e3o inclusiva considera o princ\u00edpio de que a escola \u00e9 um direito de todos e que os indiv\u00edduos que a frequentam devem desenvolver e aprender juntos, considerando suas necessidades espec\u00edficas. Nesse sentido as institui\u00e7\u00f5es de ensino, equipe pedag\u00f3gica e professores precisam possuir\/desenvolver recursos did\u00e1ticos e metodologias que atendam os diversos estudantes sem que ocorra a exclus\u00e3o. Para esse feito o Desenho Universal \u00e9 um ponto de partida, pois seus princ\u00edpios defendem que os produtos, metodologias e ambientes devem ser pensados para ser utilizados por qualquer pessoa independente de caracter\u00edsticas f\u00edsicas ou intelectuais. Quando um mesmo recurso\/metodologia pode ser utilizado por todos n\u00e3o h\u00e1 vantagens ou desvantagens para nenhum indiv\u00edduo participante do processo de aprendizagem, proporcionando as mesmas oportunidades de acesso. Com essas considera\u00e7\u00f5es esse projeto de pesquisa busca investigar e analisar materiais did\u00e1ticos e metodologias fundamentados no Desenho Universal, bem como, desenvolv\u00ea-los para que se efetive a inclus\u00e3o de estudantes em uma Educa\u00e7\u00e3o Matem\u00e1tica Inclusiva.<\/p>\n\n\n\n<hr class=\"wp-block-separator has-alpha-channel-opacity\" \/>\n","protected":false},"excerpt":{"rendered":"<p>Curr\u00edculo Lattes:&nbsp;http:\/\/lattes.cnpq.br\/2987582237634936 Contato:&nbsp;artgoes@ufpr.br Bolsista produtividade em desenvolvimento tecnol\u00f3gico e extens\u00e3o inovadora &#8211; CNPQ. Est\u00e1gio de p\u00f3s-doutorado, Universidade Estadual do Paran\u00e1, tem\u00e1tica da pesquisa &#8220;Pr\u00e1ticas pedag\u00f3gicas inovadoras na Educa\u00e7\u00e3o Matem\u00e1tica Inclusiva: o Desenho Universal para Aprendizagem e a Teoria dos Campos&hellip; <\/p>\n","protected":false},"author":3978,"featured_media":0,"parent":0,"menu_order":0,"comment_status":"closed","ping_status":"closed","template":"","meta":{"footnotes":""},"class_list":["post-1859","page","type-page","status-publish","hentry"],"_links":{"self":[{"href":"https:\/\/exatas.ufpr.br\/ppgecm\/wp-json\/wp\/v2\/pages\/1859","targetHints":{"allow":["GET"]}}],"collection":[{"href":"https:\/\/exatas.ufpr.br\/ppgecm\/wp-json\/wp\/v2\/pages"}],"about":[{"href":"https:\/\/exatas.ufpr.br\/ppgecm\/wp-json\/wp\/v2\/types\/page"}],"author":[{"embeddable":true,"href":"https:\/\/exatas.ufpr.br\/ppgecm\/wp-json\/wp\/v2\/users\/3978"}],"replies":[{"embeddable":true,"href":"https:\/\/exatas.ufpr.br\/ppgecm\/wp-json\/wp\/v2\/comments?post=1859"}],"version-history":[{"count":31,"href":"https:\/\/exatas.ufpr.br\/ppgecm\/wp-json\/wp\/v2\/pages\/1859\/revisions"}],"predecessor-version":[{"id":4056,"href":"https:\/\/exatas.ufpr.br\/ppgecm\/wp-json\/wp\/v2\/pages\/1859\/revisions\/4056"}],"wp:attachment":[{"href":"https:\/\/exatas.ufpr.br\/ppgecm\/wp-json\/wp\/v2\/media?parent=1859"}],"curies":[{"name":"wp","href":"https:\/\/api.w.org\/{rel}","templated":true}]}}