{"id":11,"date":"2016-03-09T18:47:07","date_gmt":"2016-03-09T18:47:07","guid":{"rendered":"https:\/\/exatas.ufpr.br\/ppgecm\/?page_id=11"},"modified":"2024-10-23T17:12:24","modified_gmt":"2024-10-23T17:12:24","slug":"linhas-de-pesquisa","status":"publish","type":"page","link":"https:\/\/exatas.ufpr.br\/ppgecm\/linhas-de-pesquisa\/","title":{"rendered":"Linhas de pesquisa"},"content":{"rendered":"\n<hr class=\"wp-block-separator has-alpha-channel-opacity\" \/>\n\n\n\n<figure class=\"wp-block-table\" style=\"font-size:16px;text-transform:uppercase\"><table class=\"has-black-color has-text-color has-link-color has-fixed-layout\"><thead><tr><th class=\"has-text-align-center\" data-align=\"center\"><strong>LINHA DE PESQUISA<\/strong><\/th><th class=\"has-text-align-center\" data-align=\"center\"><strong>DOCENTES<\/strong><\/th><\/tr><\/thead><tbody><tr><td class=\"has-text-align-center\" data-align=\"center\" rowspan=\"8\"><br \/><strong>Linha 1 \u2013 Forma\u00e7\u00e3o e Desenvolvimento Docente em Ci\u00eancias e Matem\u00e1tica<\/strong> <br \/><br \/>Esta linha visa ampliar a compreens\u00e3o dos processos, desafios e metodologias associados \u00e0 forma\u00e7\u00e3o e ao desenvolvimento profissional docente em Educa\u00e7\u00e3o em Ci\u00eancias e em Matem\u00e1tica, em suas diferentes etapas e contextos. A \u00eanfase \u00e9 colocada em analisar curr\u00edculos e pr\u00e1ticas dos cursos de forma\u00e7\u00e3o inicial e propostas de forma\u00e7\u00e3o continuada, nos diferentes n\u00edveis de ensino em Ci\u00eancias e em Matem\u00e1tica, investigando as possibilidades de integra\u00e7\u00e3o da teoria e da pr\u00e1tica, promovendo e avaliando saberes pertinentes \u00e0 doc\u00eancia explorando a relev\u00e2ncia da decolonialidade e da diversidade nos curr\u00edculos. Os resultados alcan\u00e7ados visam a auxiliar a proposi\u00e7\u00e3o de readequa\u00e7\u00f5es e inova\u00e7\u00f5es pedag\u00f3gicas.<br \/> <mark style=\"background-color:#ffffff\" class=\"has-inline-color has-white-color\">P<\/mark><\/td><td class=\"has-text-align-center\" data-align=\"center\"><a href=\"https:\/\/exatas.ufpr.br\/ppgecm\/elenilton-vieira-godoy\/\" target=\"_blank\" rel=\"noreferrer noopener\"><mark style=\"background-color:#ffffff;color:#3ea4bb\" class=\"has-inline-color\">ELENILTON VIEIRA GODOY<\/mark><\/a><\/td><\/tr><tr><td class=\"has-text-align-center\" data-align=\"center\"><a href=\"http:\/\/exatas.ufpr.br\/ppgecm\/elisangela-de-campos\/\" target=\"_blank\" rel=\"noreferrer noopener\"><mark style=\"background-color:#ffffff;color:#3ea4bb\" class=\"has-inline-color\">ELIS\u00e2NGELA DOS CAMPOS<\/mark><\/a><\/td><\/tr><tr><td class=\"has-text-align-center\" data-align=\"center\"> <a href=\"https:\/\/exatas.ufpr.br\/ppgecm\/eloisa-rosotti-navarro\/\"><mark style=\"background-color:#ffffff;color:#3ea4bb\" class=\"has-inline-color\">ELOISA ROSOTTI NAVARRO<\/mark> <\/a><\/td><\/tr><tr><td class=\"has-text-align-center\" data-align=\"center\"> <a href=\"https:\/\/exatas.ufpr.br\/ppgecm\/emerson-rolkouski\/\" target=\"_blank\" rel=\"noreferrer noopener\"><mark style=\"background-color:#ffffff;color:#3ea4bb\" class=\"has-inline-color\">EMERSON ROLKOUSKI<\/mark><\/a> <\/td><\/tr><tr><td class=\"has-text-align-center\" data-align=\"center\"><a href=\"https:\/\/exatas.ufpr.br\/ppgecm\/gabriel-dos-santos-e-silva\/\"> <mark style=\"background-color:#ffffff;color:#3ea4bb\" class=\"has-inline-color\">GABRIEL DOS SANTOS E SILVA<\/mark> <\/a><\/td><\/tr><tr><td class=\"has-text-align-center\" data-align=\"center\"> <a href=\"https:\/\/exatas.ufpr.br\/ppgecm\/priscila-kabbaz-a-da-costa\/\" target=\"_blank\" rel=\"noreferrer noopener\"><mark style=\"background-color:#ffffff;color:#3ea4bb\" class=\"has-inline-color\">PRISCILA KABBAZ ALVES DA COSTA<\/mark><\/a> <\/td><\/tr><tr><td class=\"has-text-align-center\" data-align=\"center\"> <a href=\"https:\/\/exatas.ufpr.br\/ppgecm\/2016\/08\/15\/sergio-camargo\/\" target=\"_blank\" rel=\"noreferrer noopener\"><mark style=\"background-color:#ffffff;color:#3ea4bb\" class=\"has-inline-color\">SERGIO CAMARGO<\/mark><\/a> <\/td><\/tr><tr><td class=\"has-text-align-center\" data-align=\"center\"> <a href=\"https:\/\/exatas.ufpr.br\/ppgecm\/tania-teresinha-bruns-zimer-2\/\" target=\"_blank\" rel=\"noreferrer noopener\"><mark style=\"background-color:#ffffff;color:#3ea4bb\" class=\"has-inline-color\">TANIA TERESINHA BRUNS ZIMER<\/mark><\/a> <\/td><\/tr><tr><td class=\"has-text-align-center\" data-align=\"center\" rowspan=\"9\"><br \/><strong>Linha 2: Ensino e Aprendizagem em Ci\u00eancias e em Matem\u00e1tica<\/strong><br \/> <br \/>Esta linha de pesquisa concentra-se no desenvolvimento e na implementa\u00e7\u00e3o de estrat\u00e9gias de ensino e de aprendizagem em Ci\u00eancias e em Matem\u00e1tica. A \u00eanfase \u00e9 colocada na integra\u00e7\u00e3o de teorias de aprendizagem contempor\u00e2neas, resultando em pr\u00e1ticas e diretrizes para a cria\u00e7\u00e3o de materiais did\u00e1ticos. A linha aborda a alfabetiza\u00e7\u00e3o matem\u00e1tica e cient\u00edfica e a forma\u00e7\u00e3o cr\u00edtica e ativa de sujeitos, visando a melhoria cont\u00ednua do processo educativo.<br \/> <mark style=\"background-color:#ffffff\" class=\"has-inline-color has-white-color\">P<\/mark> <\/td><td class=\"has-text-align-center\" data-align=\"center\"> <a href=\"https:\/\/exatas.ufpr.br\/ppgecm\/anderson-roges-teixeira-goes\/\" target=\"_blank\" rel=\"noreferrer noopener\"><mark style=\"background-color:#ffffff;color:#3ea4bb\" class=\"has-inline-color\">ANDERSON ROGES TEIXEIRA G\u00d3ES<\/mark><\/a> <\/td><\/tr><tr><td class=\"has-text-align-center\" data-align=\"center\"><a href=\"https:\/\/exatas.ufpr.br\/ppgecm\/heliza-colaco-goes\/\"> <mark style=\"background-color:#ffffff;color:#3ea4bb\" class=\"has-inline-color\">HELIZA COLA\u00c7O G\u00d3ES<\/mark> <\/a><\/td><\/tr><tr><td class=\"has-text-align-center\" data-align=\"center\"><a href=\"http:\/\/exatas.ufpr.br\/ppgecm\/leonir-lorenzetti\/\" target=\"_blank\" rel=\"noreferrer noopener\"><mark style=\"background-color:#ffffff;color:#3ea4bb\" class=\"has-inline-color\">LEONIR LORENZETTI<\/mark><\/a><\/td><\/tr><tr><td class=\"has-text-align-center\" data-align=\"center\"> <a href=\"http:\/\/exatas.ufpr.br\/ppgecm\/marcelo-souza-motta\/\" target=\"_blank\" rel=\"noreferrer noopener\"><mark style=\"background-color:#ffffff;color:#3ea4bb\" class=\"has-inline-color\">MARCELO SOUZA MOTTA<\/mark><\/a> <\/td><\/tr><tr><td class=\"has-text-align-center\" data-align=\"center\"> <a href=\"http:\/\/exatas.ufpr.br\/ppgecm\/2016\/08\/15\/neila-tonin-agranionih\/\" target=\"_blank\" rel=\"noreferrer noopener\"><mark style=\"background-color:#ffffff;color:#3ea4bb\" class=\"has-inline-color\">NEILA TONIN AGRANIONIH<\/mark><\/a> <\/td><\/tr><tr><td class=\"has-text-align-center\" data-align=\"center\"> <a href=\"https:\/\/exatas.ufpr.br\/ppgecm\/roberta-chiesa-bartelmebs\/\"><mark style=\"background-color:#ffffff;color:#3ea4bb\" class=\"has-inline-color\">ROBERTA CHIESA BARTELMEBS<\/mark> <\/a><\/td><\/tr><tr><td class=\"has-text-align-center\" data-align=\"center\"> <a href=\"http:\/\/exatas.ufpr.br\/ppgecm\/ruth-margareth-hofmann\/\" target=\"_blank\" rel=\"noreferrer noopener\"><mark style=\"background-color:#ffffff;color:#3ea4bb\" class=\"has-inline-color\">RUTH MARGARETH HOFMANN<\/mark><\/a> <\/td><\/tr><tr><td class=\"has-text-align-center\" data-align=\"center\"> <a href=\"http:\/\/exatas.ufpr.br\/ppgecm\/2016\/08\/15\/thais-rafaela-hilger\/\" data-type=\"link\" data-id=\"exatas.ufpr.br\/ppgecm\/2016\/08\/15\/thais-rafaela-hilger\/\" target=\"_blank\" rel=\"noreferrer noopener\"><mark style=\"background-color:#ffffff;color:#3ea4bb\" class=\"has-inline-color\">THA\u00cdS RAFAELA HILGER<\/mark><\/a> <\/td><\/tr><tr><td class=\"has-text-align-center\" data-align=\"center\"> <a href=\"http:\/\/exatas.ufpr.br\/ppgecm\/tiago-venturi\/\" target=\"_blank\" rel=\"noreferrer noopener\"><mark style=\"background-color:#ffffff;color:#3ea4bb\" class=\"has-inline-color\">TIAGO VENTURI<\/mark><\/a> <\/td><\/tr><tr><td class=\"has-text-align-center\" data-align=\"center\" rowspan=\"13\"><br \/><br \/><strong>Linha 3: Transversalidade na Educa\u00e7\u00e3o em Ci\u00eancias e em Matem\u00e1tica<\/strong><br \/> <br \/>Esta linha de pesquisa visa explorar as intera\u00e7\u00f5es complexas e multifacetadas da Educa\u00e7\u00e3o em Ci\u00eancias e em Matem\u00e1tica com diversas manifesta\u00e7\u00f5es culturais e de conhecimento que possuem \u00eanfase nos estudos das naturezas-culturas, hist\u00f3rias, epistemologias, filosofias, sociologias, processos de comunica\u00e7\u00e3o e tecnologias. O intuito \u00e9 enriquecer as pr\u00e1ticas formativas e educativas em diversos ambientes formativos, integrando v\u00e1rias perspectivas para uma abordagem educacional hol\u00edstica, interdisciplinar e intercultural.<br \/> <\/td><td class=\"has-text-align-center\" data-align=\"center\"> <a href=\"http:\/\/exatas.ufpr.br\/ppgecm\/camila-silveira-da-silva\/\" target=\"_blank\" rel=\"noreferrer noopener\"><mark style=\"background-color:#ffffff;color:#3ea4bb\" class=\"has-inline-color\">CAMILA SILVEIRA DA SILVA<\/mark><\/a> <\/td><\/tr><tr><td class=\"has-text-align-center\" data-align=\"center\"> <a href=\"https:\/\/exatas.ufpr.br\/ppgecm\/emerson-joucoski\/\" target=\"_blank\" rel=\"noreferrer noopener\"><mark style=\"background-color:#ffffff;color:#3ea4bb\" class=\"has-inline-color\">EMERSON JOUCOSKI<\/mark><\/a> <\/td><\/tr><tr><td class=\"has-text-align-center\" data-align=\"center\"> <a href=\"http:\/\/exatas.ufpr.br\/ppgecm\/everton-bedin\/\" target=\"_blank\" rel=\"noreferrer noopener\"><mark style=\"background-color:#ffffff;color:#3ea4bb\" class=\"has-inline-color\">EVERTON BEDIN<\/mark><\/a> <\/td><\/tr><tr><td class=\"has-text-align-center\" data-align=\"center\"> <a href=\"http:\/\/exatas.ufpr.br\/ppgecm\/joanez-aparecida-aires\/\" target=\"_blank\" rel=\"noreferrer noopener\"><mark style=\"background-color:#ffffff;color:#3ea4bb\" class=\"has-inline-color\">JOANEZ APARECIDA AIRES<\/mark><\/a> <\/td><\/tr><tr><td class=\"has-text-align-center\" data-align=\"center\"> <a href=\"http:\/\/exatas.ufpr.br\/ppgecm\/2016\/08\/15\/jose-carlos-cifuentes\/\"><mark style=\"background-color:#ffffff;color:#3ea4bb\" class=\"has-inline-color\">JOS\u00c9 CARLOS CIFUENTES<\/mark><\/a> <\/td><\/tr><tr><td class=\"has-text-align-center\" data-align=\"center\"> <a href=\"http:\/\/exatas.ufpr.br\/ppgecm\/katia-maria-kasper\/\" target=\"_blank\" rel=\"noreferrer noopener\"><mark style=\"background-color:#ffffff;color:#3ea4bb\" class=\"has-inline-color\">K\u00c1TIA MARIA KASPER<\/mark><\/a> <\/td><\/tr><tr><td class=\"has-text-align-center\" data-align=\"center\"> <a href=\"http:\/\/exatas.ufpr.br\/ppgecm\/marcelo-valerio\/\" target=\"_blank\" rel=\"noreferrer noopener\"><mark style=\"background-color:#ffffff;color:#3ea4bb\" class=\"has-inline-color\">MARCELO VALERIO<\/mark><\/a> <\/td><\/tr><tr><td class=\"has-text-align-center\" data-align=\"center\"> <a href=\"http:\/\/exatas.ufpr.br\/ppgecm\/maria-das-gracas-cleophas\" target=\"_blank\" rel=\"noreferrer noopener\"><mark style=\"background-color:#ffffff;color:#3ea4bb\" class=\"has-inline-color\">MARIA DAS GRA\u00c7AS CLEOPHAS PORTO<\/mark><\/a> <\/td><\/tr><tr><td class=\"has-text-align-center\" data-align=\"center\"> <a href=\"http:\/\/exatas.ufpr.br\/ppgecm\/patricia-barbosa-pereira\/\" target=\"_blank\" rel=\"noreferrer noopener\"><mark style=\"background-color:#ffffff;color:#3ea4bb\" class=\"has-inline-color\">PATR\u00cdCIA BARBOSA PEREIRA<\/mark><\/a> <\/td><\/tr><tr><td class=\"has-text-align-center\" data-align=\"center\"> <a href=\"http:\/\/exatas.ufpr.br\/ppgecm\/roberto-dalmo-v-lima-de-oliveira\/\" target=\"_blank\" rel=\"noreferrer noopener\"><mark style=\"background-color:#ffffff;color:#3ea4bb\" class=\"has-inline-color\">ROBERTO DALMO VARALLO LIMA DE OLIVEIRA<\/mark><\/a> <\/td><\/tr><tr><td class=\"has-text-align-center\" data-align=\"center\"> <a href=\"http:\/\/exatas.ufpr.br\/ppgecm\/roberto-goncalves-barbosa\/\" target=\"_blank\" rel=\"noreferrer noopener\"><mark style=\"background-color:#ffffff;color:#3ea4bb\" class=\"has-inline-color\">ROBERTO GON\u00c7ALVES BARBOSA<\/mark><\/a> <\/td><\/tr><tr><td class=\"has-text-align-center\" data-align=\"center\"><a href=\"https:\/\/exatas.ufpr.br\/ppgecm\/robson-simplicio-de-sousa\/\"> <mark style=\"background-color:#ffffff;color:#3ea4bb\" class=\"has-inline-color\">ROBSON SIMPLICIO DE SOUSA<\/mark> <\/a><\/td><\/tr><tr><td class=\"has-text-align-center\" data-align=\"center\"> <a href=\"http:\/\/exatas.ufpr.br\/ppgecm\/rodrigo-arantes-reis\/\" target=\"_blank\" rel=\"noreferrer noopener\"><mark style=\"background-color:#ffffff;color:#3ea4bb\" class=\"has-inline-color\">RODRIGO ARANTES REIS<\/mark><\/a> <\/td><\/tr><\/tbody><\/table><\/figure>\n\n\n\n<figure class=\"wp-block-table\" style=\"font-size:16px;text-transform:uppercase\"><table class=\"has-black-color has-text-color has-link-color has-fixed-layout\"><tbody><tr><td class=\"has-text-align-center\" data-align=\"center\"><strong>macroprojetos<\/strong><\/td><\/tr><tr><td class=\"has-text-align-center\" data-align=\"center\"><br \/><strong>MACROPROJETO 1 &#8211; Forma\u00e7\u00e3o de Professores: Uma Explora\u00e7\u00e3o Multidimensional de Pol\u00edticas, Metodologias e Pr\u00e1ticas em Educa\u00e7\u00e3o em Ci\u00eancias e em Matem\u00e1tica<\/strong>&nbsp;<br \/><br \/>A abordagem metodol\u00f3gica adotada neste macroprojeto inclui, prioritariamente, pesquisas qualitativas que se utilizam da An\u00e1lise Textual Discursiva, An\u00e1lise do Discurso, An\u00e1lise de Conte\u00fado, Hist\u00f3ria Oral, entre outras. Al\u00e9m disso, para complementar a compreens\u00e3o dos fen\u00f4menos estudados, poder\u00e3o ser incorporadas abordagens quantitativas que permitir\u00e3o a an\u00e1lise estat\u00edstica de dados. Estas, e outras abordagens de natureza interpretativa, permitem explorar diversos instrumentos de composi\u00e7\u00e3o de dados em corpus de pesquisas, como por exemplo: entrevistas, question\u00e1rios e documentos, textuais ou n\u00e3o, a partir dos quais \u00e9 poss\u00edvel analisar e teorizar a respeito de contextos formativos, pr\u00e1ticas did\u00e1ticas.&nbsp;<\/td><\/tr><tr><td class=\"has-text-align-center\" data-align=\"center\"><br \/><strong>MACROPROJETO 2 &#8211; Promovendo dom\u00ednios em Ci\u00eancias e em Matem\u00e1tica: uma jornada pelas teorias de aprendizagem, materiais did\u00e1ticos e pr\u00e1ticas contextualizadas e interdisciplinares<\/strong>.<br \/>&nbsp;<br \/>A metodologia adotada neste macroprojeto, para aprimorar o ensino de Ci\u00eancias e de Matem\u00e1tica, inclui uma revis\u00e3o detalhada da literatura sobre teorias de aprendizagem e pr\u00e1ticas educacionais. Decorrente dessa revis\u00e3o e dos resultados das pesquisas, s\u00e3o elaboradas diretrizes para a produ\u00e7\u00e3o de materiais did\u00e1ticos que se alinham com as abordagens te\u00f3ricas escolhidas. A aprendizagem pode ser realizada por meio de workshops e cursos para implementa\u00e7\u00e3o e an\u00e1lise dessas metodologias e materiais em salas de aula. Uma fase piloto nos contextos de ensino selecionadas permitir\u00e1 a avalia\u00e7\u00e3o pr\u00e1tica dessas abordagens, com constru\u00e7\u00e3o e an\u00e1lise de dados sobre o desempenho dos alunos e a devolutiva dos professores, garantindo uma implementa\u00e7\u00e3o melhorada e adapt\u00e1vel das inova\u00e7\u00f5es pedag\u00f3gicas.&nbsp;<\/td><\/tr><tr><td class=\"has-text-align-center\" data-align=\"center\"><br \/><strong>Macroprojeto 3: Interse\u00e7\u00f5es e di\u00e1logos da Educa\u00e7\u00e3o em Ci\u00eancias e em Matem\u00e1tica com diversas naturezas-culturas<\/strong>&nbsp;<br \/><br \/>O macroprojeto, inserido nesta linha de pesquisa, aborda estudos em v\u00e1rias \u00e1reas de conhecimento, considerando, portanto, a realiza\u00e7\u00e3o de revis\u00f5es bibliogr\u00e1ficas interdisciplinares, essenciais para a constru\u00e7\u00e3o de uma s\u00f3lida fundamenta\u00e7\u00e3o te\u00f3rica. A partir disso, s\u00e3o conduzidas pesquisas qualitativas, quantitativas e mistas, explorando diversos instrumentos, estrat\u00e9gias e metodologias de composi\u00e7\u00e3o, tratamento e an\u00e1lise de dados, com o intuito de descrever, teorizar, ampliar compreens\u00f5es e propor o amadurecimento das intera\u00e7\u00f5es e influ\u00eancias rec\u00edprocas entre as pessoas, os conhecimentos, os ambientes e as manifesta\u00e7\u00f5es culturais estudadas.&nbsp;<\/td><\/tr><\/tbody><\/table><\/figure>\n\n\n\n<div class=\"wp-block-group\"><div class=\"wp-block-group__inner-container is-layout-constrained wp-block-group-is-layout-constrained\"><div class=\"wp-block-image\">\n<figure class=\"alignleft size-full is-resized\"><a href=\"https:\/\/exatas.ufpr.br\/ppgecm\/research-lines\/\" target=\"_blank\" rel=\"noreferrer noopener\"><img loading=\"lazy\" decoding=\"async\" width=\"290\" height=\"153\" src=\"https:\/\/exatas.ufpr.br\/ppgecm\/wp-content\/uploads\/sites\/27\/2024\/09\/euaflag.png\" alt=\"\" class=\"wp-image-3696\" style=\"width:79px;height:auto\" \/><\/a><\/figure><\/div>\n\n\n<p class=\"has-text-align-left has-black-color has-text-color has-link-color has-medium-font-size wp-elements-3202f88ebae15294bc27dc31d39f0603\" style=\"font-style:normal;font-weight:400;letter-spacing:1px\"><a href=\"https:\/\/exatas.ufpr.br\/ppgecm\/research-lines\/\" target=\"_blank\" rel=\"noreferrer noopener\">English version<\/a><\/p>\n\n\n\n<div style=\"height:13px\" aria-hidden=\"true\" class=\"wp-block-spacer\"><\/div>\n<\/div><\/div>\n\n\n<div class=\"wp-block-image\">\n<figure class=\"alignleft size-full is-resized\"><a href=\"https:\/\/exatas.ufpr.br\/ppgecm\/lineas-de-investigacion\/\" target=\"_blank\" rel=\"noreferrer noopener\"><img loading=\"lazy\" decoding=\"async\" width=\"255\" height=\"170\" src=\"https:\/\/exatas.ufpr.br\/ppgecm\/wp-content\/uploads\/sites\/27\/2024\/10\/Flag_of_Spain.svg_-1.png\" alt=\"\" class=\"wp-image-3779\" style=\"width:79px;height:auto\" \/><\/a><\/figure><\/div>\n\n\n<p class=\"has-text-align-left has-black-color has-text-color has-link-color has-medium-font-size wp-elements-82b0f11bb7074d37d0f5a765d5dab017\" style=\"font-style:normal;font-weight:400;letter-spacing:1px\"><a href=\"https:\/\/exatas.ufpr.br\/ppgecm\/lineas-de-investigacion\/\" target=\"_blank\" rel=\"noreferrer noopener\">Version en espa\u00f1ol<\/a><\/p>\n","protected":false},"excerpt":{"rendered":"<p>LINHA DE PESQUISA DOCENTES Linha 1 \u2013 Forma\u00e7\u00e3o e Desenvolvimento Docente em Ci\u00eancias e Matem\u00e1tica Esta linha visa ampliar a compreens\u00e3o dos processos, desafios e metodologias associados \u00e0 forma\u00e7\u00e3o e ao desenvolvimento profissional docente em Educa\u00e7\u00e3o em Ci\u00eancias e em&hellip; <\/p>\n","protected":false},"author":1,"featured_media":0,"parent":0,"menu_order":0,"comment_status":"closed","ping_status":"closed","template":"","meta":{"footnotes":""},"class_list":["post-11","page","type-page","status-publish","hentry"],"_links":{"self":[{"href":"https:\/\/exatas.ufpr.br\/ppgecm\/wp-json\/wp\/v2\/pages\/11","targetHints":{"allow":["GET"]}}],"collection":[{"href":"https:\/\/exatas.ufpr.br\/ppgecm\/wp-json\/wp\/v2\/pages"}],"about":[{"href":"https:\/\/exatas.ufpr.br\/ppgecm\/wp-json\/wp\/v2\/types\/page"}],"author":[{"embeddable":true,"href":"https:\/\/exatas.ufpr.br\/ppgecm\/wp-json\/wp\/v2\/users\/1"}],"replies":[{"embeddable":true,"href":"https:\/\/exatas.ufpr.br\/ppgecm\/wp-json\/wp\/v2\/comments?post=11"}],"version-history":[{"count":25,"href":"https:\/\/exatas.ufpr.br\/ppgecm\/wp-json\/wp\/v2\/pages\/11\/revisions"}],"predecessor-version":[{"id":3780,"href":"https:\/\/exatas.ufpr.br\/ppgecm\/wp-json\/wp\/v2\/pages\/11\/revisions\/3780"}],"wp:attachment":[{"href":"https:\/\/exatas.ufpr.br\/ppgecm\/wp-json\/wp\/v2\/media?parent=11"}],"curies":[{"name":"wp","href":"https:\/\/api.w.org\/{rel}","templated":true}]}}