{"id":69,"date":"2016-02-15T03:36:48","date_gmt":"2016-02-15T03:36:48","guid":{"rendered":"https:\/\/exatas.ufpr.br\/matematica-grad\/?page_id=69"},"modified":"2016-02-15T04:02:57","modified_gmt":"2016-02-15T04:02:57","slug":"ingresso-pse","status":"publish","type":"page","link":"https:\/\/exatas.ufpr.br\/matematica-grad\/ingresso-pse\/","title":{"rendered":"Ingresso &#8211; PSE"},"content":{"rendered":"<p><strong><span class=\"pageName\">Informa\u00e7\u00f5es sobre o PSE<\/span><\/strong><\/p>\n<ul>\n<li>Para entender melhor como funciona o processo seletivo para o Curso de Matem\u00e1tica use a barra de links acima.<\/li>\n<\/ul>\n<ul>\n<li>Para acessar informa\u00e7\u00f5es sobre o PSE de 2006 a 2015 use a caixa de sele\u00e7\u00e3o acima.<\/li>\n<\/ul>\n<ul>\n<li>Para ir direto ao PSE 2016 voc\u00ea pode <a href=\"http:\/\/www.mat.ufpr.br\/graduacao\/matematica\/ingresso\/pse2016\/pse2016.html\">clicar aqui<\/a><\/li>\n<\/ul>\n<p>&nbsp;<\/p>\n","protected":false},"excerpt":{"rendered":"<p>Informa\u00e7\u00f5es sobre o PSE Para entender melhor como funciona o processo seletivo para o Curso de Matem\u00e1tica use a barra de links acima. Para acessar informa\u00e7\u00f5es sobre o PSE de 2006 a 2015 use a caixa de sele\u00e7\u00e3o acima. Para&hellip; <\/p>\n","protected":false},"author":1003,"featured_media":0,"parent":0,"menu_order":0,"comment_status":"closed","ping_status":"closed","template":"","meta":{"footnotes":""},"class_list":["post-69","page","type-page","status-publish","hentry"],"_links":{"self":[{"href":"https:\/\/exatas.ufpr.br\/matematica-grad\/wp-json\/wp\/v2\/pages\/69","targetHints":{"allow":["GET"]}}],"collection":[{"href":"https:\/\/exatas.ufpr.br\/matematica-grad\/wp-json\/wp\/v2\/pages"}],"about":[{"href":"https:\/\/exatas.ufpr.br\/matematica-grad\/wp-json\/wp\/v2\/types\/page"}],"author":[{"embeddable":true,"href":"https:\/\/exatas.ufpr.br\/matematica-grad\/wp-json\/wp\/v2\/users\/1003"}],"replies":[{"embeddable":true,"href":"https:\/\/exatas.ufpr.br\/matematica-grad\/wp-json\/wp\/v2\/comments?post=69"}],"version-history":[{"count":1,"href":"https:\/\/exatas.ufpr.br\/matematica-grad\/wp-json\/wp\/v2\/pages\/69\/revisions"}],"predecessor-version":[{"id":71,"href":"https:\/\/exatas.ufpr.br\/matematica-grad\/wp-json\/wp\/v2\/pages\/69\/revisions\/71"}],"wp:attachment":[{"href":"https:\/\/exatas.ufpr.br\/matematica-grad\/wp-json\/wp\/v2\/media?parent=69"}],"curies":[{"name":"wp","href":"https:\/\/api.w.org\/{rel}","templated":true}]}}