{"id":22,"date":"2016-02-15T02:47:44","date_gmt":"2016-02-15T02:47:44","guid":{"rendered":"https:\/\/exatas.ufpr.br\/matematica-grad\/?page_id=22"},"modified":"2016-02-15T02:50:12","modified_gmt":"2016-02-15T02:50:12","slug":"ajuda","status":"publish","type":"page","link":"https:\/\/exatas.ufpr.br\/matematica-grad\/ajuda\/","title":{"rendered":"Ajuda"},"content":{"rendered":"<h2>Entre em contato conosco<\/h2>\n<p>Em caso de d\u00favidas o melhor canal de contato com a Coordena\u00e7\u00e3o do Curso de Matem\u00e1tica \u00e9 atrav\u00e9s do email.<\/p>\n<blockquote><p><a href=\"mailto:coordenacao.mat.ufpr@gmail.com\" target=\"_blank\">coordenacao.mat.ufpr@gmail.com<\/a><\/p><\/blockquote>\n","protected":false},"excerpt":{"rendered":"<p>Entre em contato conosco Em caso de d\u00favidas o melhor canal de contato com a Coordena\u00e7\u00e3o do Curso de Matem\u00e1tica \u00e9 atrav\u00e9s do email. coordenacao.mat.ufpr@gmail.com<\/p>\n","protected":false},"author":1003,"featured_media":0,"parent":0,"menu_order":0,"comment_status":"closed","ping_status":"closed","template":"","meta":{"footnotes":""},"class_list":["post-22","page","type-page","status-publish","hentry"],"_links":{"self":[{"href":"https:\/\/exatas.ufpr.br\/matematica-grad\/wp-json\/wp\/v2\/pages\/22","targetHints":{"allow":["GET"]}}],"collection":[{"href":"https:\/\/exatas.ufpr.br\/matematica-grad\/wp-json\/wp\/v2\/pages"}],"about":[{"href":"https:\/\/exatas.ufpr.br\/matematica-grad\/wp-json\/wp\/v2\/types\/page"}],"author":[{"embeddable":true,"href":"https:\/\/exatas.ufpr.br\/matematica-grad\/wp-json\/wp\/v2\/users\/1003"}],"replies":[{"embeddable":true,"href":"https:\/\/exatas.ufpr.br\/matematica-grad\/wp-json\/wp\/v2\/comments?post=22"}],"version-history":[{"count":1,"href":"https:\/\/exatas.ufpr.br\/matematica-grad\/wp-json\/wp\/v2\/pages\/22\/revisions"}],"predecessor-version":[{"id":24,"href":"https:\/\/exatas.ufpr.br\/matematica-grad\/wp-json\/wp\/v2\/pages\/22\/revisions\/24"}],"wp:attachment":[{"href":"https:\/\/exatas.ufpr.br\/matematica-grad\/wp-json\/wp\/v2\/media?parent=22"}],"curies":[{"name":"wp","href":"https:\/\/api.w.org\/{rel}","templated":true}]}}