{"id":141,"date":"2015-10-08T17:52:22","date_gmt":"2015-10-08T17:52:22","guid":{"rendered":"https:\/\/exatas.ufpr.br\/degraf_marciocarboni\/?page_id=141"},"modified":"2016-07-04T20:54:59","modified_gmt":"2016-07-04T20:54:59","slug":"ceg218-desenho-arquitetonico-i","status":"publish","type":"page","link":"https:\/\/exatas.ufpr.br\/degraf_marciocarboni\/disciplinas\/ceg218-desenho-arquitetonico-i\/","title":{"rendered":"CEG218 \u2013 Desenho arquitet\u00f4nico I"},"content":{"rendered":"<ul>\n<li>Curso de Express\u00e3o Gr\u00e1fica<\/li>\n<\/ul>\n<h4><span style=\"text-decoration: underline\">Materiais da disciplina:<\/span><\/h4>\n<div class=\"not4\"><a href=\"https:\/\/exatas.ufpr.br\/degraf_marciocarboni\/wp-content\/uploads\/sites\/19\/2015\/02\/UFPR_CEG218A-Des-Arquitet\u00f4nico-I_AJUSTE3_Calendario_2015.pdf\" target=\"_blank\">CEG218A &#8211; Plano de ensino e Calend\u00e1rio_2015<\/a><\/div>\n<div class=\"not4\"><a href=\"https:\/\/exatas.ufpr.br\/degraf_marciocarboni\/wp-content\/uploads\/sites\/19\/2015\/02\/FOLHA-PADR\u00c3O-A3.pdf\" target=\"_blank\">FOLHA PADR\u00c3O A3<\/a><\/div>\n<div class=\"not4\"><a href=\"https:\/\/exatas.ufpr.br\/degraf_marciocarboni\/wp-content\/uploads\/sites\/19\/2015\/02\/NBR-6492-REPRESENTACAO-DE-PROJETOS-DE-ARQUITETURA.pdf\" target=\"_blank\">NBR 6492<\/a><\/div>\n<div class=\"not4\"><a href=\"https:\/\/exatas.ufpr.br\/degraf_marciocarboni\/wp-content\/uploads\/sites\/19\/2015\/02\/ESCALAS.pdf\">Aula ESCALAS<\/a><\/div>\n<div class=\"not4\"><a href=\"https:\/\/exatas.ufpr.br\/degraf_marciocarboni\/wp-content\/uploads\/sites\/19\/2015\/10\/AULA-PROJETO-ARQUITET\u00d4NICO.pdf\">Aula\u00a0PROJETO ARQUITET\u00d4NICO<\/a><\/div>\n<div class=\"not4\"><a href=\"https:\/\/exatas.ufpr.br\/degraf_marciocarboni\/wp-content\/uploads\/sites\/19\/2015\/10\/COBERTURAS.pdf\" target=\"_blank\">Aula COBERTURAS<\/a><\/div>\n<div class=\"not4\"><a href=\"https:\/\/exatas.ufpr.br\/degraf_marciocarboni\/wp-content\/uploads\/sites\/19\/2015\/10\/aula-par\u00e2metros-construtivos.pdf\" target=\"_blank\">Aula PAR\u00c2METROS CONSTRUTIVOS<\/a><\/div>\n<div class=\"not4\"><a href=\"https:\/\/www.dropbox.com\/sh\/z5rz4tpbg5my0ma\/AAApFVqcxoQskC1GG0MO9ikfa?dl=0\" target=\"_blank\">Livros e Apostilas<\/a><\/div>\n<div class=\"not4\"><a href=\"https:\/\/exatas.ufpr.br\/degraf_marciocarboni\/wp-content\/uploads\/sites\/19\/2015\/10\/CEG218-TEMA-2.pdf\" target=\"_blank\">TEMA 2<\/a><\/div>\n<div class=\"not4\"><a href=\"https:\/\/www.dropbox.com\/sh\/fgb1kokhh3pziop\/AADoUCv2IrBFxi9eSdGXM2tra?dl=0\" target=\"_blank\">Exemplos memoriais<\/a><\/div>\n","protected":false},"excerpt":{"rendered":"<p>Curso de Express\u00e3o Gr\u00e1fica Materiais da disciplina: CEG218A &#8211; Plano de ensino e Calend\u00e1rio_2015 FOLHA PADR\u00c3O A3 NBR 6492 Aula ESCALAS Aula\u00a0PROJETO ARQUITET\u00d4NICO Aula COBERTURAS Aula PAR\u00c2METROS CONSTRUTIVOS Livros e Apostilas TEMA 2 Exemplos memoriais<\/p>\n","protected":false},"author":26,"featured_media":0,"parent":7,"menu_order":0,"comment_status":"closed","ping_status":"closed","template":"","meta":{"footnotes":""},"class_list":["post-141","page","type-page","status-publish","hentry"],"_links":{"self":[{"href":"https:\/\/exatas.ufpr.br\/degraf_marciocarboni\/wp-json\/wp\/v2\/pages\/141","targetHints":{"allow":["GET"]}}],"collection":[{"href":"https:\/\/exatas.ufpr.br\/degraf_marciocarboni\/wp-json\/wp\/v2\/pages"}],"about":[{"href":"https:\/\/exatas.ufpr.br\/degraf_marciocarboni\/wp-json\/wp\/v2\/types\/page"}],"author":[{"embeddable":true,"href":"https:\/\/exatas.ufpr.br\/degraf_marciocarboni\/wp-json\/wp\/v2\/users\/26"}],"replies":[{"embeddable":true,"href":"https:\/\/exatas.ufpr.br\/degraf_marciocarboni\/wp-json\/wp\/v2\/comments?post=141"}],"version-history":[{"count":17,"href":"https:\/\/exatas.ufpr.br\/degraf_marciocarboni\/wp-json\/wp\/v2\/pages\/141\/revisions"}],"predecessor-version":[{"id":292,"href":"https:\/\/exatas.ufpr.br\/degraf_marciocarboni\/wp-json\/wp\/v2\/pages\/141\/revisions\/292"}],"up":[{"embeddable":true,"href":"https:\/\/exatas.ufpr.br\/degraf_marciocarboni\/wp-json\/wp\/v2\/pages\/7"}],"wp:attachment":[{"href":"https:\/\/exatas.ufpr.br\/degraf_marciocarboni\/wp-json\/wp\/v2\/media?parent=141"}],"curies":[{"name":"wp","href":"https:\/\/api.w.org\/{rel}","templated":true}]}}