{"id":18,"date":"2014-09-22T14:38:45","date_gmt":"2014-09-22T17:38:45","guid":{"rendered":"https:\/\/exatas.ufpr.br\/degraf_luzia\/?page_id=18"},"modified":"2014-09-22T16:40:33","modified_gmt":"2014-09-22T19:40:33","slug":"projetos","status":"publish","type":"page","link":"https:\/\/exatas.ufpr.br\/degraf_luzia\/projetos\/","title":{"rendered":"Projetos"},"content":{"rendered":"<p>Projetos \u2192 Transporte Escolar do Paran\u00e1<br \/>\nDesenvolvimento de t\u00e9cnicas de resolu\u00e7\u00e3o do problema da determina\u00e7\u00e3o de rotas para o Transporte Escolar do estado do Paran\u00e1. T\u00e9cnica de determina\u00e7\u00e3o de pontos de parada (Siqueira, Souza, 2010):<br \/>\nCURITIBA<\/p>\n<p><a href=\"https:\/\/exatas.ufpr.br\/degraf_luzia\/wp-content\/uploads\/sites\/5\/2014\/09\/pontos_parada_t1-e1411414196827.png\"><img loading=\"lazy\" decoding=\"async\" class=\"alignnone size-large wp-image-78\" src=\"https:\/\/exatas.ufpr.br\/degraf_luzia\/wp-content\/uploads\/sites\/5\/2014\/09\/pontos_parada_t1-1024x807.png\" alt=\"pontos_parada_t1\" width=\"700\" height=\"551\" \/><\/a><\/p>\n<p>PLANALTO<\/p>\n<p>pontosDeParadaPlanalto<\/p>\n<p><a href=\"https:\/\/exatas.ufpr.br\/degraf_luzia\/wp-content\/uploads\/sites\/5\/2014\/09\/pontos_parada_t-1.png\"><img loading=\"lazy\" decoding=\"async\" class=\"alignnone size-large wp-image-86\" src=\"https:\/\/exatas.ufpr.br\/degraf_luzia\/wp-content\/uploads\/sites\/5\/2014\/09\/pontos_parada_t-1-1024x807.png\" alt=\"pontos_parada_t (1)\" width=\"700\" height=\"551\" srcset=\"https:\/\/exatas.ufpr.br\/degraf_luzia\/wp-content\/uploads\/sites\/5\/2014\/09\/pontos_parada_t-1-1024x807.png 1024w, https:\/\/exatas.ufpr.br\/degraf_luzia\/wp-content\/uploads\/sites\/5\/2014\/09\/pontos_parada_t-1-300x236.png 300w, https:\/\/exatas.ufpr.br\/degraf_luzia\/wp-content\/uploads\/sites\/5\/2014\/09\/pontos_parada_t-1.png 1220w\" sizes=\"auto, (max-width: 700px) 100vw, 700px\" \/><\/a><\/p>\n<p>Rotas determinadas com a t\u00e9cnica Local Based Heuristic adaptada (ALBH) (Siqueira, Souza, 2010):<\/p>\n<p>CURITIBA<\/p>\n<p>TrajetosCuritiba<\/p>\n<p><a href=\"https:\/\/exatas.ufpr.br\/degraf_luzia\/wp-content\/uploads\/sites\/5\/2014\/09\/trajetos_t1-1.png\"><img loading=\"lazy\" decoding=\"async\" class=\"alignnone size-large wp-image-88\" src=\"https:\/\/exatas.ufpr.br\/degraf_luzia\/wp-content\/uploads\/sites\/5\/2014\/09\/trajetos_t1-1-1024x807.png\" alt=\"trajetos_t1 (1)\" width=\"700\" height=\"551\" srcset=\"https:\/\/exatas.ufpr.br\/degraf_luzia\/wp-content\/uploads\/sites\/5\/2014\/09\/trajetos_t1-1-1024x807.png 1024w, https:\/\/exatas.ufpr.br\/degraf_luzia\/wp-content\/uploads\/sites\/5\/2014\/09\/trajetos_t1-1-300x236.png 300w, https:\/\/exatas.ufpr.br\/degraf_luzia\/wp-content\/uploads\/sites\/5\/2014\/09\/trajetos_t1-1.png 1472w\" sizes=\"auto, (max-width: 700px) 100vw, 700px\" \/><\/a><\/p>\n<p>&nbsp;<\/p>\n<p>&nbsp;<\/p>\n","protected":false},"excerpt":{"rendered":"<p>Projetos \u2192 Transporte Escolar do Paran\u00e1 Desenvolvimento de t\u00e9cnicas de resolu\u00e7\u00e3o do problema da determina\u00e7\u00e3o de rotas para o Transporte Escolar do estado do Paran\u00e1. T\u00e9cnica de determina\u00e7\u00e3o de pontos de parada (Siqueira, Souza, 2010): CURITIBA PLANALTO pontosDeParadaPlanalto Rotas determinadas&hellip; <\/p>\n","protected":false},"author":1,"featured_media":0,"parent":0,"menu_order":0,"comment_status":"closed","ping_status":"closed","template":"","meta":{"footnotes":""},"class_list":["post-18","page","type-page","status-publish","hentry"],"_links":{"self":[{"href":"https:\/\/exatas.ufpr.br\/degraf_luzia\/wp-json\/wp\/v2\/pages\/18","targetHints":{"allow":["GET"]}}],"collection":[{"href":"https:\/\/exatas.ufpr.br\/degraf_luzia\/wp-json\/wp\/v2\/pages"}],"about":[{"href":"https:\/\/exatas.ufpr.br\/degraf_luzia\/wp-json\/wp\/v2\/types\/page"}],"author":[{"embeddable":true,"href":"https:\/\/exatas.ufpr.br\/degraf_luzia\/wp-json\/wp\/v2\/users\/1"}],"replies":[{"embeddable":true,"href":"https:\/\/exatas.ufpr.br\/degraf_luzia\/wp-json\/wp\/v2\/comments?post=18"}],"version-history":[{"count":10,"href":"https:\/\/exatas.ufpr.br\/degraf_luzia\/wp-json\/wp\/v2\/pages\/18\/revisions"}],"predecessor-version":[{"id":91,"href":"https:\/\/exatas.ufpr.br\/degraf_luzia\/wp-json\/wp\/v2\/pages\/18\/revisions\/91"}],"wp:attachment":[{"href":"https:\/\/exatas.ufpr.br\/degraf_luzia\/wp-json\/wp\/v2\/media?parent=18"}],"curies":[{"name":"wp","href":"https:\/\/api.w.org\/{rel}","templated":true}]}}