{"id":736,"date":"2018-07-30T07:48:20","date_gmt":"2018-07-30T10:48:20","guid":{"rendered":"https:\/\/exatas.ufpr.br\/degraf_arabella\/?page_id=736"},"modified":"2018-12-13T08:06:35","modified_gmt":"2018-12-13T11:06:35","slug":"cd029-desenho-tecnico","status":"publish","type":"page","link":"https:\/\/exatas.ufpr.br\/degraf_arabella\/cd029-desenho-tecnico\/","title":{"rendered":"CD029 &#8211; Desenho T\u00e9cnico"},"content":{"rendered":"<p><a href=\"https:\/\/exatas.ufpr.br\/degraf_arabella\/wp-content\/uploads\/sites\/28\/2018\/07\/FICHA2-CD029.pdf\">FICHA2-CD029<\/a><\/p>\n<p><a href=\"https:\/\/exatas.ufpr.br\/degraf_arabella\/wp-content\/uploads\/sites\/28\/2018\/07\/Apresenta\u00e7\u00e3o-Desenho-T\u00e9cnico-1.pdf\">Apresenta\u00e7\u00e3o Desenho T\u00e9cnico<\/a><\/p>\n<p><a href=\"https:\/\/exatas.ufpr.br\/degraf_arabella\/wp-content\/uploads\/sites\/28\/2016\/08\/NBR_8402_Execucao_de_caracter_para_escrita_em_desenho_tecnico.pdf\">NBR_8402_Execucao_de_caracter_para_escrita_em_desenho_tecnico<\/a><\/p>\n<p><a href=\"https:\/\/exatas.ufpr.br\/degraf_arabella\/wp-content\/uploads\/sites\/28\/2018\/07\/Exerc\u00edcio-letra-t\u00e9cnica.pdf\">Exerc\u00edcio letra t\u00e9cnica<\/a><\/p>\n<p><a href=\"https:\/\/exatas.ufpr.br\/degraf_arabella\/wp-content\/uploads\/sites\/28\/2018\/07\/O-que-\u00e9-Desenho-T\u00e9cnico-.pdf\">O que \u00e9 Desenho T\u00e9cnico-<\/a><\/p>\n<p><a href=\"https:\/\/exatas.ufpr.br\/degraf_arabella\/wp-content\/uploads\/sites\/28\/2016\/08\/NBR10067_Principios-gerais-em-desenho-tecnico-1.pdf\">NBR10067_Principios gerais em desenho tecnico<\/a><\/p>\n<p><a href=\"https:\/\/exatas.ufpr.br\/degraf_arabella\/wp-content\/uploads\/sites\/28\/2018\/07\/Exerc\u00edcios-croqui.pdf\">Exerc\u00edcios croqui<\/a><\/p>\n<p><a href=\"https:\/\/exatas.ufpr.br\/degraf_arabella\/wp-content\/uploads\/sites\/28\/2016\/08\/NBR_8403_Tipos-de-linhas.pdf\">NBR_8403_Tipos-de-linhas<\/a><\/p>\n<p><a href=\"https:\/\/exatas.ufpr.br\/degraf_arabella\/wp-content\/uploads\/sites\/28\/2018\/07\/Exerc\u00edcios-Linhas.pdf\">Exerc\u00edcios Linhas<\/a><\/p>\n<p><a href=\"https:\/\/exatas.ufpr.br\/degraf_arabella\/wp-content\/uploads\/sites\/28\/2016\/08\/NBR_8196-Emprego_de_Escalas.pdf\">NBR_8196 &#8211; Emprego_de_Escalas<\/a><\/p>\n<p><a href=\"https:\/\/exatas.ufpr.br\/degraf_arabella\/wp-content\/uploads\/sites\/28\/2018\/07\/Exerc\u00edcios-escala.pdf\">Exerc\u00edcios escala<\/a><\/p>\n<p><a href=\"https:\/\/exatas.ufpr.br\/degraf_arabella\/wp-content\/uploads\/sites\/28\/2018\/07\/Cortes.pdf\">Cortes<\/a><\/p>\n<p><a href=\"https:\/\/exatas.ufpr.br\/degraf_arabella\/wp-content\/uploads\/sites\/28\/2016\/08\/NBR-12298-hachuras.pdf\">NBR 12298 &#8211; hachuras<\/a><\/p>\n<p>Prezados alunos,<\/p>\n<p>Abaixo segue a planilha de avalia\u00e7\u00e3o dos exerc\u00edcios. Procurei por voc\u00eas em\u00a027\/09, mas n\u00e3o os encontrei para entregar os exerc\u00edcios corrigidos. Fico a disposi\u00e7\u00e3o de voc\u00eas na pr\u00f3xima quinta, dia 04\/10, das 8h \u00e0s 11h, no meu gabinete, para devolver exerc\u00edcios e esclarecer d\u00favidas: pr\u00e9dio de Ci\u00eancias Exatas, 4\u00ba andar, sala 417.<\/p>\n<p><a href=\"https:\/\/exatas.ufpr.br\/degraf_arabella\/wp-content\/uploads\/sites\/28\/2018\/07\/Avalia\u00e7\u00e3o-CD029_2018-Exerc\u00edcios-1-1.pdf\">Avalia\u00e7\u00e3o CD029_2018 &#8211; Exerc\u00edcios 1<\/a><\/p>\n<p>Lembrete: dia 08\/10, segunda-feira: prova<\/p>\n<p>Exerc\u00edcio para o dia 10\/10, quarta-feira: no xerox<\/p>\n<p>Exerc\u00edcio para o dia 15\/10, segunda-feira: imprimir o arquivo\u00a0<a href=\"https:\/\/exatas.ufpr.br\/degraf_arabella\/wp-content\/uploads\/sites\/28\/2018\/07\/planta_baixa.pdf\">planta_baixa<\/a>\u00a0e trazer uma folha de papel sulfite A3 para a aula<\/p>\n<p><a href=\"https:\/\/exatas.ufpr.br\/degraf_arabella\/wp-content\/uploads\/sites\/28\/2016\/08\/NBR_10068_-_NB_1087_-_Folha_de_desenho.pdf\">NBR_10068_-_NB_1087_-_Folha_de_desenho<\/a><\/p>\n<p><a href=\"https:\/\/exatas.ufpr.br\/degraf_arabella\/wp-content\/uploads\/sites\/28\/2016\/08\/NBR_13142_-_Desenho_Tecnico_-_Dobramento_De_Copia.pdf\">NBR_13142_-_Desenho_Tecnico_-_Dobramento_De_Copia<\/a><\/p>\n<p><a href=\"https:\/\/exatas.ufpr.br\/degraf_arabella\/wp-content\/uploads\/sites\/28\/2016\/03\/NBR-6492-94-Representa\u00e7\u00e3o-de-Projeto-de-Arquitetura.pdf\">NBR 6492 94 Representa\u00e7\u00e3o de Projeto de Arquitetura<\/a><\/p>\n<p><a href=\"https:\/\/exatas.ufpr.br\/degraf_arabella\/wp-content\/uploads\/sites\/28\/2018\/07\/Avalia\u00e7\u00e3o-CD029_2018-Prova-1.pdf\">Avalia\u00e7\u00e3o CD029_2018 &#8211; Prova 1<\/a><\/p>\n<p><a href=\"https:\/\/exatas.ufpr.br\/degraf_arabella\/wp-content\/uploads\/sites\/28\/2018\/07\/Avalia\u00e7\u00e3o-CD029_2018-M\u00e9dia-1.pdf\">Avalia\u00e7\u00e3o CD029_2018 &#8211; M\u00e9dia 1<\/a><\/p>\n<p><a href=\"https:\/\/exatas.ufpr.br\/degraf_arabella\/wp-content\/uploads\/sites\/28\/2018\/07\/Planta-baixa.pdf\">Planta baixa<\/a><\/p>\n<p><a href=\"https:\/\/exatas.ufpr.br\/degraf_arabella\/wp-content\/uploads\/sites\/28\/2016\/03\/NBR-6492-94-Representa\u00e7\u00e3o-de-Projeto-de-Arquitetura.pdf\">NBR 6492 94 Representa\u00e7\u00e3o de Projeto de Arquitetura<\/a><\/p>\n<p><a href=\"https:\/\/exatas.ufpr.br\/degraf_arabella\/wp-content\/uploads\/sites\/28\/2016\/08\/NBR_10126_Cotagem.pdf\">NBR_10126_Cotagem<\/a><\/p>\n<p>Exerc\u00edcios de Autocad:<\/p>\n<p style=\"padding-left: 30px\"><a href=\"https:\/\/exatas.ufpr.br\/degraf_arabella\/wp-content\/uploads\/sites\/28\/2016\/03\/Exerc\u00edcios-1_linhas.pdf\">Exerc\u00edcios 1_linhas<\/a><\/p>\n<p style=\"padding-left: 30px\"><a href=\"https:\/\/exatas.ufpr.br\/degraf_arabella\/wp-content\/uploads\/sites\/28\/2016\/03\/Exerc\u00edcios-2_c\u00edrculos.pdf\">Exerc\u00edcios 2_c\u00edrculos<\/a><\/p>\n<p style=\"padding-left: 30px\"><a href=\"https:\/\/exatas.ufpr.br\/degraf_arabella\/wp-content\/uploads\/sites\/28\/2016\/03\/Exerc\u00edcios-3_arcos.pdf\">Exerc\u00edcios 3_arcos<\/a><\/p>\n<p style=\"padding-left: 30px\"><a href=\"https:\/\/exatas.ufpr.br\/degraf_arabella\/wp-content\/uploads\/sites\/28\/2016\/03\/Exerc\u00edcios-4_pol\u00edgonos-ret\u00e2ngulos-edi\u00e7\u00e3o.pdf\">Exerc\u00edcios 4_pol\u00edgonos, ret\u00e2ngulos, edi\u00e7\u00e3o<\/a><\/p>\n<p style=\"padding-left: 30px\"><a href=\"https:\/\/exatas.ufpr.br\/degraf_arabella\/wp-content\/uploads\/sites\/28\/2016\/03\/Exerc\u00edcios-5_arcos_edi\u00e7\u00e3o.pdf\">Exerc\u00edcios 5_arcos_edi\u00e7\u00e3o<\/a><\/p>\n<p style=\"padding-left: 30px\"><a href=\"https:\/\/exatas.ufpr.br\/degraf_arabella\/wp-content\/uploads\/sites\/28\/2016\/03\/Exerc\u00edcios-6_constru\u00e7\u00e3o-e-edi\u00e7\u00e3o.pdf\">Exerc\u00edcios 6_constru\u00e7\u00e3o e edi\u00e7\u00e3o<\/a><\/p>\n<p style=\"padding-left: 30px\"><a href=\"https:\/\/exatas.ufpr.br\/degraf_arabella\/wp-content\/uploads\/sites\/28\/2016\/03\/Exerc\u00edcios-7_edi\u00e7\u00e3o.pdf\">Exerc\u00edcios 7_edi\u00e7\u00e3o<\/a><\/p>\n<p style=\"padding-left: 30px\"><a href=\"https:\/\/exatas.ufpr.br\/degraf_arabella\/wp-content\/uploads\/sites\/28\/2016\/03\/Exerc\u00edcios-8_array-e-edi\u00e7\u00e3o.pdf\">Exerc\u00edcios 8_array e edi\u00e7\u00e3o<\/a><\/p>\n<p style=\"padding-left: 30px\"><a href=\"https:\/\/exatas.ufpr.br\/degraf_arabella\/wp-content\/uploads\/sites\/28\/2016\/03\/Exerc\u00edcios-9_array-e-edi\u00e7\u00e3o.pdf\">Exerc\u00edcios 9_array e edi\u00e7\u00e3o<\/a><\/p>\n<p style=\"padding-left: 30px\"><a href=\"https:\/\/exatas.ufpr.br\/degraf_arabella\/wp-content\/uploads\/sites\/28\/2016\/03\/Exerc\u00edcios-10_hachuras.pdf\">Exerc\u00edcios 10_hachuras<\/a><\/p>\n<p style=\"padding-left: 30px\"><a href=\"https:\/\/exatas.ufpr.br\/degraf_arabella\/wp-content\/uploads\/sites\/28\/2016\/03\/Apostila-Autocad-2014.pdf\">Apostila Autocad 2014<\/a><\/p>\n<p><a href=\"https:\/\/exatas.ufpr.br\/degraf_arabella\/wp-content\/uploads\/sites\/28\/2018\/07\/Avalia\u00e7\u00e3o-CD029_2018-Exerc\u00edcios-2.pdf\">Avalia\u00e7\u00e3o CD029_2018 &#8211; Exerc\u00edcios 2<\/a><\/p>\n<p><a href=\"https:\/\/exatas.ufpr.br\/degraf_arabella\/wp-content\/uploads\/sites\/28\/2018\/07\/Avalia\u00e7\u00e3o-CD029_2018-Frequ\u00eancia.pdf\">Avalia\u00e7\u00e3o CD029_2018 &#8211; Frequ\u00eancia<\/a><\/p>\n<p><a href=\"https:\/\/exatas.ufpr.br\/degraf_arabella\/wp-content\/uploads\/sites\/28\/2018\/07\/Avalia\u00e7\u00e3o-CD029_2018-Prova-2.pdf\">Avalia\u00e7\u00e3o CD029_2018 &#8211; Prova 2<\/a><\/p>\n<p><a href=\"https:\/\/exatas.ufpr.br\/degraf_arabella\/wp-content\/uploads\/sites\/28\/2018\/07\/Avalia\u00e7\u00e3o-CD029_2018-M\u00e9dia-2.pdf\">Avalia\u00e7\u00e3o CD029_2018 &#8211; M\u00e9dia 2<\/a><\/p>\n<p><a href=\"https:\/\/exatas.ufpr.br\/degraf_arabella\/wp-content\/uploads\/sites\/28\/2018\/07\/Avalia\u00e7\u00e3o-CD029_2018-M\u00e9dia-final.pdf\">Avalia\u00e7\u00e3o CD029_2018 &#8211; M\u00e9dia final<\/a><\/p>\n<p>Datas para atendimento sobre a prova (na minha sala, bloco PA, 4\u00ba andar, sala 417) &#8211; 29\/11 das 8h \u00e0s 11h ou 03\/11 das 8h \u00e0s 10h<\/p>\n<p>Data de realiza\u00e7\u00e3o do Exame Final (na PL07) &#8211; 10\/12 no hor\u00e1rio da aula<\/p>\n<p><a href=\"https:\/\/exatas.ufpr.br\/degraf_arabella\/wp-content\/uploads\/sites\/28\/2018\/07\/Avalia\u00e7\u00e3o-CD029_2018-Prova-1_atualizada.pdf\">Avalia\u00e7\u00e3o CD029_2018 &#8211; Prova 1_atualizada<\/a><\/p>\n<p><a href=\"https:\/\/exatas.ufpr.br\/degraf_arabella\/wp-content\/uploads\/sites\/28\/2018\/07\/Avalia\u00e7\u00e3o-CD029_2018-M\u00e9dia-1_atualizada.pdf\">Avalia\u00e7\u00e3o CD029_2018 &#8211; M\u00e9dia 1_atualizada<\/a><\/p>\n<p><a href=\"https:\/\/exatas.ufpr.br\/degraf_arabella\/wp-content\/uploads\/sites\/28\/2018\/07\/Avalia\u00e7\u00e3o-CD029_2018-M\u00e9dia-final_atualizada.pdf\">Avalia\u00e7\u00e3o CD029_2018 &#8211; M\u00e9dia final_atualizada<\/a><\/p>\n<p><a href=\"https:\/\/exatas.ufpr.br\/degraf_arabella\/wp-content\/uploads\/sites\/28\/2018\/07\/Avalia\u00e7\u00e3o-CD029_2018-Exame-final.pdf\">Avalia\u00e7\u00e3o CD029_2018 &#8211; Exame final<\/a><\/p>\n","protected":false},"excerpt":{"rendered":"<p>FICHA2-CD029 Apresenta\u00e7\u00e3o Desenho T\u00e9cnico NBR_8402_Execucao_de_caracter_para_escrita_em_desenho_tecnico Exerc\u00edcio letra t\u00e9cnica O que \u00e9 Desenho T\u00e9cnico- NBR10067_Principios gerais em desenho tecnico Exerc\u00edcios croqui NBR_8403_Tipos-de-linhas Exerc\u00edcios Linhas NBR_8196 &#8211; Emprego_de_Escalas Exerc\u00edcios escala Cortes NBR 12298 &#8211; hachuras Prezados alunos, Abaixo segue a planilha de&hellip; <\/p>\n","protected":false},"author":3979,"featured_media":0,"parent":0,"menu_order":0,"comment_status":"closed","ping_status":"closed","template":"","meta":{"footnotes":""},"class_list":["post-736","page","type-page","status-publish","hentry"],"_links":{"self":[{"href":"https:\/\/exatas.ufpr.br\/degraf_arabella\/wp-json\/wp\/v2\/pages\/736","targetHints":{"allow":["GET"]}}],"collection":[{"href":"https:\/\/exatas.ufpr.br\/degraf_arabella\/wp-json\/wp\/v2\/pages"}],"about":[{"href":"https:\/\/exatas.ufpr.br\/degraf_arabella\/wp-json\/wp\/v2\/types\/page"}],"author":[{"embeddable":true,"href":"https:\/\/exatas.ufpr.br\/degraf_arabella\/wp-json\/wp\/v2\/users\/3979"}],"replies":[{"embeddable":true,"href":"https:\/\/exatas.ufpr.br\/degraf_arabella\/wp-json\/wp\/v2\/comments?post=736"}],"version-history":[{"count":25,"href":"https:\/\/exatas.ufpr.br\/degraf_arabella\/wp-json\/wp\/v2\/pages\/736\/revisions"}],"predecessor-version":[{"id":862,"href":"https:\/\/exatas.ufpr.br\/degraf_arabella\/wp-json\/wp\/v2\/pages\/736\/revisions\/862"}],"wp:attachment":[{"href":"https:\/\/exatas.ufpr.br\/degraf_arabella\/wp-json\/wp\/v2\/media?parent=736"}],"curies":[{"name":"wp","href":"https:\/\/api.w.org\/{rel}","templated":true}]}}