{"id":156,"date":"2014-12-05T11:36:53","date_gmt":"2014-12-05T11:36:53","guid":{"rendered":"https:\/\/exatas.ufpr.br\/degraf_adrianavaz\/?page_id=156"},"modified":"2022-09-14T18:17:32","modified_gmt":"2022-09-14T18:17:32","slug":"projetos-e-cursos","status":"publish","type":"page","link":"https:\/\/exatas.ufpr.br\/degraf_adrianavaz\/projetos-e-cursos\/","title":{"rendered":"Publica\u00e7\u00f5es e orienta\u00e7\u00f5es"},"content":{"rendered":"<h4>\u00a0Resumos expandidos:<\/h4>\n<p><strong>2019:<\/strong> EDUCERE_Narrativas est\u00e9ticas: entradas te\u00f3ricas e metodol\u00f3gicas no \u00e2mbito da Educa\u00e7\u00e3o;<\/p>\n<p><strong>2019:<\/strong> EDUCERE_As experi\u00eancias est\u00e9ticas com a obra de Salvador Dali (&#8230;);<\/p>\n<p><strong>2019:<\/strong> EDUCERE_Literatura infantil e o uso de imagens na educa\u00e7\u00e3o das rela\u00e7\u00f5es raciais, (&#8230;);<\/p>\n<p><strong>2018:<\/strong> CIHELA_O Est\u00e9tico pelo geom\u00e9trico: o desenho ornamental (&#8230;).<\/p>\n<p><strong>Orienta\u00e7\u00f5es Conclu\u00eddas &#8211; Programas de P\u00f3s-gradua\u00e7\u00e3o em Educa\u00e7\u00e3o &#8211; PPGE \/ TEORIA E PR\u00c1TICA DE ENSINO:\u00a0<\/strong><\/p>\n<p>Fabiana Stolf (2021):\u00a0<a href=\"https:\/\/acervodigital.ufpr.br\/handle\/1884\/71801\">Visitas escolares ao Museu Oscar Niemeyer (MON)<\/a><\/p>\n<p>Fernanda Castanheiro (2021):<a href=\"https:\/\/acervodigital.ufpr.br\/handle\/1884\/71823\">Literatura infantil afro-brasileira<\/a><\/p>\n<p>Selma Leal (2021):\u00a0<a href=\"https:\/\/www.prppg.ufpr.br\/siga\/visitante\/trabalhoConclusaoWS?idpessoal=118290&amp;idprograma=40001016080P7&amp;anobase=2021&amp;idtc=107\">AS ARTES PERFORM\u00c1TICAS DE UMA COMUNIDADE DE CONTADORES DE HIST\u00d3RIAS<\/a><\/p>\n<p>Genice (2022):<a href=\"https:\/\/acervodigital.ufpr.br\/bitstream\/handle\/1884\/75461\/R%20-%20D%20-%20GENICE%20DE%20FATIMA%20FORTUNATO%20DA%20SILVA%20FIASCHI.pdf?sequence=1&amp;isAllowed=y\">NARRATIVAS DE UMA PROFESSORA NEGRA SOBRE A EDUCA\u00c7\u00c3O ANTIRRACISTA<\/a><\/p>\n<p>Ana Paula (2022):<a href=\"https:\/\/www.prppg.ufpr.br\/siga\/visitante\/trabalhoConclusaoWS?idpessoal=57277&amp;idprograma=40001016080P7&amp;anobase=2022&amp;idtc=105\">ESTUDO DAS IMAGENS &#8211; LIVROS DID\u00c1TICOS DE L\u00cdNGUA PORTUGUESA<\/a><\/p>\n<p>Silvana (2022):\u00a0<a href=\"https:\/\/www.prppg.ufpr.br\/siga\/visitante\/trabalhoConclusaoWS?idpessoal=57723&amp;idprograma=40001016001P0&amp;anobase=2022&amp;idtc=1807\">MARIA NICOLAS: AL\u00c9M DO B\u00ca-A-B\u00c1.<\/a><\/p>\n<p>&nbsp;<\/p>\n<h2><\/h2>\n<p>&nbsp;<\/p>\n","protected":false},"excerpt":{"rendered":"<p>\u00a0Resumos expandidos: 2019: EDUCERE_Narrativas est\u00e9ticas: entradas te\u00f3ricas e metodol\u00f3gicas no \u00e2mbito da Educa\u00e7\u00e3o; 2019: EDUCERE_As experi\u00eancias est\u00e9ticas com a obra de Salvador Dali (&#8230;); 2019: EDUCERE_Literatura infantil e o uso de imagens na educa\u00e7\u00e3o das rela\u00e7\u00f5es raciais, (&#8230;); 2018: CIHELA_O&hellip; <\/p>\n","protected":false},"author":21,"featured_media":0,"parent":0,"menu_order":0,"comment_status":"closed","ping_status":"closed","template":"","meta":{"footnotes":""},"class_list":["post-156","page","type-page","status-publish","hentry"],"_links":{"self":[{"href":"https:\/\/exatas.ufpr.br\/degraf_adrianavaz\/wp-json\/wp\/v2\/pages\/156","targetHints":{"allow":["GET"]}}],"collection":[{"href":"https:\/\/exatas.ufpr.br\/degraf_adrianavaz\/wp-json\/wp\/v2\/pages"}],"about":[{"href":"https:\/\/exatas.ufpr.br\/degraf_adrianavaz\/wp-json\/wp\/v2\/types\/page"}],"author":[{"embeddable":true,"href":"https:\/\/exatas.ufpr.br\/degraf_adrianavaz\/wp-json\/wp\/v2\/users\/21"}],"replies":[{"embeddable":true,"href":"https:\/\/exatas.ufpr.br\/degraf_adrianavaz\/wp-json\/wp\/v2\/comments?post=156"}],"version-history":[{"count":45,"href":"https:\/\/exatas.ufpr.br\/degraf_adrianavaz\/wp-json\/wp\/v2\/pages\/156\/revisions"}],"predecessor-version":[{"id":1307,"href":"https:\/\/exatas.ufpr.br\/degraf_adrianavaz\/wp-json\/wp\/v2\/pages\/156\/revisions\/1307"}],"wp:attachment":[{"href":"https:\/\/exatas.ufpr.br\/degraf_adrianavaz\/wp-json\/wp\/v2\/media?parent=156"}],"curies":[{"name":"wp","href":"https:\/\/api.w.org\/{rel}","templated":true}]}}