{"id":201,"date":"2014-09-08T13:32:47","date_gmt":"2014-09-08T16:32:47","guid":{"rendered":"https:\/\/exatas.ufpr.br\/degraf\/?page_id=201"},"modified":"2014-09-08T13:32:47","modified_gmt":"2014-09-08T16:32:47","slug":"licenciar","status":"publish","type":"page","link":"https:\/\/exatas.ufpr.br\/degraf\/licenciar\/","title":{"rendered":"Licenciar"},"content":{"rendered":"\n<p>O Departamento de Express\u00e3o Gr\u00e1fica possui dois programas de Licenciar:<\/p>\n<ul>\n<li class=\"normal\">\n<p>Deixe-me pensar: uma abordagem filos\u00f3fica para o ensino da geometria na disciplina de matem\u00e1tica nas escolas da rede p\u00fablica<\/p>\n<p><b>coordenado pela Prof\u00aa Simone Silva Soria Medina<\/b><\/p>\n<li class=\"normal\">\n<p>Educa\u00e7\u00e3o Matem\u00e1tica e Geometria <\/p>\n<p><b>coordenado pelo Prof. Emerson Rolkouski<\/b><\/p>\n<\/ul>\n","protected":false},"excerpt":{"rendered":"<p>O Departamento de Express\u00e3o Gr\u00e1fica possui dois programas de Licenciar: Deixe-me pensar: uma abordagem filos\u00f3fica para o ensino da geometria na disciplina de matem\u00e1tica nas escolas da rede p\u00fablica coordenado pela Prof\u00aa Simone Silva Soria Medina Educa\u00e7\u00e3o Matem\u00e1tica e Geometria&hellip; <\/p>\n","protected":false},"author":1,"featured_media":0,"parent":0,"menu_order":0,"comment_status":"closed","ping_status":"closed","template":"","meta":{"footnotes":""},"class_list":["post-201","page","type-page","status-publish","hentry"],"_links":{"self":[{"href":"https:\/\/exatas.ufpr.br\/degraf\/wp-json\/wp\/v2\/pages\/201","targetHints":{"allow":["GET"]}}],"collection":[{"href":"https:\/\/exatas.ufpr.br\/degraf\/wp-json\/wp\/v2\/pages"}],"about":[{"href":"https:\/\/exatas.ufpr.br\/degraf\/wp-json\/wp\/v2\/types\/page"}],"author":[{"embeddable":true,"href":"https:\/\/exatas.ufpr.br\/degraf\/wp-json\/wp\/v2\/users\/1"}],"replies":[{"embeddable":true,"href":"https:\/\/exatas.ufpr.br\/degraf\/wp-json\/wp\/v2\/comments?post=201"}],"version-history":[{"count":1,"href":"https:\/\/exatas.ufpr.br\/degraf\/wp-json\/wp\/v2\/pages\/201\/revisions"}],"predecessor-version":[{"id":202,"href":"https:\/\/exatas.ufpr.br\/degraf\/wp-json\/wp\/v2\/pages\/201\/revisions\/202"}],"wp:attachment":[{"href":"https:\/\/exatas.ufpr.br\/degraf\/wp-json\/wp\/v2\/media?parent=201"}],"curies":[{"name":"wp","href":"https:\/\/api.w.org\/{rel}","templated":true}]}}