{"id":197,"date":"2014-02-19T11:00:14","date_gmt":"2014-02-19T14:00:14","guid":{"rendered":"https:\/\/exatas.ufpr.br\/degraf\/?page_id=197"},"modified":"2015-04-16T08:59:23","modified_gmt":"2015-04-16T11:59:23","slug":"cursos-de-extensao","status":"publish","type":"page","link":"https:\/\/exatas.ufpr.br\/degraf\/cursos-de-extensao\/","title":{"rendered":"Cursos de extens\u00e3o"},"content":{"rendered":"<hr \/>\n<h5>Introdu\u00e7\u00e3o ao LaTeX p\/ produ\u00e7\u00e3o de trabalhos acad\u00eamicos<\/h5>\n<p>Local: Laborat\u00f3rio did\u00e1tico PC-12<br \/>\nEndere\u00e7o: Centro Polit\u00e9cnico da UFPR, Jardim das Am\u00e9ricas-Curitiba\/PR.<\/p>\n<p>Per\u00edodo de realiza\u00e7\u00e3o:<br \/>\ndata: ter\u00e7as, quintas e sextas feiras<br \/>\ndias: 23,24,28,30 de abril e 5 de maio,<br \/>\nhor\u00e1rio: 14:00 \u00e0s 18:00, sendo as tr\u00eas primeiras horas dedicadas para a teoria e pr\u00e1tica, e a \u00faltima hora para aplica\u00e7\u00f5es e solu\u00e7\u00e3o de d\u00favidas espec\u00edficas sobre os t\u00f3picos abordados no dia.<\/p>\n<p>link para inscri\u00e7\u00e3o: <a href=\"http:\/\/goo.gl\/forms\/mdRURG0io2\" target=\"_blank\">http:\/\/goo.gl\/forms\/mdRURG0io2<\/a><\/p>\n<hr \/>\n<p>&nbsp;<\/p>\n","protected":false},"excerpt":{"rendered":"<p>Introdu\u00e7\u00e3o ao LaTeX p\/ produ\u00e7\u00e3o de trabalhos acad\u00eamicos Local: Laborat\u00f3rio did\u00e1tico PC-12 Endere\u00e7o: Centro Polit\u00e9cnico da UFPR, Jardim das Am\u00e9ricas-Curitiba\/PR. Per\u00edodo de realiza\u00e7\u00e3o: data: ter\u00e7as, quintas e sextas feiras dias: 23,24,28,30 de abril e 5 de maio, hor\u00e1rio: 14:00 \u00e0s&hellip; <\/p>\n","protected":false},"author":1,"featured_media":0,"parent":0,"menu_order":0,"comment_status":"closed","ping_status":"closed","template":"","meta":{"footnotes":""},"class_list":["post-197","page","type-page","status-publish","hentry"],"_links":{"self":[{"href":"https:\/\/exatas.ufpr.br\/degraf\/wp-json\/wp\/v2\/pages\/197","targetHints":{"allow":["GET"]}}],"collection":[{"href":"https:\/\/exatas.ufpr.br\/degraf\/wp-json\/wp\/v2\/pages"}],"about":[{"href":"https:\/\/exatas.ufpr.br\/degraf\/wp-json\/wp\/v2\/types\/page"}],"author":[{"embeddable":true,"href":"https:\/\/exatas.ufpr.br\/degraf\/wp-json\/wp\/v2\/users\/1"}],"replies":[{"embeddable":true,"href":"https:\/\/exatas.ufpr.br\/degraf\/wp-json\/wp\/v2\/comments?post=197"}],"version-history":[{"count":34,"href":"https:\/\/exatas.ufpr.br\/degraf\/wp-json\/wp\/v2\/pages\/197\/revisions"}],"predecessor-version":[{"id":1135,"href":"https:\/\/exatas.ufpr.br\/degraf\/wp-json\/wp\/v2\/pages\/197\/revisions\/1135"}],"wp:attachment":[{"href":"https:\/\/exatas.ufpr.br\/degraf\/wp-json\/wp\/v2\/media?parent=197"}],"curies":[{"name":"wp","href":"https:\/\/api.w.org\/{rel}","templated":true}]}}

Cursos de extensão

<hr />
<h5>Introdução ao LaTeX p/ produção de trabalhos acadêmicos</h5>
<p>Local: Laboratório didático PC-12<br />
Endereço: Centro Politécnico da UFPR, Jardim das Américas-Curitiba/PR.</p>
<p>Período de realização:<br />
data: terças, quintas e sextas feiras<br />
dias: 23,24,28,30 de abril e 5 de maio,<br />
horário: 14:00 às 18:00, sendo as três primeiras horas dedicadas para a teoria e prática, e a última hora para aplicações e solução de dúvidas específicas sobre os tópicos abordados no dia.</p>
<p>link para inscrição: <a href="http://goo.gl/forms/mdRURG0io2" target="_blank">http://goo.gl/forms/mdRURG0io2</a></p>
<hr />
<p>&nbsp;</p>

<p>Introdução ao LaTeX p/ produção de trabalhos acadêmicos Local: Laboratório didático PC-12 Endereço: Centro Politécnico da UFPR, Jardim das Américas-Curitiba/PR. Período de realização: data: terças, quintas e sextas feiras dias: 23,24,28,30 de abril e 5 de maio, horário: 14:00 às&hellip; </p>
