{"id":58,"date":"2015-04-09T17:15:07","date_gmt":"2015-04-09T17:15:07","guid":{"rendered":"https:\/\/exatas.ufpr.br\/degraf-geprieg\/?page_id=58"},"modified":"2015-06-30T15:31:20","modified_gmt":"2015-06-30T15:31:20","slug":"edupesquisa","status":"publish","type":"page","link":"https:\/\/exatas.ufpr.br\/degraf-geprieg\/edupesquisa\/","title":{"rendered":"EduPesquisa"},"content":{"rendered":"<p lang=\"pt-BR\" align=\"CENTER\"><a href=\"https:\/\/exatas.ufpr.br\/degraf-geprieg\/wp-content\/uploads\/sites\/20\/2015\/04\/edupesquisa.jpg\"><img loading=\"lazy\" decoding=\"async\" class=\"aligncenter size-medium wp-image-84\" src=\"https:\/\/exatas.ufpr.br\/degraf-geprieg\/wp-content\/uploads\/sites\/20\/2015\/04\/edupesquisa-300x212.jpg\" alt=\"logos com fundos juntas\" width=\"300\" height=\"212\" srcset=\"https:\/\/exatas.ufpr.br\/degraf-geprieg\/wp-content\/uploads\/sites\/20\/2015\/04\/edupesquisa-300x212.jpg 300w, https:\/\/exatas.ufpr.br\/degraf-geprieg\/wp-content\/uploads\/sites\/20\/2015\/04\/edupesquisa-1024x724.jpg 1024w, https:\/\/exatas.ufpr.br\/degraf-geprieg\/wp-content\/uploads\/sites\/20\/2015\/04\/edupesquisa.jpg 1754w\" sizes=\"auto, (max-width: 300px) 100vw, 300px\" \/><\/a><strong><span style=\"color: #000000\"><span style=\"font-family: Arial,sans-serif\"><span style=\"font-size: medium\">TECNOLOGIA EDUCACIONAL E EXPRESS\u00c3O GR\u00c1FICA NO ENSINO DE CI\u00caNCIAS E MATEM\u00c1TICA<\/span><\/span><\/span><\/strong><\/p>\n<p lang=\"pt-BR\" align=\"CENTER\">\n<p lang=\"pt-BR\" align=\"JUSTIFY\"><span style=\"color: #000000\"><span style=\"font-family: Arial,sans-serif\"><span style=\"font-size: medium\">O Projeto Edupesquisa 2014\/2015 visa \u00e0 forma\u00e7\u00e3o continuada em servi\u00e7o dos profissionais da educa\u00e7\u00e3o e educadores integrantes da Rede Municipal de Ensino (RME) de Curitiba em parceria com a UFPR.<\/span><\/span><\/span><\/p>\n<p lang=\"pt-BR\" align=\"JUSTIFY\"><span style=\"color: #000000\"><span style=\"font-family: Arial,sans-serif\"><span style=\"font-size: medium\">Al\u00e9m do curso aqui descrito, foram ofertados outros 17 por profissionais da UFPR e convidados.<\/span><\/span><\/span><\/p>\n<p lang=\"pt-BR\" align=\"JUSTIFY\">\n<ul>\n<li>\n<p lang=\"pt-BR\" align=\"JUSTIFY\"><span style=\"color: #000000\"><span style=\"font-family: Arial,sans-serif\"><span style=\"font-size: medium\">Per\u00edodo de Realiza\u00e7\u00e3o: Setembro de 2014 a Junho de 2015<\/span><\/span><\/span><\/p>\n<\/li>\n<\/ul>\n<ul>\n<li>\n<p lang=\"pt-BR\" align=\"JUSTIFY\"><span style=\"color: #000000\"><span style=\"font-family: Arial,sans-serif\"><span style=\"font-size: medium\">RESUMO: Este curso de Forma\u00e7\u00e3o Continuada discutir\u00e1 dois campos de estudo: a Express\u00e3o Gr\u00e1fica, que \u00e9 inata ao ser humano; e a Tecnologia Educacional, que est\u00e1 imersa no cotidiano da humanidade; fazendo com que os profissionais da educa\u00e7\u00e3o explicitem seus usos por meio de experi\u00eancias did\u00e1ticas.<\/span><\/span><\/span><\/p>\n<\/li>\n<\/ul>\n<ul>\n<li>\n<p lang=\"pt-BR\" align=\"JUSTIFY\"><span style=\"color: #000000\"><span style=\"font-family: Arial,sans-serif\"><span style=\"font-size: medium\">EMENTA\/CONTE\u00daDO PROGRAM\u00c1TICO: Estudo sobre Metodologia Cient\u00edfica; Conceitua\u00e7\u00e3o e estudo da Express\u00e3o Gr\u00e1fica; Conceitua\u00e7\u00e3o e estudo da Tecnologia Educacional; Desenvolvimento de pesquisa envolvendo Express\u00e3o Gr\u00e1fica e Tecnologia Educacional no ensino e aprendizagem de Ci\u00eancias e\/ou Matem\u00e1tica; Escrita de artigo cient\u00edfico da pesquisa desenvolvida.<\/span><\/span><\/span><\/p>\n<\/li>\n<\/ul>\n","protected":false},"excerpt":{"rendered":"<p>TECNOLOGIA EDUCACIONAL E EXPRESS\u00c3O GR\u00c1FICA NO ENSINO DE CI\u00caNCIAS E MATEM\u00c1TICA O Projeto Edupesquisa 2014\/2015 visa \u00e0 forma\u00e7\u00e3o continuada em servi\u00e7o dos profissionais da educa\u00e7\u00e3o e educadores integrantes da Rede Municipal de Ensino (RME) de Curitiba em parceria com a&hellip; <\/p>\n","protected":false},"author":11,"featured_media":0,"parent":0,"menu_order":0,"comment_status":"closed","ping_status":"closed","template":"","meta":{"footnotes":""},"class_list":["post-58","page","type-page","status-publish","hentry"],"_links":{"self":[{"href":"https:\/\/exatas.ufpr.br\/degraf-geprieg\/wp-json\/wp\/v2\/pages\/58","targetHints":{"allow":["GET"]}}],"collection":[{"href":"https:\/\/exatas.ufpr.br\/degraf-geprieg\/wp-json\/wp\/v2\/pages"}],"about":[{"href":"https:\/\/exatas.ufpr.br\/degraf-geprieg\/wp-json\/wp\/v2\/types\/page"}],"author":[{"embeddable":true,"href":"https:\/\/exatas.ufpr.br\/degraf-geprieg\/wp-json\/wp\/v2\/users\/11"}],"replies":[{"embeddable":true,"href":"https:\/\/exatas.ufpr.br\/degraf-geprieg\/wp-json\/wp\/v2\/comments?post=58"}],"version-history":[{"count":6,"href":"https:\/\/exatas.ufpr.br\/degraf-geprieg\/wp-json\/wp\/v2\/pages\/58\/revisions"}],"predecessor-version":[{"id":87,"href":"https:\/\/exatas.ufpr.br\/degraf-geprieg\/wp-json\/wp\/v2\/pages\/58\/revisions\/87"}],"wp:attachment":[{"href":"https:\/\/exatas.ufpr.br\/degraf-geprieg\/wp-json\/wp\/v2\/media?parent=58"}],"curies":[{"name":"wp","href":"https:\/\/api.w.org\/{rel}","templated":true}]}}

<p lang="pt-BR" align="CENTER"><a href="https://exatas.ufpr.br/degraf-geprieg/wp-content/uploads/sites/20/2015/04/edupesquisa.jpg"><img loading="lazy" decoding="async" class="aligncenter size-medium wp-image-84" src="https://exatas.ufpr.br/degraf-geprieg/wp-content/uploads/sites/20/2015/04/edupesquisa-300x212.jpg" alt="logos com fundos juntas" width="300" height="212" srcset="https://exatas.ufpr.br/degraf-geprieg/wp-content/uploads/sites/20/2015/04/edupesquisa-300x212.jpg 300w, https://exatas.ufpr.br/degraf-geprieg/wp-content/uploads/sites/20/2015/04/edupesquisa-1024x724.jpg 1024w, https://exatas.ufpr.br/degraf-geprieg/wp-content/uploads/sites/20/2015/04/edupesquisa.jpg 1754w" sizes="auto, (max-width: 300px) 100vw, 300px" /></a><strong><span style="color: #000000"><span style="font-family: Arial,sans-serif"><span style="font-size: medium">TECNOLOGIA EDUCACIONAL E EXPRESSÃO GRÁFICA NO ENSINO DE CIÊNCIAS E MATEMÁTICA</span></span></span></strong></p>
<p lang="pt-BR" align="CENTER">
<p lang="pt-BR" align="JUSTIFY"><span style="color: #000000"><span style="font-family: Arial,sans-serif"><span style="font-size: medium">O Projeto Edupesquisa 2014/2015 visa à formação continuada em serviço dos profissionais da educação e educadores integrantes da Rede Municipal de Ensino (RME) de Curitiba em parceria com a UFPR.</span></span></span></p>
<p lang="pt-BR" align="JUSTIFY"><span style="color: #000000"><span style="font-family: Arial,sans-serif"><span style="font-size: medium">Além do curso aqui descrito, foram ofertados outros 17 por profissionais da UFPR e convidados.</span></span></span></p>
<p lang="pt-BR" align="JUSTIFY">
<ul>
<li>
<p lang="pt-BR" align="JUSTIFY"><span style="color: #000000"><span style="font-family: Arial,sans-serif"><span style="font-size: medium">Período de Realização: Setembro de 2014 a Junho de 2015</span></span></span></p>
</li>
</ul>
<ul>
<li>
<p lang="pt-BR" align="JUSTIFY"><span style="color: #000000"><span style="font-family: Arial,sans-serif"><span style="font-size: medium">RESUMO: Este curso de Formação Continuada discutirá dois campos de estudo: a Expressão Gráfica, que é inata ao ser humano; e a Tecnologia Educacional, que está imersa no cotidiano da humanidade; fazendo com que os profissionais da educação explicitem seus usos por meio de experiências didáticas.</span></span></span></p>
</li>
</ul>
<ul>
<li>
<p lang="pt-BR" align="JUSTIFY"><span style="color: #000000"><span style="font-family: Arial,sans-serif"><span style="font-size: medium">EMENTA/CONTEÚDO PROGRAMÁTICO: Estudo sobre Metodologia Científica; Conceituação e estudo da Expressão Gráfica; Conceituação e estudo da Tecnologia Educacional; Desenvolvimento de pesquisa envolvendo Expressão Gráfica e Tecnologia Educacional no ensino e aprendizagem de Ciências e/ou Matemática; Escrita de artigo científico da pesquisa desenvolvida.</span></span></span></p>
</li>
</ul>

<p>TECNOLOGIA EDUCACIONAL E EXPRESSÃO GRÁFICA NO ENSINO DE CIÊNCIAS E MATEMÁTICA O Projeto Edupesquisa 2014/2015 visa à formação continuada em serviço dos profissionais da educação e educadores integrantes da Rede Municipal de Ensino (RME) de Curitiba em parceria com a&hellip; </p>
