{"id":345,"date":"2019-03-21T23:53:34","date_gmt":"2019-03-22T02:53:34","guid":{"rendered":"https:\/\/exatas.ufpr.br\/degraf-fabio\/?page_id=345"},"modified":"2019-05-03T00:02:56","modified_gmt":"2019-05-03T03:02:56","slug":"perspectiva","status":"publish","type":"page","link":"https:\/\/exatas.ufpr.br\/degraf-fabio\/perspectiva\/","title":{"rendered":"PERSPECTIVA"},"content":{"rendered":"<p><strong>LISTA DE MATERIAIS<\/strong><\/p>\n<ul>\n<li>R\u00e9gua graduada 30cm<\/li>\n<li>Par de esquadros sem gradua\u00e7\u00e3o<\/li>\n<li>Compasso<\/li>\n<li>Borrachas<\/li>\n<li>Lapiseira e\/ou L\u00e1pis<\/li>\n<li>Grafite<\/li>\n<li>Rolo de fita adesiva (crepe ou vegetal &#8211; evitar durex)<\/li>\n<li>Papel\u00a0sulfite ou sulfurize A3<\/li>\n<li>Materiais de limpeza (bigode, flanela, \u00e1lcool gel)<\/li>\n<\/ul>\n<p>___________________________________________________________<\/p>\n<p><strong>REFERENCIAS<\/strong><\/p>\n<p><a href=\"https:\/\/exatas.ufpr.br\/degraf-fabio\/wp-content\/uploads\/sites\/31\/2018\/03\/A_Perspectiva_Dos_Profissionais_Gildo_Mo.pdf\">A_Perspectiva_Dos_Profissionais_Gildo_Mo<\/a><\/p>\n<p>___________________________________________________________<\/p>\n<p><b>M\u00c9TODO<\/b><strong>\u00a0DAS 3\u00a0ESCALAS (AULA 22\/03)<\/strong><\/p>\n<p><a href=\"https:\/\/exatas.ufpr.br\/degraf-fabio\/wp-content\/uploads\/sites\/31\/2019\/03\/3-ESCALAS.pdf\">3 ESCALAS<\/a><\/p>\n<p><a href=\"https:\/\/exatas.ufpr.br\/degraf-fabio\/wp-content\/uploads\/sites\/31\/2019\/03\/TRABALHO-INTERIOR-TRES-ESCALAS.pdf\">TRABALHO INTERIOR TRES ESCALAS<\/a><\/p>\n<p>___________________________________________________________<\/p>\n<p><strong>TRABALHO EXTRA:<\/strong><\/p>\n<p><a href=\"https:\/\/exatas.ufpr.br\/degraf-fabio\/wp-content\/uploads\/sites\/31\/2019\/03\/TRABALHO-PROJETO-DE-INTERIORES.pdf\">TRABALHO PROJETO DE INTERIORES<\/a><\/p>\n<p><a href=\"https:\/\/exatas.ufpr.br\/degraf-fabio\/wp-content\/uploads\/sites\/31\/2019\/03\/01-ANGELA-MAIA-INFERIOR.pdf\">01- ANGELA MAIA-INFERIOR<\/a><\/p>\n<p><a href=\"https:\/\/exatas.ufpr.br\/degraf-fabio\/wp-content\/uploads\/sites\/31\/2019\/03\/02-ANGELA-MAIA-SUPERIOR.pdf\">02- ANGELA MAIA-SUPERIOR<\/a><\/p>\n<p><a href=\"https:\/\/exatas.ufpr.br\/degraf-fabio\/wp-content\/uploads\/sites\/31\/2019\/03\/03-ANGELA-MAIA-PAINEL.pdf\">03- ANGELA MAIA-PAINEL<\/a><\/p>\n<p><a href=\"https:\/\/exatas.ufpr.br\/degraf-fabio\/wp-content\/uploads\/sites\/31\/2019\/03\/04-ANGELA-MAIA-MOVEL01.pdf\">04- ANGELA MAIA-MOVEL01<\/a><\/p>\n<p><a href=\"https:\/\/exatas.ufpr.br\/degraf-fabio\/wp-content\/uploads\/sites\/31\/2019\/03\/05-ANGELA-MAIA-MOVEL02-E-03.pdf\">05- ANGELA MAIA-MOVEL02 E 03<\/a><\/p>\n<p><a href=\"https:\/\/exatas.ufpr.br\/degraf-fabio\/wp-content\/uploads\/sites\/31\/2019\/03\/06-ANGELA-MAIA-MOVEL04.pdf\">06- ANGELA MAIA-MOVEL04<\/a><\/p>\n<p><img loading=\"lazy\" decoding=\"async\" class=\"alignnone wp-image-369 size-large\" src=\"https:\/\/exatas.ufpr.br\/degraf-fabio\/wp-content\/uploads\/sites\/31\/2019\/03\/REVISAO-01.0000-1024x614.png\" alt=\"\" width=\"700\" height=\"420\" srcset=\"https:\/\/exatas.ufpr.br\/degraf-fabio\/wp-content\/uploads\/sites\/31\/2019\/03\/REVISAO-01.0000-1024x614.png 1024w, https:\/\/exatas.ufpr.br\/degraf-fabio\/wp-content\/uploads\/sites\/31\/2019\/03\/REVISAO-01.0000-300x180.png 300w, https:\/\/exatas.ufpr.br\/degraf-fabio\/wp-content\/uploads\/sites\/31\/2019\/03\/REVISAO-01.0000-768x461.png 768w, https:\/\/exatas.ufpr.br\/degraf-fabio\/wp-content\/uploads\/sites\/31\/2019\/03\/REVISAO-01.0000.png 1280w\" sizes=\"auto, (max-width: 700px) 100vw, 700px\" \/><\/p>\n<p><img loading=\"lazy\" decoding=\"async\" class=\"alignnone wp-image-370 size-large\" src=\"https:\/\/exatas.ufpr.br\/degraf-fabio\/wp-content\/uploads\/sites\/31\/2019\/03\/REVISAO-01.0002-1024x614.png\" alt=\"\" width=\"700\" height=\"420\" srcset=\"https:\/\/exatas.ufpr.br\/degraf-fabio\/wp-content\/uploads\/sites\/31\/2019\/03\/REVISAO-01.0002-1024x614.png 1024w, https:\/\/exatas.ufpr.br\/degraf-fabio\/wp-content\/uploads\/sites\/31\/2019\/03\/REVISAO-01.0002-300x180.png 300w, https:\/\/exatas.ufpr.br\/degraf-fabio\/wp-content\/uploads\/sites\/31\/2019\/03\/REVISAO-01.0002-768x461.png 768w, https:\/\/exatas.ufpr.br\/degraf-fabio\/wp-content\/uploads\/sites\/31\/2019\/03\/REVISAO-01.0002.png 1280w\" sizes=\"auto, (max-width: 700px) 100vw, 700px\" \/><\/p>\n<p><img loading=\"lazy\" decoding=\"async\" class=\"alignnone wp-image-371 size-large\" src=\"https:\/\/exatas.ufpr.br\/degraf-fabio\/wp-content\/uploads\/sites\/31\/2019\/03\/REVISAO-01.0003-1024x614.png\" alt=\"\" width=\"700\" height=\"420\" srcset=\"https:\/\/exatas.ufpr.br\/degraf-fabio\/wp-content\/uploads\/sites\/31\/2019\/03\/REVISAO-01.0003-1024x614.png 1024w, https:\/\/exatas.ufpr.br\/degraf-fabio\/wp-content\/uploads\/sites\/31\/2019\/03\/REVISAO-01.0003-300x180.png 300w, https:\/\/exatas.ufpr.br\/degraf-fabio\/wp-content\/uploads\/sites\/31\/2019\/03\/REVISAO-01.0003-768x461.png 768w, https:\/\/exatas.ufpr.br\/degraf-fabio\/wp-content\/uploads\/sites\/31\/2019\/03\/REVISAO-01.0003.png 1280w\" sizes=\"auto, (max-width: 700px) 100vw, 700px\" \/><\/p>\n<p><img loading=\"lazy\" decoding=\"async\" class=\"alignnone wp-image-372 size-large\" src=\"https:\/\/exatas.ufpr.br\/degraf-fabio\/wp-content\/uploads\/sites\/31\/2019\/03\/REVISAO-01.0004-1024x614.png\" alt=\"\" width=\"700\" height=\"420\" srcset=\"https:\/\/exatas.ufpr.br\/degraf-fabio\/wp-content\/uploads\/sites\/31\/2019\/03\/REVISAO-01.0004-1024x614.png 1024w, https:\/\/exatas.ufpr.br\/degraf-fabio\/wp-content\/uploads\/sites\/31\/2019\/03\/REVISAO-01.0004-300x180.png 300w, https:\/\/exatas.ufpr.br\/degraf-fabio\/wp-content\/uploads\/sites\/31\/2019\/03\/REVISAO-01.0004-768x461.png 768w, https:\/\/exatas.ufpr.br\/degraf-fabio\/wp-content\/uploads\/sites\/31\/2019\/03\/REVISAO-01.0004.png 1280w\" sizes=\"auto, (max-width: 700px) 100vw, 700px\" \/><\/p>\n<p><img loading=\"lazy\" decoding=\"async\" class=\"alignnone wp-image-373 size-large\" src=\"https:\/\/exatas.ufpr.br\/degraf-fabio\/wp-content\/uploads\/sites\/31\/2019\/03\/REVISAO-01.0006-1024x614.png\" alt=\"\" width=\"700\" height=\"420\" srcset=\"https:\/\/exatas.ufpr.br\/degraf-fabio\/wp-content\/uploads\/sites\/31\/2019\/03\/REVISAO-01.0006-1024x614.png 1024w, https:\/\/exatas.ufpr.br\/degraf-fabio\/wp-content\/uploads\/sites\/31\/2019\/03\/REVISAO-01.0006-300x180.png 300w, https:\/\/exatas.ufpr.br\/degraf-fabio\/wp-content\/uploads\/sites\/31\/2019\/03\/REVISAO-01.0006-768x461.png 768w, https:\/\/exatas.ufpr.br\/degraf-fabio\/wp-content\/uploads\/sites\/31\/2019\/03\/REVISAO-01.0006.png 1280w\" sizes=\"auto, (max-width: 700px) 100vw, 700px\" \/><\/p>\n<p><img loading=\"lazy\" decoding=\"async\" class=\"alignnone wp-image-374 size-large\" src=\"https:\/\/exatas.ufpr.br\/degraf-fabio\/wp-content\/uploads\/sites\/31\/2019\/03\/REVISAO-01.0007-1024x614.png\" alt=\"\" width=\"700\" height=\"420\" srcset=\"https:\/\/exatas.ufpr.br\/degraf-fabio\/wp-content\/uploads\/sites\/31\/2019\/03\/REVISAO-01.0007-1024x614.png 1024w, https:\/\/exatas.ufpr.br\/degraf-fabio\/wp-content\/uploads\/sites\/31\/2019\/03\/REVISAO-01.0007-300x180.png 300w, https:\/\/exatas.ufpr.br\/degraf-fabio\/wp-content\/uploads\/sites\/31\/2019\/03\/REVISAO-01.0007-768x461.png 768w, https:\/\/exatas.ufpr.br\/degraf-fabio\/wp-content\/uploads\/sites\/31\/2019\/03\/REVISAO-01.0007.png 1280w\" sizes=\"auto, (max-width: 700px) 100vw, 700px\" \/><\/p>\n<p><img loading=\"lazy\" decoding=\"async\" class=\"alignnone wp-image-375 size-large\" src=\"https:\/\/exatas.ufpr.br\/degraf-fabio\/wp-content\/uploads\/sites\/31\/2019\/03\/REVISAO-01.0008-1024x614.png\" alt=\"\" width=\"700\" height=\"420\" srcset=\"https:\/\/exatas.ufpr.br\/degraf-fabio\/wp-content\/uploads\/sites\/31\/2019\/03\/REVISAO-01.0008-1024x614.png 1024w, https:\/\/exatas.ufpr.br\/degraf-fabio\/wp-content\/uploads\/sites\/31\/2019\/03\/REVISAO-01.0008-300x180.png 300w, https:\/\/exatas.ufpr.br\/degraf-fabio\/wp-content\/uploads\/sites\/31\/2019\/03\/REVISAO-01.0008-768x461.png 768w, https:\/\/exatas.ufpr.br\/degraf-fabio\/wp-content\/uploads\/sites\/31\/2019\/03\/REVISAO-01.0008.png 1280w\" sizes=\"auto, (max-width: 700px) 100vw, 700px\" \/><\/p>\n<p><img loading=\"lazy\" decoding=\"async\" class=\"alignnone wp-image-376 size-large\" src=\"https:\/\/exatas.ufpr.br\/degraf-fabio\/wp-content\/uploads\/sites\/31\/2019\/03\/REVISAO-01.0009-1024x614.png\" alt=\"\" width=\"700\" height=\"420\" srcset=\"https:\/\/exatas.ufpr.br\/degraf-fabio\/wp-content\/uploads\/sites\/31\/2019\/03\/REVISAO-01.0009-1024x614.png 1024w, https:\/\/exatas.ufpr.br\/degraf-fabio\/wp-content\/uploads\/sites\/31\/2019\/03\/REVISAO-01.0009-300x180.png 300w, https:\/\/exatas.ufpr.br\/degraf-fabio\/wp-content\/uploads\/sites\/31\/2019\/03\/REVISAO-01.0009-768x461.png 768w, https:\/\/exatas.ufpr.br\/degraf-fabio\/wp-content\/uploads\/sites\/31\/2019\/03\/REVISAO-01.0009.png 1280w\" sizes=\"auto, (max-width: 700px) 100vw, 700px\" \/><\/p>\n<p>___________________________________________________________<\/p>\n<p>&nbsp;<\/p>\n<p>&nbsp;<\/p>\n","protected":false},"excerpt":{"rendered":"<p>LISTA DE MATERIAIS R\u00e9gua graduada 30cm Par de esquadros sem gradua\u00e7\u00e3o Compasso Borrachas Lapiseira e\/ou L\u00e1pis Grafite Rolo de fita adesiva (crepe ou vegetal &#8211; evitar durex) Papel\u00a0sulfite ou sulfurize A3 Materiais de limpeza (bigode, flanela, \u00e1lcool gel) ___________________________________________________________ REFERENCIAS&hellip; <\/p>\n","protected":false},"author":3982,"featured_media":0,"parent":0,"menu_order":0,"comment_status":"closed","ping_status":"closed","template":"","meta":{"footnotes":""},"class_list":["post-345","page","type-page","status-publish","hentry"],"_links":{"self":[{"href":"https:\/\/exatas.ufpr.br\/degraf-fabio\/wp-json\/wp\/v2\/pages\/345","targetHints":{"allow":["GET"]}}],"collection":[{"href":"https:\/\/exatas.ufpr.br\/degraf-fabio\/wp-json\/wp\/v2\/pages"}],"about":[{"href":"https:\/\/exatas.ufpr.br\/degraf-fabio\/wp-json\/wp\/v2\/types\/page"}],"author":[{"embeddable":true,"href":"https:\/\/exatas.ufpr.br\/degraf-fabio\/wp-json\/wp\/v2\/users\/3982"}],"replies":[{"embeddable":true,"href":"https:\/\/exatas.ufpr.br\/degraf-fabio\/wp-json\/wp\/v2\/comments?post=345"}],"version-history":[{"count":5,"href":"https:\/\/exatas.ufpr.br\/degraf-fabio\/wp-json\/wp\/v2\/pages\/345\/revisions"}],"predecessor-version":[{"id":379,"href":"https:\/\/exatas.ufpr.br\/degraf-fabio\/wp-json\/wp\/v2\/pages\/345\/revisions\/379"}],"wp:attachment":[{"href":"https:\/\/exatas.ufpr.br\/degraf-fabio\/wp-json\/wp\/v2\/media?parent=345"}],"curies":[{"name":"wp","href":"https:\/\/api.w.org\/{rel}","templated":true}]}}