{"id":84,"date":"2014-09-10T20:50:34","date_gmt":"2014-09-10T23:50:34","guid":{"rendered":"https:\/\/exatas.ufpr.br\/cegraf\/?page_id=84"},"modified":"2023-03-10T14:32:07","modified_gmt":"2023-03-10T17:32:07","slug":"perfil-do-egresso","status":"publish","type":"page","link":"https:\/\/exatas.ufpr.br\/cegraf\/perfil-do-egresso\/","title":{"rendered":"Perfil do Egresso"},"content":{"rendered":"<p>O profissional de Express\u00e3o Gr\u00e1fica atua no campo da ind\u00fastria criativa elaborando projetos e produtos, assim como os outros profissionais que desenvolvem projetos: arquitetos, engenheiros, artistas, animadores. Pode participar das etapas de cria\u00e7\u00e3o, representa\u00e7\u00e3o e execu\u00e7\u00e3o de v\u00e1rios tipos de projetos, comunicando conceitos traduzidos graficamente de forma digital (2D e\/ou 3D) ou f\u00edsica (prot\u00f3tipos). No entendimento de que a prototipagem r\u00e1pida, ao criar prot\u00f3tipos e gerar produtos por meio da fabrica\u00e7\u00e3o digital, depende de modelos digitais que envolvem uma complexidade geom\u00e9trica, infere-se que \u201cexpress\u00e3o gr\u00e1fica\u201d supera o sentido da representa\u00e7\u00e3o gr\u00e1fica como c\u00f3pia de um projeto, pois o designer em express\u00e3o gr\u00e1fica concebe produtos. Desta forma, o designer em express\u00e3o gr\u00e1fica tem autonomia para atuar de modo independente de outras profiss\u00f5es, quando se trata do desenvolvimento de produtos que envolvam tecnologias convencionais e de fabrica\u00e7\u00e3o digital.<\/p>\n<p>Caso n\u00e3o escolha trabalhar de modo independente, o\u00a0profissional em express\u00e3o gr\u00e1fica torna-se um facilitador da comunica\u00e7\u00e3o entre uma equipe colaborativa e o usu\u00e1rio final, auxiliando na detec\u00e7\u00e3o de erros e conflitos durante o desenvolvimento de projetos, propondo solu\u00e7\u00f5es tendo o apoio das tecnologias.<\/p>\n<p>Sua atua\u00e7\u00e3o profissional se enquadra com \u00e0quelas definidas pelas DCN\u2019s dos cursos de Design, e ocorrer\u00e1 em escrit\u00f3rios de Arquitetura, Design, Comunica\u00e7\u00e3o Visual; em empresas de Constru\u00e7\u00e3o Civil, Ind\u00fastria Moveleira e setores de Economia Criativa. E tamb\u00e9m como profissional independente na concep\u00e7\u00e3o de projetos; representa\u00e7\u00e3o gr\u00e1fica foto realista, modelagem e fabrica\u00e7\u00e3o digital; gest\u00e3o de projetos automatizados em diferentes \u00e1reas como arquitetura, engenharia, design, etc.<\/p>\n<p>Caso a \u00eanfase seja participar da elabora\u00e7\u00e3o de projetos com equipes multidisciplinares, o designer em express\u00e3o gr\u00e1fica poder\u00e1 fazer parcerias com as seguintes \u00e1reas, entre outras:<\/p>\n<ul>\n<li>Arquitetura: auxiliando no projeto de <em>layouts<\/em> de interiores residenciais, comerciais, culturais ou institucionais; realizando representa\u00e7\u00f5es foto realistas de projetos arquitet\u00f4nicos e de interiores (maquete digital);<\/li>\n<li>Comunica\u00e7\u00e3o visual: desenvolvimento de sistemas de comunica\u00e7\u00e3o que utilizem a linguagem visual como forma de comunica\u00e7\u00e3o; desenvolvendo anima\u00e7\u00f5es digitais que podem ser utilizadas para comunica\u00e7\u00e3o, publicidade, jogos, etc.<\/li>\n<li>Design: concep\u00e7\u00e3o e representa\u00e7\u00e3o de projetos de produtos, tais como embalagens, mobili\u00e1rio, objetos funcionais e de decora\u00e7\u00e3o, em produ\u00e7\u00e3o seriada ou em pequena escala;<\/li>\n<li>Economia criativa: fabrica\u00e7\u00e3o de produtos e presta\u00e7\u00e3o de servi\u00e7os associados a \u00e1rea de Express\u00e3o Gr\u00e1fica;<\/li>\n<li>Engenharia Civil: na \u00e1rea de modelagem aplicada ao projeto;<\/li>\n<li>Mec\u00e2nica: atuando na representa\u00e7\u00e3o e modelagem de projetos e equipamentos mec\u00e2nicos;<\/li>\n<li>Prototipagem R\u00e1pida: desenvolvendo prot\u00f3tipos e atuando na fabrica\u00e7\u00e3o digital de modelos com complexidade geom\u00e9trica; concep\u00e7\u00e3o de produtos de fabrica\u00e7\u00e3o digital.<\/li>\n<li>Sa\u00fade e veterin\u00e1ria: contribuindo no desenvolvimento de produtos personalizados por meio de modelagem e fabrica\u00e7\u00e3o digital para atendimento \u00e0 sa\u00fade humana e animal;<\/li>\n<li>Tecnologia assistiva: contribuindo com o desenvolvimento de<\/li>\n<\/ul>\n<p style=\"padding-left: 120px\"><em>produtos, recursos, metodologias, estrat\u00e9gias, pr\u00e1ticas e servi\u00e7os que objetivam promover a funcionalidade, relacionada \u00e0 atividade e participa\u00e7\u00e3o de pessoas com defici\u00eancia, incapacidades ou mobilidade reduzida, visando sua autonomia, independ\u00eancia, qualidade de vida e inclus\u00e3o social.<a href=\"#_ftn1\" name=\"_ftnref1\">[1]<\/a><\/em><\/p>\n<p style=\"padding-left: 120px\">\n<p style=\"padding-left: 120px\">\n<ul>\n<li>Pesquisa e Doc\u00eancia: dedicando-se ao Mestrado e Doutorado que envolvam as \u00e1reas de express\u00e3o gr\u00e1fica.<\/li>\n<\/ul>\n<p>&nbsp;<\/p>\n<p>&nbsp;<\/p>\n<p><a href=\"#_ftnref1\" name=\"_ftn1\">[1]<\/a> BRASIL. Secretaria Especial dos Direitos Humanos. Coordenadoria Nacional para Integra\u00e7\u00e3o da Pessoa Portadora de Defici\u00eancia. <strong>Ata Da Vii Reuni\u00e3o Do Comit\u00ea De Ajudas T\u00e9cnicas \u2013 Realizada Nos Dias 13 E 14 De Dezembro De 2007<\/strong>. Linhas 30 a 33. <a href=\"https:\/\/www.assistiva.com.br\/Ata_VII_Reuni%C3%A3o_do_Comite_de_Ajudas_T%C3%A9cnicas.pdf\">https:\/\/www.assistiva.com.br\/Ata_VII_Reuni%C3%A3o_do_Comite_de_Ajudas_ T%C3%A9cnicas.pdf<\/a><\/p>\n","protected":false},"excerpt":{"rendered":"<p>O profissional de Express\u00e3o Gr\u00e1fica atua no campo da ind\u00fastria criativa elaborando projetos e produtos, assim como os outros profissionais que desenvolvem projetos: arquitetos, engenheiros, artistas, animadores. Pode participar das etapas de cria\u00e7\u00e3o, representa\u00e7\u00e3o e execu\u00e7\u00e3o de v\u00e1rios tipos de&hellip; <\/p>\n","protected":false},"author":1,"featured_media":0,"parent":0,"menu_order":0,"comment_status":"closed","ping_status":"closed","template":"","meta":{"footnotes":""},"class_list":["post-84","page","type-page","status-publish","hentry"],"_links":{"self":[{"href":"https:\/\/exatas.ufpr.br\/cegraf\/wp-json\/wp\/v2\/pages\/84","targetHints":{"allow":["GET"]}}],"collection":[{"href":"https:\/\/exatas.ufpr.br\/cegraf\/wp-json\/wp\/v2\/pages"}],"about":[{"href":"https:\/\/exatas.ufpr.br\/cegraf\/wp-json\/wp\/v2\/types\/page"}],"author":[{"embeddable":true,"href":"https:\/\/exatas.ufpr.br\/cegraf\/wp-json\/wp\/v2\/users\/1"}],"replies":[{"embeddable":true,"href":"https:\/\/exatas.ufpr.br\/cegraf\/wp-json\/wp\/v2\/comments?post=84"}],"version-history":[{"count":6,"href":"https:\/\/exatas.ufpr.br\/cegraf\/wp-json\/wp\/v2\/pages\/84\/revisions"}],"predecessor-version":[{"id":2049,"href":"https:\/\/exatas.ufpr.br\/cegraf\/wp-json\/wp\/v2\/pages\/84\/revisions\/2049"}],"wp:attachment":[{"href":"https:\/\/exatas.ufpr.br\/cegraf\/wp-json\/wp\/v2\/media?parent=84"}],"curies":[{"name":"wp","href":"https:\/\/api.w.org\/{rel}","templated":true}]}}

<p>O profissional de Expressão Gráfica atua no campo da indústria criativa elaborando projetos e produtos, assim como os outros profissionais que desenvolvem projetos: arquitetos, engenheiros, artistas, animadores. Pode participar das etapas de criação, representação e execução de vários tipos de projetos, comunicando conceitos traduzidos graficamente de forma digital (2D e/ou 3D) ou física (protótipos). No entendimento de que a prototipagem rápida, ao criar protótipos e gerar produtos por meio da fabricação digital, depende de modelos digitais que envolvem uma complexidade geométrica, infere-se que “expressão gráfica” supera o sentido da representação gráfica como cópia de um projeto, pois o designer em expressão gráfica concebe produtos. Desta forma, o designer em expressão gráfica tem autonomia para atuar de modo independente de outras profissões, quando se trata do desenvolvimento de produtos que envolvam tecnologias convencionais e de fabricação digital.</p>
<p>Caso não escolha trabalhar de modo independente, o profissional em expressão gráfica torna-se um facilitador da comunicação entre uma equipe colaborativa e o usuário final, auxiliando na detecção de erros e conflitos durante o desenvolvimento de projetos, propondo soluções tendo o apoio das tecnologias.</p>
<p>Sua atuação profissional se enquadra com àquelas definidas pelas DCN’s dos cursos de Design, e ocorrerá em escritórios de Arquitetura, Design, Comunicação Visual; em empresas de Construção Civil, Indústria Moveleira e setores de Economia Criativa. E também como profissional independente na concepção de projetos; representação gráfica foto realista, modelagem e fabricação digital; gestão de projetos automatizados em diferentes áreas como arquitetura, engenharia, design, etc.</p>
<p>Caso a ênfase seja participar da elaboração de projetos com equipes multidisciplinares, o designer em expressão gráfica poderá fazer parcerias com as seguintes áreas, entre outras:</p>
<ul>
<li>Arquitetura: auxiliando no projeto de <em>layouts</em> de interiores residenciais, comerciais, culturais ou institucionais; realizando representações foto realistas de projetos arquitetônicos e de interiores (maquete digital);</li>
<li>Comunicação visual: desenvolvimento de sistemas de comunicação que utilizem a linguagem visual como forma de comunicação; desenvolvendo animações digitais que podem ser utilizadas para comunicação, publicidade, jogos, etc.</li>
<li>Design: concepção e representação de projetos de produtos, tais como embalagens, mobiliário, objetos funcionais e de decoração, em produção seriada ou em pequena escala;</li>
<li>Economia criativa: fabricação de produtos e prestação de serviços associados a área de Expressão Gráfica;</li>
<li>Engenharia Civil: na área de modelagem aplicada ao projeto;</li>
<li>Mecânica: atuando na representação e modelagem de projetos e equipamentos mecânicos;</li>
<li>Prototipagem Rápida: desenvolvendo protótipos e atuando na fabricação digital de modelos com complexidade geométrica; concepção de produtos de fabricação digital.</li>
<li>Saúde e veterinária: contribuindo no desenvolvimento de produtos personalizados por meio de modelagem e fabricação digital para atendimento à saúde humana e animal;</li>
<li>Tecnologia assistiva: contribuindo com o desenvolvimento de</li>
</ul>
<p style="padding-left: 120px"><em>produtos, recursos, metodologias, estratégias, práticas e serviços que objetivam promover a funcionalidade, relacionada à atividade e participação de pessoas com deficiência, incapacidades ou mobilidade reduzida, visando sua autonomia, independência, qualidade de vida e inclusão social.<a href="#_ftn1" name="_ftnref1">[1]</a></em></p>
<p style="padding-left: 120px">
<p style="padding-left: 120px">
<ul>
<li>Pesquisa e Docência: dedicando-se ao Mestrado e Doutorado que envolvam as áreas de expressão gráfica.</li>
</ul>
<p>&nbsp;</p>
<p>&nbsp;</p>
<p><a href="#_ftnref1" name="_ftn1">[1]</a> BRASIL. Secretaria Especial dos Direitos Humanos. Coordenadoria Nacional para Integração da Pessoa Portadora de Deficiência. <strong>Ata Da Vii Reunião Do Comitê De Ajudas Técnicas – Realizada Nos Dias 13 E 14 De Dezembro De 2007</strong>. Linhas 30 a 33. <a href="https://www.assistiva.com.br/Ata_VII_Reuni%C3%A3o_do_Comite_de_Ajudas_T%C3%A9cnicas.pdf">https://www.assistiva.com.br/Ata_VII_Reuni%C3%A3o_do_Comite_de_Ajudas_ T%C3%A9cnicas.pdf</a></p>

<p>O profissional de Expressão Gráfica atua no campo da indústria criativa elaborando projetos e produtos, assim como os outros profissionais que desenvolvem projetos: arquitetos, engenheiros, artistas, animadores. Pode participar das etapas de criação, representação e execução de vários tipos de&hellip; </p>
