{"id":815,"date":"2014-10-11T10:52:09","date_gmt":"2014-10-11T13:52:09","guid":{"rendered":"https:\/\/exatas.ufpr.br\/cegraf\/?page_id=815"},"modified":"2023-03-10T15:18:16","modified_gmt":"2023-03-10T18:18:16","slug":"disciplinas-optativas","status":"publish","type":"page","link":"https:\/\/exatas.ufpr.br\/cegraf\/disciplinas-optativas\/","title":{"rendered":"Disciplinas Optativas"},"content":{"rendered":"<p>Faz parte do curr\u00edculo do curso as disciplinas optativas que visam especializa\u00e7\u00e3o dos alunos. As disciplinas optativas contemplam todas as \u00e1reas que formam o curr\u00edculo, mais o conte\u00fado de Libras. No total os alunos devem cursar no m\u00ednimo tr\u00eas disciplinas optativas que contabilizem a carga hor\u00e1ria m\u00ednima de 135h. As disciplinas optativas podem variar entre 45 ou 60 horas.<\/p>\n<p>&nbsp;<\/p>\n<p><strong>N\u00daCLEO DE CONTE\u00daDOS OPTATIVOS<\/strong><\/p>\n<table style=\"height: 1218px\" width=\"603\">\n<tbody>\n<tr>\n<td width=\"312\"><\/td>\n<td width=\"38\">PD<\/td>\n<td width=\"28\">LB<\/td>\n<td width=\"28\">CP<\/td>\n<td width=\"28\">ES<\/td>\n<td width=\"28\">OR<\/td>\n<td width=\"28\">PE<\/td>\n<td width=\"28\">EFP<\/td>\n<td width=\"47\">Total<\/td>\n<\/tr>\n<tr>\n<td width=\"312\">CEG329 &#8211; Modelagem Mec\u00e2nica II<\/td>\n<td width=\"38\">15<\/td>\n<td width=\"28\">30<\/td>\n<td width=\"28\"><\/td>\n<td width=\"28\"><\/td>\n<td width=\"28\"><\/td>\n<td width=\"28\"><\/td>\n<td width=\"28\"><\/td>\n<td width=\"47\">45<\/td>\n<\/tr>\n<tr>\n<td width=\"312\">CEG338 &#8211; Ambiente Constru\u00eddo II<\/td>\n<td width=\"38\">30<\/td>\n<td width=\"28\">30<\/td>\n<td width=\"28\"><\/td>\n<td width=\"28\"><\/td>\n<td width=\"28\"><\/td>\n<td width=\"28\"><\/td>\n<td width=\"28\"><\/td>\n<td width=\"47\">60<\/td>\n<\/tr>\n<tr>\n<td width=\"312\">CEG339 &#8211; Desenho Arquitet\u00f4nico II<\/td>\n<td width=\"38\">30<\/td>\n<td width=\"28\">30<\/td>\n<td width=\"28\"><\/td>\n<td width=\"28\"><\/td>\n<td width=\"28\"><\/td>\n<td width=\"28\"><\/td>\n<td width=\"28\"><\/td>\n<td width=\"47\">60<\/td>\n<\/tr>\n<tr>\n<td width=\"312\">CEG340 &#8211; Hist\u00f3ria da Arte Brasileira<\/td>\n<td width=\"38\">60<\/td>\n<td width=\"28\">00<\/td>\n<td width=\"28\"><\/td>\n<td width=\"28\"><\/td>\n<td width=\"28\"><\/td>\n<td width=\"28\"><\/td>\n<td width=\"28\"><\/td>\n<td width=\"47\">60<\/td>\n<\/tr>\n<tr>\n<td width=\"312\">CEG341 &#8211; Ilustra\u00e7\u00e3o I<\/td>\n<td width=\"38\">15<\/td>\n<td width=\"28\">30<\/td>\n<td width=\"28\"><\/td>\n<td width=\"28\"><\/td>\n<td width=\"28\"><\/td>\n<td width=\"28\"><\/td>\n<td width=\"28\"><\/td>\n<td width=\"47\">45<\/td>\n<\/tr>\n<tr>\n<td width=\"312\">CEG342 &#8211; Fundamentos do Webdesign I<\/td>\n<td width=\"38\">15<\/td>\n<td width=\"28\">45<\/td>\n<td width=\"28\"><\/td>\n<td width=\"28\"><\/td>\n<td width=\"28\"><\/td>\n<td width=\"28\"><\/td>\n<td width=\"28\"><\/td>\n<td width=\"47\">60<\/td>\n<\/tr>\n<tr>\n<td width=\"312\">CEG343 &#8211; Teoria da Imagem I<\/td>\n<td width=\"38\">30<\/td>\n<td width=\"28\">15<\/td>\n<td width=\"28\"><\/td>\n<td width=\"28\"><\/td>\n<td width=\"28\"><\/td>\n<td width=\"28\"><\/td>\n<td width=\"28\"><\/td>\n<td width=\"47\">45<\/td>\n<\/tr>\n<tr>\n<td width=\"312\">CEG344 &#8211; T\u00f3picos em Express\u00e3o Gr\u00e1fica I<\/td>\n<td width=\"38\">15<\/td>\n<td width=\"28\">30<\/td>\n<td width=\"28\"><\/td>\n<td width=\"28\"><\/td>\n<td width=\"28\"><\/td>\n<td width=\"28\"><\/td>\n<td width=\"28\"><\/td>\n<td width=\"47\">45<\/td>\n<\/tr>\n<tr>\n<td width=\"312\">CEG345 &#8211; T\u00f3picos em Modelagem Digital e Anima\u00e7\u00e3o I<\/td>\n<td width=\"38\">15<\/td>\n<td width=\"28\">30<\/td>\n<td width=\"28\"><\/td>\n<td width=\"28\"><\/td>\n<td width=\"28\"><\/td>\n<td width=\"28\"><\/td>\n<td width=\"28\"><\/td>\n<td width=\"47\">45<\/td>\n<\/tr>\n<tr>\n<td width=\"312\">CEG346 &#8211; T\u00f3picos em Modelagem da Informa\u00e7\u00e3o e da Constru\u00e7\u00e3o I<\/td>\n<td width=\"38\">15<\/td>\n<td width=\"28\">30<\/td>\n<td width=\"28\"><\/td>\n<td width=\"28\"><\/td>\n<td width=\"28\"><\/td>\n<td width=\"28\"><\/td>\n<td width=\"28\"><\/td>\n<td width=\"47\">45<\/td>\n<\/tr>\n<tr>\n<td width=\"312\">CEG347 &#8211; T\u00f3picos em Modelagem Mec\u00e2nica I<\/td>\n<td width=\"38\">15<\/td>\n<td width=\"28\">30<\/td>\n<td width=\"28\"><\/td>\n<td width=\"28\"><\/td>\n<td width=\"28\"><\/td>\n<td width=\"28\"><\/td>\n<td width=\"28\"><\/td>\n<td width=\"47\">45<\/td>\n<\/tr>\n<tr>\n<td width=\"312\">CEG348 &#8211; T\u00f3picos em Projeto de Produto I<\/td>\n<td width=\"38\">15<\/td>\n<td width=\"28\">30<\/td>\n<td width=\"28\"><\/td>\n<td width=\"28\"><\/td>\n<td width=\"28\"><\/td>\n<td width=\"28\"><\/td>\n<td width=\"28\"><\/td>\n<td width=\"47\">45<\/td>\n<\/tr>\n<tr>\n<td width=\"312\">CEG349 &#8211; T\u00f3picos em Projeto de Interiores I<\/td>\n<td width=\"38\">15<\/td>\n<td width=\"28\">30<\/td>\n<td width=\"28\"><\/td>\n<td width=\"28\"><\/td>\n<td width=\"28\"><\/td>\n<td width=\"28\"><\/td>\n<td width=\"28\"><\/td>\n<td width=\"47\">45<\/td>\n<\/tr>\n<tr>\n<td width=\"312\">CEG350 &#8211; T\u00f3picos em Prototipagem I<\/td>\n<td width=\"38\">15<\/td>\n<td width=\"28\">30<\/td>\n<td width=\"28\"><\/td>\n<td width=\"28\"><\/td>\n<td width=\"28\"><\/td>\n<td width=\"28\"><\/td>\n<td width=\"28\"><\/td>\n<td width=\"47\">45<\/td>\n<\/tr>\n<tr>\n<td width=\"312\">CEG351 &#8211; T\u00f3picos em Prototipagem II<\/td>\n<td width=\"38\">15<\/td>\n<td width=\"28\">30<\/td>\n<td width=\"28\"><\/td>\n<td width=\"28\"><\/td>\n<td width=\"28\"><\/td>\n<td width=\"28\"><\/td>\n<td width=\"28\"><\/td>\n<td width=\"47\">45<\/td>\n<\/tr>\n<tr>\n<td width=\"312\">CEG352 &#8211; T\u00f3picos em Projeto de M\u00f3veis I<\/td>\n<td width=\"38\">15<\/td>\n<td width=\"28\">30<\/td>\n<td width=\"28\"><\/td>\n<td width=\"28\"><\/td>\n<td width=\"28\"><\/td>\n<td width=\"28\"><\/td>\n<td width=\"28\"><\/td>\n<td width=\"47\">45<\/td>\n<\/tr>\n<tr>\n<td width=\"312\">CEG353 &#8211; T\u00f3picos em Desenho Arquitet\u00f4nico I<\/td>\n<td width=\"38\">15<\/td>\n<td width=\"28\">30<\/td>\n<td width=\"28\"><\/td>\n<td width=\"28\"><\/td>\n<td width=\"28\"><\/td>\n<td width=\"28\"><\/td>\n<td width=\"28\"><\/td>\n<td width=\"47\">45<\/td>\n<\/tr>\n<tr>\n<td width=\"312\">CEG354 &#8211; Ergonomia Informacional e Usabilidade<\/td>\n<td width=\"38\">15<\/td>\n<td width=\"28\">30<\/td>\n<td width=\"28\"><\/td>\n<td width=\"28\"><\/td>\n<td width=\"28\"><\/td>\n<td width=\"28\"><\/td>\n<td width=\"28\"><\/td>\n<td width=\"47\">45<\/td>\n<\/tr>\n<tr>\n<td width=\"312\">CEG355 &#8211; Desenho de Joias<\/td>\n<td width=\"38\">15<\/td>\n<td width=\"28\">30<\/td>\n<td width=\"28\"><\/td>\n<td width=\"28\"><\/td>\n<td width=\"28\"><\/td>\n<td width=\"28\"><\/td>\n<td width=\"28\"><\/td>\n<td width=\"47\">45<\/td>\n<\/tr>\n<tr>\n<td width=\"312\">CEG356 &#8211; Arte e cultura afro-brasileiras<\/td>\n<td width=\"38\">30<\/td>\n<td width=\"28\">15<\/td>\n<td width=\"28\"><\/td>\n<td width=\"28\"><\/td>\n<td width=\"28\"><\/td>\n<td width=\"28\"><\/td>\n<td width=\"28\"><\/td>\n<td width=\"47\">45<\/td>\n<\/tr>\n<tr>\n<td width=\"312\">CEG357 \u2013 Empreendedorismo na \u00e1rea de Express\u00e3o Gr\u00e1fica<\/td>\n<td width=\"38\">30<\/td>\n<td width=\"28\">30<\/td>\n<td width=\"28\"><\/td>\n<td width=\"28\"><\/td>\n<td width=\"28\"><\/td>\n<td width=\"28\"><\/td>\n<td width=\"28\"><\/td>\n<td width=\"47\">60<\/td>\n<\/tr>\n<tr>\n<td width=\"312\">CEG358 \u2013 Ambiente Constru\u00eddo III<\/td>\n<td width=\"38\">30<\/td>\n<td width=\"28\">30<\/td>\n<td width=\"28\"><\/td>\n<td width=\"28\"><\/td>\n<td width=\"28\"><\/td>\n<td width=\"28\"><\/td>\n<td width=\"28\"><\/td>\n<td width=\"47\">60<\/td>\n<\/tr>\n<tr>\n<td width=\"312\">CEG359 \u2013 Fundamentos, projetos e pr\u00e1ticas inclusivas I<\/td>\n<td width=\"38\">30<\/td>\n<td width=\"28\">30<\/td>\n<td width=\"28\"><\/td>\n<td width=\"28\"><\/td>\n<td width=\"28\"><\/td>\n<td width=\"28\"><\/td>\n<td width=\"28\"><\/td>\n<td width=\"47\">60<\/td>\n<\/tr>\n<tr>\n<td width=\"312\">CEG360 \u2013 Fundamentos, projetos e pr\u00e1ticas inclusivas II<\/td>\n<td width=\"38\">30<\/td>\n<td width=\"28\">30<\/td>\n<td width=\"28\"><\/td>\n<td width=\"28\"><\/td>\n<td width=\"28\"><\/td>\n<td width=\"28\"><\/td>\n<td width=\"28\"><\/td>\n<td width=\"47\">60<\/td>\n<\/tr>\n<tr>\n<td width=\"312\">LIB038 &#8211; Comunica\u00e7\u00e3o em L\u00edngua Brasileira de Sinais: Fundamentos da Educa\u00e7\u00e3o Bilingue para Surdos<\/td>\n<td width=\"38\">30<\/td>\n<td width=\"28\">30<\/td>\n<td width=\"28\"><\/td>\n<td width=\"28\"><\/td>\n<td width=\"28\"><\/td>\n<td width=\"28\"><\/td>\n<td width=\"28\"><\/td>\n<td width=\"47\">60<\/td>\n<\/tr>\n<tr>\n<td width=\"312\"><strong>Carga hor\u00e1ria m\u00ednima de disciplinas optativas<\/strong><\/td>\n<td width=\"38\"><strong>\u00a0<\/strong><\/td>\n<td width=\"28\"><strong>\u00a0<\/strong><\/td>\n<td width=\"28\"><strong>\u00a0<\/strong><\/td>\n<td width=\"28\"><strong>\u00a0<\/strong><\/td>\n<td width=\"28\"><strong>\u00a0<\/strong><\/td>\n<td width=\"28\"><strong>\u00a0<\/strong><\/td>\n<td width=\"28\"><strong>\u00a0<\/strong><\/td>\n<td width=\"47\"><strong>135<\/strong><\/td>\n<\/tr>\n<\/tbody>\n<\/table>\n<p>Legenda: PD \u2013 Padr\u00e3o; LB \u2013 Laborat\u00f3rio; CP \u2013 Campo; ES \u2013 Est\u00e1gio; OR \u2013 Orientada; PE \u2013 Pr\u00e1tica Espec\u00edfica; EFP \u2013 Est\u00e1gio de Forma\u00e7\u00e3o Pedag\u00f3gica<\/p>\n<p>&nbsp;<\/p>\n<p>Al\u00e9m das disciplinas optativas indicadas, outras disciplinas optativas podem ser criadas ou adicionadas ao curr\u00edculo, cabendo ao NDE e Colegiado do Curso de Express\u00e3o Gr\u00e1fica \u00e0 an\u00e1lise da necessidade de cria\u00e7\u00e3o de novas disciplinas ou a adi\u00e7\u00e3o de disciplinas j\u00e1 existentes para compor o rol de disciplinas optativas do curso de Express\u00e3o Gr\u00e1fica.<\/p>\n","protected":false},"excerpt":{"rendered":"<p>Faz parte do curr\u00edculo do curso as disciplinas optativas que visam especializa\u00e7\u00e3o dos alunos. As disciplinas optativas contemplam todas as \u00e1reas que formam o curr\u00edculo, mais o conte\u00fado de Libras. No total os alunos devem cursar no m\u00ednimo tr\u00eas disciplinas&hellip; <\/p>\n","protected":false},"author":1,"featured_media":0,"parent":0,"menu_order":0,"comment_status":"closed","ping_status":"closed","template":"","meta":{"footnotes":""},"class_list":["post-815","page","type-page","status-publish","hentry"],"_links":{"self":[{"href":"https:\/\/exatas.ufpr.br\/cegraf\/wp-json\/wp\/v2\/pages\/815","targetHints":{"allow":["GET"]}}],"collection":[{"href":"https:\/\/exatas.ufpr.br\/cegraf\/wp-json\/wp\/v2\/pages"}],"about":[{"href":"https:\/\/exatas.ufpr.br\/cegraf\/wp-json\/wp\/v2\/types\/page"}],"author":[{"embeddable":true,"href":"https:\/\/exatas.ufpr.br\/cegraf\/wp-json\/wp\/v2\/users\/1"}],"replies":[{"embeddable":true,"href":"https:\/\/exatas.ufpr.br\/cegraf\/wp-json\/wp\/v2\/comments?post=815"}],"version-history":[{"count":24,"href":"https:\/\/exatas.ufpr.br\/cegraf\/wp-json\/wp\/v2\/pages\/815\/revisions"}],"predecessor-version":[{"id":2070,"href":"https:\/\/exatas.ufpr.br\/cegraf\/wp-json\/wp\/v2\/pages\/815\/revisions\/2070"}],"wp:attachment":[{"href":"https:\/\/exatas.ufpr.br\/cegraf\/wp-json\/wp\/v2\/media?parent=815"}],"curies":[{"name":"wp","href":"https:\/\/api.w.org\/{rel}","templated":true}]}}