{"id":759,"date":"2014-09-11T10:33:58","date_gmt":"2014-09-11T13:33:58","guid":{"rendered":"https:\/\/exatas.ufpr.br\/cegraf\/?page_id=759"},"modified":"2014-09-11T10:35:04","modified_gmt":"2014-09-11T13:35:04","slug":"atas-das-reunioes-de-colegiado","status":"publish","type":"page","link":"https:\/\/exatas.ufpr.br\/cegraf\/atas-das-reunioes-de-colegiado\/","title":{"rendered":"Atas das reuni\u00f5es de colegiado"},"content":{"rendered":"<hr>\n<p>P\u00e1gina em constru\u00e7\u00e3o&#8230;<\/p>\n<p><img loading=\"lazy\" decoding=\"async\" alt=\"construcao\" src=\"\/degraf\/wp-content\/uploads\/sites\/2\/2014\/09\/construcao.gif\" width=\"296\" height=\"112\"\/>  <\/p>\n","protected":false},"excerpt":{"rendered":"<p>P\u00e1gina em constru\u00e7\u00e3o&#8230;<\/p>\n","protected":false},"author":1,"featured_media":0,"parent":0,"menu_order":0,"comment_status":"closed","ping_status":"closed","template":"","meta":{"footnotes":""},"class_list":["post-759","page","type-page","status-publish","hentry"],"_links":{"self":[{"href":"https:\/\/exatas.ufpr.br\/cegraf\/wp-json\/wp\/v2\/pages\/759","targetHints":{"allow":["GET"]}}],"collection":[{"href":"https:\/\/exatas.ufpr.br\/cegraf\/wp-json\/wp\/v2\/pages"}],"about":[{"href":"https:\/\/exatas.ufpr.br\/cegraf\/wp-json\/wp\/v2\/types\/page"}],"author":[{"embeddable":true,"href":"https:\/\/exatas.ufpr.br\/cegraf\/wp-json\/wp\/v2\/users\/1"}],"replies":[{"embeddable":true,"href":"https:\/\/exatas.ufpr.br\/cegraf\/wp-json\/wp\/v2\/comments?post=759"}],"version-history":[{"count":3,"href":"https:\/\/exatas.ufpr.br\/cegraf\/wp-json\/wp\/v2\/pages\/759\/revisions"}],"predecessor-version":[{"id":762,"href":"https:\/\/exatas.ufpr.br\/cegraf\/wp-json\/wp\/v2\/pages\/759\/revisions\/762"}],"wp:attachment":[{"href":"https:\/\/exatas.ufpr.br\/cegraf\/wp-json\/wp\/v2\/media?parent=759"}],"curies":[{"name":"wp","href":"https:\/\/api.w.org\/{rel}","templated":true}]}}