{"id":180,"date":"2014-09-10T21:58:56","date_gmt":"2014-09-11T00:58:56","guid":{"rendered":"https:\/\/exatas.ufpr.br\/cegraf\/?page_id=180"},"modified":"2024-01-29T15:21:07","modified_gmt":"2024-01-29T18:21:07","slug":"coordenacao-do-curso","status":"publish","type":"page","link":"https:\/\/exatas.ufpr.br\/cegraf\/coordenacao-do-curso\/","title":{"rendered":"Coordena\u00e7\u00e3o do curso"},"content":{"rendered":"<table>\n<tbody>\n<tr>\n<td style=\"text-align: left\">Coordenador do curso:<br \/>\n<a href=\"https:\/\/exatas.ufpr.br\/degraf_anderson\/\" target=\"_blank\" rel=\"noopener\">prof. Dr. Anderson Roges Teixeira G\u00f3es<\/a><br \/>\n&#x1f4e7; artgoes@ufpr.br | &#x1f4de;\u00a03361-3462<\/td>\n<\/tr>\n<tr>\n<td style=\"text-align: left\">Vice-coordenadora do curso:<br \/>\n<a href=\"http:\/\/www.degraf.ufpr.br\/docentes\/francine\/index.htm\">Dra. Francine Aidie Rossi<\/a><br \/>\n&#x1f4e7; rossi@ufpr.br | &#x1f4de; 3361-3462<\/td>\n<\/tr>\n<tr>\n<td style=\"text-align: left\">Secret\u00e1rio do curso<br \/>\n<a>Luiz Henrique Tulio<\/a><br \/>\n&#x1f4e7; henrique@ufpr.br | &#x1f4de; 3361-3039<\/td>\n<\/tr>\n<tr>\n<td style=\"text-align: left\">T\u00e9cnico dos laborat\u00f3rios<br \/>\n<a>Junior Ferri<\/a><br \/>\n&#x1f4e7; junior.ferri@ufpr.br |&#x1f4de; 3361-3652<\/td>\n<\/tr>\n<\/tbody>\n<\/table>\n<h3><\/h3>\n<h3><strong>Gest\u00e3o do Curso \u2013 2023:<\/strong><\/h3>\n<pre><em>(atualiza\u00e7\u00e3o em 10\/03\/2023)<\/em><\/pre>\n<p><strong>COE<\/strong>: Andrea Faria Andrade, Paulo Henrique Siqueira.<\/p>\n<p><strong>COAF<\/strong>: Adriana Vaz, Francine Aidie Rossi.<\/p>\n<p><strong>CATCC<\/strong>: Arabella Natal Galv\u00e3o\u00a0da Silva,\u00a0Emilio Eiji Kavamura, Isabella de Souza Sierra.<\/p>\n<p><strong>NDE: <\/strong>Adriana Vaz,<strong>\u00a0<\/strong>Anderson Roges Teixeira G\u00f3es, Arabela Natal Galv\u00e3o da Silva, Deise Maria Bertholdi Costa, Emilio Eiji Kavamura, Francine Aidie Rossi,\u00a0Isabella de Souza Sierra, Rossano Silva<\/p>\n<p><strong>Membros Colegiado:<\/strong><\/p>\n<p>DEGRAF:<\/p>\n<table style=\"height: 391px\" width=\"367\">\n<tbody>\n<tr>\n<td width=\"307\">\n<table style=\"font-weight: 400\">\n<tbody>\n<tr>\n<td>Prof. Anderson Roges Teixeira G\u00f3es (Presidente)<\/td>\n<\/tr>\n<tr>\n<td>Prof. Rossano Silva (suplente)<\/td>\n<\/tr>\n<tr>\n<td>Prof\u00aa. Andrea Faria Andrade (titular)<\/td>\n<\/tr>\n<tr>\n<td>Prof\u00aa. Adriana Vaz\u00a0(suplente)<\/td>\n<\/tr>\n<tr>\n<td>Prof\u00aa. Arabella Natal Galv\u00e3o da Silva (titular)<\/td>\n<\/tr>\n<tr>\n<td>Prof\u00aa.\u00a0 Deise M.\u00a0Bertholdi\u00a0Costa (suplente)<\/td>\n<\/tr>\n<tr>\n<td>Prof. Emilio Eiji Kavamura (titular)<\/td>\n<\/tr>\n<tr>\n<td>Prof. Marcio Fontana Catapan (suplente)<\/td>\n<\/tr>\n<tr>\n<td>Prof\u00aa.\u00a0Francine\u00a0Aidie\u00a0Rossi (titular)<\/td>\n<\/tr>\n<tr>\n<td>Prof\u00aa. Leandro Carlos Fernandes (suplente)<\/td>\n<\/tr>\n<tr>\n<td>Prof\u00aa.\u00a0Elen\u00a0Andrea\u00a0Janzen\u00a0Lor\u00a0(titular)<\/td>\n<\/tr>\n<tr>\n<td>Prof\u00aa. Isabella Souza Sierra (suplente)<\/td>\n<\/tr>\n<\/tbody>\n<\/table>\n<\/td>\n<\/tr>\n<\/tbody>\n<\/table>\n<p>DEPARTAMENTO DE INFORM\u00c1TICA:<\/p>\n<table style=\"font-weight: 400\">\n<tbody>\n<tr>\n<td>Prof\u00aa.\u00a0Aurora Pozo (titular)<\/td>\n<\/tr>\n<tr>\n<td>Prof\u00aa. Natasha Valentim (suplente)<\/td>\n<\/tr>\n<\/tbody>\n<\/table>\n<p>DISCENTES:<\/p>\n<p>Igor Tanaka da Silva<\/p>\n<p>Sofia Sim\u00f5es de Castro Lima<\/p>\n<p><strong>______<\/strong><\/p>\n<p><strong>Gest\u00e3o do Curso \u2013 2019:<\/strong><\/p>\n<p>COE: Andrea Faria Andrade, B\u00e1rbara de C\u00e1ssia Xavier Cassins Aguiar e e\u00a0Arabella Natal Galv\u00e3o\u00a0da Silva<\/p>\n<p>COAF:\u00a0 \u00a0Adriana Vaz e Francine Aidie Rossi.<\/p>\n<p>CATCC: Anderson Roges Teixeira G\u00f3es,\u00a0Francine Aidie Rossi e\u00a0M\u00e1rcio Catapan.<\/p>\n<p><strong>NDE:\u00a0<\/strong>Anderson Roges Teixeira G\u00f3es, Andrea Faria Andrade, Deise Maria Bertholdi Costa, Elen Andrea Janzen Lor, Francine Aidie Rossi,\u00a0<a>Francisco de Alencar, Rossano Silva<\/a><\/p>\n<p><strong>Membros Colegiado:<\/strong><\/p>\n<p>DEGRAF:<\/p>\n<table style=\"height: 391px\" width=\"367\">\n<tbody>\n<tr>\n<td width=\"307\">\n<table style=\"font-weight: 400\">\n<tbody>\n<tr>\n<td>Prof.\u00a0Rossano\u00a0Silva (Presidente)<\/td>\n<\/tr>\n<tr>\n<td>Prof\u00aa. Andrea Faria Andrade<\/td>\n<\/tr>\n<tr>\n<td>Prof. Leandro Carlos Fernandes\u00a0(titular)<\/td>\n<\/tr>\n<tr>\n<td>Prof\u00aa. Adriana Vaz\u00a0(suplente)<\/td>\n<\/tr>\n<tr>\n<td>Prof. Anderson\u00a0Roges\u00a0Teixeira G\u00f3es\u00a0(titular)<\/td>\n<\/tr>\n<tr>\n<td>Prof\u00aa.\u00a0\u00a0B\u00e1rbara de C\u00e1ssia X.\u00a0C.\u00a0Aguiar\u00a0(suplente)<\/td>\n<\/tr>\n<tr>\n<td>Prof. M\u00e1rcio F.\u00a0Catapan\u202f(titular)<\/td>\n<\/tr>\n<tr>\n<td>Prof.\u00a0Francisco de Alencar\u00a0(suplente)<\/td>\n<\/tr>\n<tr>\n<td>Prof\u00aa.\u00a0Arabella\u00a0Natal\u00a0Galv\u00e3o\u00a0da Silva\u00a0(titular)<\/td>\n<\/tr>\n<tr>\n<td>Prof\u00aa.\u00a0Francine\u00a0Aidie\u00a0Rossi\u00a0(suplente)<\/td>\n<\/tr>\n<tr>\n<td>Prof\u00aa.\u00a0Elen\u00a0Andrea\u00a0Janzen\u00a0Lor\u00a0(titular)<\/td>\n<\/tr>\n<tr>\n<td>Prof\u00aa. Deise M.\u00a0Bertholdi\u00a0Costa (suplente)<\/td>\n<\/tr>\n<\/tbody>\n<\/table>\n<\/td>\n<\/tr>\n<\/tbody>\n<\/table>\n<p>DEPARTAMENTO DE INFORM\u00c1TICA:<\/p>\n<table style=\"font-weight: 400\">\n<tbody>\n<tr>\n<td>Prof. Luiz Allan\u00a0Kunzle\u00a0(titular)<\/td>\n<\/tr>\n<tr>\n<td>Prof\u00aa. Elenice\u00a0Novak\u00a0\u00a0(suplente)<\/td>\n<\/tr>\n<\/tbody>\n<\/table>\n<p>DISCENTES:<\/p>\n<p>Felipe Gabriel<\/p>\n<p><strong>______<\/strong><\/p>\n<h3><\/h3>\n<h3><strong>Gest\u00e3o do Curso \u2013 2018:<\/strong><\/h3>\n<p>COE: Andrea Faria Andrade, B\u00e1rbara de C\u00e1ssia Xavier Cassins Aguiar e Arabella Natal Galv\u00e3o\u00a0da Silva<\/p>\n<p>COAF: \u00a0Luzia V.de Souza, Adriana Vaz, Francine Aidie Rossi.<\/p>\n<p>CATCC: Anderson Roges Teixeira G\u00f3es,\u00a0Francine Aidie Rossi e M\u00e1rcio Catapan.<\/p>\n<p><strong>NDE:\u00a0<\/strong>Anderson Roges Teixeira G\u00f3es, Andrea Faria Andrade, Deise Maria Bertholdi Costa, Elen Andrea Janzen Lor, Francine Aidie Rossi,\u00a0<a>Francisco de Alencar,\u00a0<\/a>M\u00e1rcio Henrique de Sousa Carboni,\u00a0<a>Rossano Silva<\/a><\/p>\n<p><strong>Membros Colegiado:<\/strong><\/p>\n<p>DEGRAF:<\/p>\n<table style=\"font-weight: 400\">\n<tbody>\n<tr>\n<td>Prof.\u00a0Rossano\u00a0Silva (Presidente)<\/td>\n<\/tr>\n<tr>\n<td>Prof\u00aa. Andrea Faria Andrade<\/td>\n<\/tr>\n<tr>\n<td>Prof\u00aa.\u00a0Francine\u00a0Aidie\u00a0Rossi\u00a0(titular)<\/td>\n<\/tr>\n<tr>\n<td>Prof\u00aa. Adriana Vaz\u00a0(suplente)<\/td>\n<\/tr>\n<tr>\n<td>Prof\u00aa.\u00a0Elen\u00a0Andrea\u00a0Janzen\u00a0Lor\u00a0(titular)<\/td>\n<\/tr>\n<tr>\n<td>Prof\u00aa.\u00a0\u00a0B\u00e1rbara de C\u00e1ssia X.\u00a0C.\u00a0Aguiar\u00a0(suplente)<\/td>\n<\/tr>\n<tr>\n<td>Prof. M\u00e1rcio F.\u00a0Catapan\u202f(titular)<\/td>\n<\/tr>\n<tr>\n<td>Prof.\u00a0Francisco de Alencar\u00a0(suplente)<\/td>\n<\/tr>\n<tr>\n<td>Prof\u00aa.\u00a0Arabella\u00a0Natal\u00a0Galv\u00e3o\u00a0da Silva\u00a0(titular)<\/td>\n<\/tr>\n<tr>\n<td>Prof.\u00a0Leandro Carlos Fernandes\u00a0(suplente)<\/td>\n<\/tr>\n<tr>\n<td>Prof.\u00a0 M\u00e1rcio H. de S.\u00a0Carboni\u00a0(titular)<\/td>\n<\/tr>\n<tr>\n<td>Prof\u00aa. Deise M.\u00a0Bertholdi\u00a0Costa (suplente)<\/td>\n<\/tr>\n<tr>\n<td><\/td>\n<\/tr>\n<\/tbody>\n<\/table>\n<p>DEPARTAMENTO DE INFORM\u00c1TICA:<\/p>\n<table style=\"height: 101px\" width=\"409\">\n<tbody>\n<tr>\n<td width=\"307\">Prof. Eduardo Jaques Spinosa (titular)<\/td>\n<\/tr>\n<tr>\n<td width=\"307\"><span class=\"TextRun SCXW22197064 BCX0\" lang=\"PT-BR\" xml:lang=\"PT-BR\"><span class=\"SpellingError SCXW22197064 BCX0\">Prof\u00aa<\/span><span class=\"NormalTextRun SCXW22197064 BCX0\">. Elenice\u00a0<\/span><span class=\"ContextualSpellingAndGrammarError SCXW22197064 BCX0\">Novak<\/span><\/span><span class=\"TextRun SCXW22197064 BCX0\" lang=\"PT-BR\" xml:lang=\"PT-BR\"><span class=\"ContextualSpellingAndGrammarError SCXW22197064 BCX0\">\u00a0<\/span><\/span><span class=\"TextRun SCXW22197064 BCX0\" lang=\"PT-BR\" xml:lang=\"PT-BR\"><span class=\"ContextualSpellingAndGrammarError SCXW22197064 BCX0\">\u00a0(<\/span><span class=\"NormalTextRun SCXW22197064 BCX0\">suplente)<\/span><\/span><span class=\"EOP SCXW22197064 BCX0\">\u00a0<\/span><\/td>\n<\/tr>\n<\/tbody>\n<\/table>\n<p>DISCENTES:<\/p>\n<p>Alessandra Zhong<\/p>\n<h3><\/h3>\n<p><strong>______<\/strong><\/p>\n<h3><strong>Gest\u00e3o do Curso &#8211; 2017:<\/strong><\/h3>\n<p><strong>Comiss\u00f5es:<\/strong><\/p>\n<p>COE: Andrea Faria Andrade, B\u00e1rbara de C\u00e1ssia Xavier Cassins Aguiar e Rossano Silva<\/p>\n<p>COAF: \u00a0Luzia V.de Souza, M\u00e1rcio Catapan, Emerson Rolkouski<\/p>\n<p>CATCC: Anderson Roges Teixeira G\u00f3es,\u00a0Francine Aidie Rossi e M\u00e1rcio Henrique de Sousa Carboni<\/p>\n<p><strong>NDE:\u00a0<\/strong>Anderson Roges Teixeira G\u00f3es, Andrea Faria Andrade, Deise Maria Bertholdi Costa, Elen Andrea Janzen Lor, Francine Aidie Rossi, <a>Francisco de Alencar, <\/a>M\u00e1rcio Henrique de Sousa Carboni,\u00a0<a>Rossano Silva.<\/a><\/p>\n<p><strong>Membros Colegiado:<\/strong><\/p>\n<p>DEGRAF:<\/p>\n<table style=\"height: 391px\" width=\"367\">\n<tbody>\n<tr>\n<td width=\"307\">Prof. Rossano Silva (Presidente)<\/td>\n<\/tr>\n<tr>\n<td width=\"307\">Prof. Anderson Roges Teixeira G\u00f3es<\/td>\n<\/tr>\n<tr>\n<td width=\"307\">Prof\u00aa. Francine Aidie Rossi (titular)<\/td>\n<\/tr>\n<tr>\n<td width=\"307\">Prof. Emilio Eiji Kavamura (suplente)<\/td>\n<\/tr>\n<tr>\n<td width=\"307\">Prof\u00aa. Elen Andrea Janzen Lor (titular)<\/td>\n<\/tr>\n<tr>\n<td width=\"307\">Prof. Emerson Rolkouski (suplente)<\/td>\n<\/tr>\n<tr>\n<td width=\"307\">Prof. Francisco de Alencar (titular)<\/td>\n<\/tr>\n<tr>\n<td width=\"307\">Prof. M\u00e1rcio F. Catapan\u00a0 (suplente).<\/td>\n<\/tr>\n<tr>\n<td width=\"307\">Prof\u00aa. Arabella Galv\u00e3o (titular)<\/td>\n<\/tr>\n<tr>\n<td width=\"307\">Prof\u00aa. B\u00e1rbara de C\u00e1ssia X. C. Aguiar (suplente)<\/td>\n<\/tr>\n<tr>\n<td width=\"307\">Prof.\u00a0 M\u00e1rcio H. de S. Carboni (titular)<\/td>\n<\/tr>\n<tr>\n<td width=\"307\">Prof\u00aa. Deise M. Bertholdi Costa (suplente)<\/td>\n<\/tr>\n<\/tbody>\n<\/table>\n<p>DEPARTAMENTO DE INFORM\u00c1TICA:<\/p>\n<table style=\"height: 101px\" width=\"409\">\n<tbody>\n<tr>\n<td width=\"307\">Prof. Eduardo Jaques Spinosa (titular)<\/td>\n<\/tr>\n<tr>\n<td width=\"307\">Prof. Setembrino S. Ferreira Junior \u00a0(suplente)<\/td>\n<\/tr>\n<\/tbody>\n<\/table>\n<p>DISCENTES:<\/p>\n<p><span class=\"_5yl5\">Rafael Santos Kruger<\/span><\/p>\n","protected":false},"excerpt":{"rendered":"<p>Coordenador do curso: prof. Dr. Anderson Roges Teixeira G\u00f3es &#x1f4e7; artgoes@ufpr.br | &#x1f4de;\u00a03361-3462 Vice-coordenadora do curso: Dra. Francine Aidie Rossi &#x1f4e7; rossi@ufpr.br | &#x1f4de; 3361-3462 Secret\u00e1rio do curso Luiz Henrique Tulio &#x1f4e7; henrique@ufpr.br | &#x1f4de; 3361-3039 T\u00e9cnico dos laborat\u00f3rios Junior&hellip; <\/p>\n","protected":false},"author":1,"featured_media":0,"parent":0,"menu_order":0,"comment_status":"closed","ping_status":"closed","template":"","meta":{"footnotes":""},"class_list":["post-180","page","type-page","status-publish","hentry"],"_links":{"self":[{"href":"https:\/\/exatas.ufpr.br\/cegraf\/wp-json\/wp\/v2\/pages\/180","targetHints":{"allow":["GET"]}}],"collection":[{"href":"https:\/\/exatas.ufpr.br\/cegraf\/wp-json\/wp\/v2\/pages"}],"about":[{"href":"https:\/\/exatas.ufpr.br\/cegraf\/wp-json\/wp\/v2\/types\/page"}],"author":[{"embeddable":true,"href":"https:\/\/exatas.ufpr.br\/cegraf\/wp-json\/wp\/v2\/users\/1"}],"replies":[{"embeddable":true,"href":"https:\/\/exatas.ufpr.br\/cegraf\/wp-json\/wp\/v2\/comments?post=180"}],"version-history":[{"count":32,"href":"https:\/\/exatas.ufpr.br\/cegraf\/wp-json\/wp\/v2\/pages\/180\/revisions"}],"predecessor-version":[{"id":2102,"href":"https:\/\/exatas.ufpr.br\/cegraf\/wp-json\/wp\/v2\/pages\/180\/revisions\/2102"}],"wp:attachment":[{"href":"https:\/\/exatas.ufpr.br\/cegraf\/wp-json\/wp\/v2\/media?parent=180"}],"curies":[{"name":"wp","href":"https:\/\/api.w.org\/{rel}","templated":true}]}}